000
CXUS55 KBYZ 011100
CF6MLS
PRELIMINARY LOCAL CLIMATOLOGICAL DATA (WS FORM: F-6)
STATION: MILES CITY MT
MONTH: JANUARY
YEAR: 2022
LATITUDE: 46 25 N
LONGITUDE: 105 53 W
TEMPERATURE IN F: :PCPN: SNOW: WIND :SUNSHINE: SKY :PK WND
================================================================================
1 2 3 4 5 6A 6B 7 8 9 10 11 12 13 14 15 16 17 18
12Z AVG MX 2MIN
DY MAX MIN AVG DEP HDD CDD WTR SNW DPTH SPD SPD DIR MIN PSBL S-S WX SPD DR
================================================================================
1 -5 -29 -17 -36 82 0 0.00 M M 6.9 12 170 M M 0 1 14 160
2 34 -5 15 -4 50 0 0.00 M M 11.3 32 260 M M 1 40 260
3 25 14 20 1 45 0 0.00 M M 9.2 17 150 M M 0 21 150
4 27 -14 7 -12 58 0 T M M 18.5 37 310 M M 7 189 43 320
5 -9 -21 -15 -34 80 0 0.00 M M 8.5 21 310 M M 2 22 310
6 5 -24 -9 -28 74 0 T M M 9.1 18 150 M M 5 18 22 140
7 38 5 22 3 43 0 T M M 8.4 20 240 M M 5 22 160
8 41 -6 18 -1 47 0 T M M 10.6 32 340 M M 6 18 36 340
9 19 -9 5 -14 60 0 0.00 M M 5.7 13 150 M M 0 14 150
10 31 9 20 1 45 0 0.00 M M 7.9 15 230 M M 0 17 230
11 42 26 34 15 31 0 0.00 M M 13.2 30 260 M M 0 35 260
12 43 32 38 19 27 0 0.00 M M 7.8 18 260 M M 6 21 260
13 41 35 38 19 27 0 0.00 M M 8.7 26 320 M M 4 8 33 320
14 38 23 31 12 34 0 T M M 14.3 35 330 M M 9 128 41 330
15 40 20 30 11 35 0 0.00 M M 8.4 16 250 M M 3 12 18 250
16 41 30 36 17 29 0 T M M 9.0 17 250 M M 5 20 250
17 46 30 38 19 27 0 0.00 M M 9.1 23 230 M M 1 28 230
18 41 4 23 4 42 0 T M M 18.5 35 340 M M 8 8 42 340
19 4 -7 -1 -21 66 0 0.00 M M 6.5 17 340 M M 1 21 360
20 34 -2 16 -4 49 0 0.08 M M 11.0 17 160 M M 3 16 20 150
21 40 29 35 15 30 0 T M M 13.6 29 310 M M 5 35 310
22 41 28 35 15 30 0 0.00 M M 13.9 26 280 M M 9 35 260
23 45 35 40 20 25 0 0.00 M M 13.9 22 270 M M 6 27 270
24 40 16 28 8 37 0 0.01 M M 10.7 24 310 M M 10 1 29 320
25 25 5 15 -5 50 0 T M M 9.3 17 160 M M 4 1 20 160
26 39 24 32 12 33 0 T M M 12.6 24 310 M M 4 30 290
27 36 22 29 9 36 0 T M M 10.6 21 310 M M 7 1 25 320
28 45 22 34 14 31 0 0.00 M M 9.3 23 260 M M 0 27 260
29 44 24 34 14 31 0 0.00 M M 7.0 13 280 M M 0 16 280
30 44 25 35 15 30 0 0.00 M M 7.2 13 160 M M 2 15 150
31 47 12 30 9 35 0 0.01 M M 17.6 47 300 M M 6 1 57 290
================================================================================
SM 1022 353 1319 0 0.10 M 328.3 M 119
================================================================================
AV 33.0 11.4 10.6 FASTST M M 4 MAX(MPH)
MISC ----> 47 300 57 290
================================================================================
NOTES:
# LAST OF SEVERAL OCCURRENCES
COLUMN 17 PEAK WIND IN M.P.H.
PRELIMINARY LOCAL CLIMATOLOGICAL DATA (WS FORM: F-6) , PAGE 2
STATION: MILES CITY MT
MONTH: JANUARY
YEAR: 2022
LATITUDE: 46 25 N
LONGITUDE: 105 53 W
[TEMPERATURE DATA] [PRECIPITATION DATA] SYMBOLS USED IN COLUMN 16
AVERAGE MONTHLY: 22.2 TOTAL FOR MONTH: 0.10 1 = FOG OR MIST
DPTR FM NORMAL: 2.7 DPTR FM NORMAL: -0.18 2 = FOG REDUCING VISIBILITY
HIGHEST: 47 ON 31 GRTST 24HR 0.15 ON 18-19 TO 1/4 MILE OR LESS
LOWEST: -29 ON 1 3 = THUNDER
SNOW, ICE PELLETS, HAIL 4 = ICE PELLETS
TOTAL MONTH: M 5 = HAIL
GRTST 24HR M ON M 6 = FREEZING RAIN OR DRIZZLE
GRTST DEPTH: M ON M 7 = DUSTSTORM OR SANDSTORM:
VSBY 1/2 MILE OR LESS
8 = SMOKE OR HAZE
[NO. OF DAYS WITH] [WEATHER - DAYS WITH] 9 = BLOWING SNOW
X = TORNADO
MAX 32 OR BELOW: 9 0.01 INCH OR MORE: 3
MAX 90 OR ABOVE: 0 0.10 INCH OR MORE: 0
MIN 32 OR BELOW: 29 0.50 INCH OR MORE: 0
MIN 0 OR BELOW: 9 1.00 INCH OR MORE: 0
[HDD (BASE 65) ]
TOTAL THIS MO. 1319 CLEAR (SCALE 0-3) 14
DPTR FM NORMAL -91 PTCLDY (SCALE 4-7) 14
TOTAL FM JUL 1 4150 CLOUDY (SCALE 8-10) 3
DPTR FM NORMAL -341
[CDD (BASE 65) ]
TOTAL THIS MO. 0
DPTR FM NORMAL 0 [PRESSURE DATA]
TOTAL FM JAN 1 0 HIGHEST SLP 30.78 ON 19
DPTR FM NORMAL 0 LOWEST SLP 29.34 ON 7
[REMARKS]
#FINAL-01-22#