000
CXUS51 KCAR 021220
CLMMLT
CLIMATE REPORT
NATIONAL WEATHER SERVICE CARIBOU ME
820 AM EDT FRI JUN 02 2023
...................................
...THE MILLINOCKET ME CLIMATE SUMMARY FOR THE MONTH OF MAY 2023...
CLIMATE NORMAL PERIOD: 1991 TO 2020
CLIMATE RECORD PERIOD: 1903 TO 2023
WEATHER OBSERVED NORMAL DEPART LAST YEAR`S
VALUE DATE(S) VALUE FROM VALUE DATE(S)
NORMAL
................................................................
TEMPERATURE (F)
RECORD
HIGH 96 05/24/1977
05/22/1911
LOW 19 05/07/1932
HIGHEST 90 05/31 MM MM 91 05/14
LOWEST 31 05/09 MM MM 27 05/07
05/10
AVG. MAXIMUM 65.9 64.6 1.3 69.4
AVG. MINIMUM 40.6 41.8 -1.2 42.3
MEAN 53.3 53.2 0.1 55.8
DAYS MAX >= 90 1 0.2 0.8 2
DAYS MAX <= 32 0 0.0 0.0 0
DAYS MIN <= 32 4 2.4 1.6 5
DAYS MIN <= 0 0 0.0 0.0 0
PRECIPITATION (INCHES)
RECORD
MAXIMUM 3.87 2022
MINIMUM 2.12 2021
TOTALS 3.17 -0.25
DAILY AVG. 0.10 0.11 -0.01 0.12
DAYS >= .01 10 13.0 -3.0 13
DAYS >= .10 5 7.5 -2.5 10
DAYS >= .50 4 2.2 1.8 2
DAYS >= 1.00 0 0.7 -0.7 0
SNOWFALL (INCHES)
RECORDS
TOTAL MM MM
TOTALS MM MM MM MM
SINCE 7/1 MM MM MM MM
SNOWDEPTH AVG. MM MM
DAYS >= 1.0 MM MM MM MM
GREATEST
SNOW DEPTH MM MM MM
24 HR TOTAL MM MM
DEGREE DAYS
HEATING TOTAL 365 373 -8 297
SINCE 7/1 7207 8232 -1025 MM
COOLING TOTAL 10 7 3 20
SINCE 1/1 10 7 3 MM
................................................................
WIND (MPH)
AVERAGE WIND SPEED 6.9
HIGHEST WIND SPEED/DIRECTION 28/310 DATE 05/13
HIGHEST GUST SPEED/DIRECTION 44/310 DATE 05/13
SKY COVER
POSSIBLE SUNSHINE (PERCENT) MM
AVERAGE SKY COVER 0.38
NUMBER OF DAYS FAIR 17
NUMBER OF DAYS PC 8
NUMBER OF DAYS CLOUDY 6
AVERAGE RH (PERCENT) 65
WEATHER CONDITIONS. NUMBER OF DAYS WITH
THUNDERSTORM 1 MIXED PRECIP 0
HEAVY RAIN 2 RAIN 5
LIGHT RAIN 11 FREEZING RAIN 0
LT FREEZING RAIN 0 HAIL 0
HEAVY SNOW 0 SNOW 0
LIGHT SNOW 0 SLEET 0
FOG 10 FOG W/VIS <= 1/4 MILE 1
HAZE 2
- INDICATES NEGATIVE NUMBERS.
* INDICATES RECORD WAS SET OR TIED.
MM INDICATES DATA IS MISSING.
T INDICATES TRACE AMOUNT.
$$