000
CXUS53 KMPX 010910
CF6MPX
PRELIMINARY LOCAL CLIMATOLOGICAL DATA (WS FORM: F-6)
STATION: CHANHASSEN MN
MONTH: MAY
YEAR: 2023
LATITUDE: 44 50 N
LONGITUDE: 93 34 W
TEMPERATURE IN F: :PCPN: SNOW: WIND :SUNSHINE: SKY :PK WND
================================================================================
1 2 3 4 5 6A 6B 7 8 9 10 11 12 13 14 15 16 17 18
12Z AVG MX 2MIN
DY MAX MIN AVG DEP HDD CDD WTR SNW DPTH SPD SPD DIR MIN PSBL S-S WX SPD DR
================================================================================
1 55 40 48 -4 17 0 0.00 0.0 0 M M M M M M M M
2 60 39 50 -2 15 0 0.00 0.0 0 M M M M M M M M
3 69 32 51 -1 14 0 0.00 0.0 0 M M M M M M M M
4 75 47 61 8 4 0 0.00 0.0 0 M M M M M M M M
5 64 48 56 3 9 0 0.07 0.0 0 M M M M M M M M
6 61 54 58 4 7 0 0.45 0.0 0 M M M M M M M M
7 73 51 62 8 3 0 0.00 0.0 0 M M M M M M M M
8 73 50 62 8 3 0 0.00 0.0 0 M M M M M M M M
9 67 51 59 4 6 0 0.02 0.0 0 M M M M M M M M
10 77 55 66 11 0 1 0.00 0.0 0 M M M M M M M M
11 74 57 66 10 0 1 0.15 0.0 0 M M M M M M M M
12 75 59 67 11 0 2 0.12 0.0 0 M M M M M M M M
13 68 52 60 4 5 0 0.34 0.0 0 M M M M M M M M
14 65 45 55 -2 10 0 0.57 0.0 0 M M M M M M M M
15 73 42 58 1 7 0 0.00 0.0 0 M M M M M M M M
16 80 49 65 8 0 0 0.00 0.0 0 M M M M M M M M
17 67 49 58 0 7 0 0.00 0.0 0 M M M M M M M M
18 65 50 58 0 7 0 0.22 0.0 0 M M M M M M M M
19 60 43 52 -6 13 0 0.00 0.0 0 M M M M M M M M
20 71 41 56 -3 9 0 0.00 0.0 0 M M M M M M M M
21 77 44 61 2 4 0 0.00 0.0 0 M M M M M M M M
22 80 51 66 6 0 1 0.00 0.0 0 M M M M M M M M
23 82 55 69 9 0 4 0.00 0.0 0 M M M M M M M M
24 75 53 64 4 1 0 0.00 0.0 0 M M M M M M M M
25 76 55 66 5 0 1 0.00 0.0 0 M M M M M M M M
26 78 50 64 3 1 0 0.00 0.0 0 M M M M M M M M
27 80 46 63 2 2 0 0.00 0.0 0 M M M M M M M M
28 81 50 66 4 0 1 0.00 0.0 0 M M M M M M M M
29 85 59 72 10 0 7 0.00 0.0 0 M M M M M M M M
30 86 63 75 13 0 10 0.42 0.0 0 M M M M M M M M
31 87 63 75 12 0 10 0.00 0.0 0 M M M M M M M M
================================================================================
SM 2259 1543 144 38 2.36 0.0 M M M
================================================================================
AV 72.9 49.8 M FASTST M M M MAX(MPH)
MISC ----> M M M M
================================================================================
NOTES:
# LAST OF SEVERAL OCCURRENCES
COLUMN 17 PEAK WIND IN M.P.H.
PRELIMINARY LOCAL CLIMATOLOGICAL DATA (WS FORM: F-6) , PAGE 2
STATION: CHANHASSEN MN
MONTH: MAY
YEAR: 2023
LATITUDE: 44 50 N
LONGITUDE: 93 34 W
[TEMPERATURE DATA] [PRECIPITATION DATA] SYMBOLS USED IN COLUMN 16
AVERAGE MONTHLY: 61.3 TOTAL FOR MONTH: 2.36 1 = FOG OR MIST
DPTR FM NORMAL: 4.0 DPTR FM NORMAL: -2.00 2 = FOG REDUCING VISIBILITY
HIGHEST: 87 ON 31 GRTST 24HR 0.57 ON 14-14 TO 1/4 MILE OR LESS
LOWEST: 32 ON 3 3 = THUNDER
SNOW, ICE PELLETS, HAIL 4 = ICE PELLETS
TOTAL MONTH: 0.0 INCH 5 = HAIL
GRTST 24HR 0.0 6 = FREEZING RAIN OR DRIZZLE
GRTST DEPTH: 0 7 = DUSTSTORM OR SANDSTORM:
VSBY 1/2 MILE OR LESS
8 = SMOKE OR HAZE
[NO. OF DAYS WITH] [WEATHER - DAYS WITH] 9 = BLOWING SNOW
X = TORNADO
MAX 32 OR BELOW: 0 0.01 INCH OR MORE: 9
MAX 90 OR ABOVE: 0 0.10 INCH OR MORE: 7
MIN 32 OR BELOW: 1 0.50 INCH OR MORE: 1
MIN 0 OR BELOW: 0 1.00 INCH OR MORE: 0
[HDD (BASE 65) ]
TOTAL THIS MO. 144 CLEAR (SCALE 0-3) 0
DPTR FM NORMAL -123 PTCLDY (SCALE 4-7) 0
TOTAL FM JUL 1 7897 CLOUDY (SCALE 8-10) 31
DPTR FM NORMAL -36
[CDD (BASE 65) ]
TOTAL THIS MO. 38
DPTR FM NORMAL 10 [PRESSURE DATA]
TOTAL FM JAN 1 55 HIGHEST SLP M ON M
DPTR FM NORMAL 25 LOWEST SLP M ON M
[REMARKS]
#FINAL-05-23#