000
CXUS53 KMPX 011010
CF6MPX
PRELIMINARY LOCAL CLIMATOLOGICAL DATA (WS FORM: F-6)
STATION: CHANHASSEN MN
MONTH: JANUARY
YEAR: 2021
LATITUDE: 44 50 N
LONGITUDE: 93 34 W
TEMPERATURE IN F: :PCPN: SNOW: WIND :SUNSHINE: SKY :PK WND
================================================================================
1 2 3 4 5 6A 6B 7 8 9 10 11 12 13 14 15 16 17 18
12Z AVG MX 2MIN
DY MAX MIN AVG DEP HDD CDD WTR SNW DPTH SPD SPD DIR MIN PSBL S-S WX SPD DR
================================================================================
1 24 7 16 1 49 0 0.00 0.0 9 M M M M M M M M
2 24 4 14 0 51 0 0.00 0.0 7 M M M M M M M M
3 32 11 22 8 43 0 0.00 0.0 7 M M M M M M M M
4 37 20 29 15 36 0 0.00 0.0 7 M M M M M M M M
5 32 12 22 8 43 0 0.00 0.0 7 M M M M M M M M
6 34 24 29 15 36 0 0.00 0.0 7 M M M M M M M M
7 25 20 23 9 42 0 T 0.0 7 M M M M M M M M
8 20 13 17 3 48 0 T 0.0 7 M M M M M M M M
9 17 11 14 0 51 0 T T 7 M M M M M M M M
10 30 17 24 10 41 0 0.00 0.0 7 M M M M M M M M
11 35 22 29 15 36 0 0.00 0.0 7 M M M M M M M M
12 37 12 25 11 40 0 T T 7 M M M M M M M M
13 42 23 33 19 32 0 0.00 0.0 7 M M M M M M M M
14 34 28 31 17 34 0 0.40 2.1 6 M M M M M M M M
15 34 31 33 19 32 0 0.30 0.5 9 M M M M M M M M
16 32 19 26 12 39 0 T T 6 M M M M M M M M
17 22 12 17 3 48 0 0.01 0.2 6 M M M M M M M M
18 22 18 20 6 45 0 0.01 0.1 6 M M M M M M M M
19 22 -1 11 -3 54 0 0.03 0.8 6 M M M M M M M M
20 37 -2 18 4 47 0 0.00 0.0 7 M M M M M M M M
21 33 6 20 6 45 0 0.00 0.0 6 M M M M M M M M
22 14 -1 7 -7 58 0 T T 6 M M M M M M M M
23 20 7 14 0 51 0 0.28 3.2 6 M M M M M M M M
24 25 13 19 5 46 0 0.01 0.2 9 M M M M M M M M
25 21 9 15 1 50 0 0.00 0.0 9 M M M M M M M M
26 20 6 13 -2 52 0 T T 9 M M M M M M M M
27 14 6 10 -5 55 0 0.00 0.0 8 M M M M M M M M
28 22 7 15 0 50 0 0.00 0.0 8 M M M M M M M M
29 23 16 20 5 45 0 T T 8 M M M M M M M M
30 30 23 27 12 38 0 T T 8 M M M M M M M M
31 32 26 29 14 36 0 0.02 0.4 8 M M M M M M M M
================================================================================
SM 846 419 1373 0 1.06 7.5 M M M
================================================================================
AV 27.3 13.5 M FASTST M M M MAX(MPH)
MISC ----> M M M M
================================================================================
NOTES:
# LAST OF SEVERAL OCCURRENCES
COLUMN 17 PEAK WIND IN M.P.H.
PRELIMINARY LOCAL CLIMATOLOGICAL DATA (WS FORM: F-6) , PAGE 2
STATION: CHANHASSEN MN
MONTH: JANUARY
YEAR: 2021
LATITUDE: 44 50 N
LONGITUDE: 93 34 W
[TEMPERATURE DATA] [PRECIPITATION DATA] SYMBOLS USED IN COLUMN 16
AVERAGE MONTHLY: 20.4 TOTAL FOR MONTH: 1.06 1 = FOG OR MIST
DPTR FM NORMAL: 6.1 DPTR FM NORMAL: 0.19 2 = FOG REDUCING VISIBILITY
HIGHEST: 42 ON 13 GRTST 24HR 0.40 ON 14-14 TO 1/4 MILE OR LESS
LOWEST: -2 ON 20 3 = THUNDER
SNOW, ICE PELLETS, HAIL 4 = ICE PELLETS
TOTAL MONTH: 7.5 INCHES 5 = HAIL
GRTST 24HR 3.2 ON 23-23 6 = FREEZING RAIN OR DRIZZLE
GRTST DEPTH: 9 ON 25,26 7 = DUSTSTORM OR SANDSTORM:
VSBY 1/2 MILE OR LESS
8 = SMOKE OR HAZE
[NO. OF DAYS WITH] [WEATHER - DAYS WITH] 9 = BLOWING SNOW
X = TORNADO
MAX 32 OR BELOW: 22 0.01 INCH OR MORE: 8
MAX 90 OR ABOVE: 0 0.10 INCH OR MORE: 3
MIN 32 OR BELOW: 31 0.50 INCH OR MORE: 0
MIN 0 OR BELOW: 3 1.00 INCH OR MORE: 0
[HDD (BASE 65) ]
TOTAL THIS MO. 1373 CLEAR (SCALE 0-3) 0
DPTR FM NORMAL -197 PTCLDY (SCALE 4-7) 0
TOTAL FM JUL 1 4431 CLOUDY (SCALE 8-10) 31
DPTR FM NORMAL -302
[CDD (BASE 65) ]
TOTAL THIS MO. 0
DPTR FM NORMAL 0 [PRESSURE DATA]
TOTAL FM JAN 1 0 HIGHEST SLP M ON M
DPTR FM NORMAL 0 LOWEST SLP M ON M
[REMARKS]
#FINAL-01-21#