000
CXUS53 KMQT 030256
CF6MQT
PRELIMINARY LOCAL CLIMATOLOGICAL DATA (WS FORM: F-6)
STATION: MARQUETTE MI
MONTH: MAY
YEAR: 2021
LATITUDE: 46 31 N
LONGITUDE: 87 33 W
TEMPERATURE IN F: :PCPN: SNOW: WIND :SUNSHINE: SKY :PK WND
================================================================================
1 2 3 4 5 6A 6B 7 8 9 10 11 12 13 14 15 16 17 18
12Z AVG MX 2MIN
DY MAX MIN AVG DEP HDD CDD WTR SNW DPTH SPD SPD DIR MIN PSBL S-S WX SPD DR
================================================================================
1 74 36 55 11 10 0 T 0.0 0 M M M M M M 30 225
2 62 45 54 10 11 0 T 0.0 0 M M M M M M 14 180
3 47 41 44 -1 21 0 0.27 0.0 0 M M M M M M 12 12 90
4 45 36 41 -5 24 0 0.01 0.0 0 M M M M M M 1 28 315
5 49 29 39 -7 26 0 0.00 0.0 0 M M M M M M 23 360
6 49 29 39 -7 26 0 T T 0 M M M M M M 22 270
7 43 32 38 -9 27 0 0.18 0.5 T M M M M M M 21 315
8 49 32 41 -6 24 0 0.00 0.0 0 M M M M M M 17 45
9 43 30 37 -11 28 0 0.00 0.0 0 M M M M M M 20 315
10 43 31 37 -11 28 0 T T 0 M M M M M M 23 315
11 53 32 43 -6 22 0 T T 0 M M M M M M 22 315
12 61 28 45 -4 20 0 0.00 0.0 0 M M M M M M 17 45
13 68 36 52 2 13 0 0.00 0.0 0 M M M M M M 20 270
14 69 40 55 5 10 0 T 0.0 0 M M M M M M 19 270
15 66 42 54 4 11 0 0.00 0.0 0 M M M M M M 21 180
16 71 43 57 6 8 0 0.00 0.0 0 M M M M M M 20 180
17 81 48 65 14 0 0 0.00 0.0 0 M M M M M M 20 225
18 79 52 66 14 0 1 0.00 0.0 0 M M M M M M 27 180
19 66 56 61 9 4 0 0.17 0.0 0 M M M M M M 27 180
20 76 63 70 18 0 5 T 0.0 0 M M M M M M 29 225
21 73 64 69 16 0 4 0.09 0.0 0 M M M M M M 21 180
22 82 58 70 17 0 5 T 0.0 0 M M M M M M 21 215
23 59 37 48 -6 17 0 0.03 0.0 0 M M M M M M 1 22 45
24 72 47 60 6 5 0 0.00 0.0 0 M M M M M M 22 180
25 83 61 72 18 0 7 0.03 0.0 0 M M M M M M 34 225
26 61 36 49 -6 16 0 0.00 0.0 0 M M M M M M 31 315
27 39 31 35 -20 30 0 0.00 0.0 0 M M M M M M 17 45
28 50 32 41 -14 24 0 0.00 0.0 0 M M M M M M 25 45
29 62 28 45 -11 20 0 0.00 0.0 0 M M M M M M 19 90
30 67 39 53 -3 12 0 T 0.0 0 M M M M M M 19 180
31 67 45 56 0 9 0 0.18 0.0 0 M M M M M M 3 15 45
================================================================================
SM 1909 1259 446 22 0.96 0.5 M M M
================================================================================
AV 61.6 40.6 M FASTST M M M MAX(MPH)
MISC ----> M M 34 225
================================================================================
NOTES:
# LAST OF SEVERAL OCCURRENCES
COLUMN 17 PEAK WIND IN M.P.H.
PRELIMINARY LOCAL CLIMATOLOGICAL DATA (WS FORM: F-6) , PAGE 2
STATION: MARQUETTE MI
MONTH: MAY
YEAR: 2021
LATITUDE: 46 31 N
LONGITUDE: 87 33 W
[TEMPERATURE DATA] [PRECIPITATION DATA] SYMBOLS USED IN COLUMN 16
AVERAGE MONTHLY: 51.1 TOTAL FOR MONTH: 0.96 1 = FOG OR MIST
DPTR FM NORMAL: 0.5 DPTR FM NORMAL: -2.41 2 = FOG REDUCING VISIBILITY
HIGHEST: 83 ON 25 GRTST 24HR 0.27 ON 3- 3 TO 1/4 MILE OR LESS
LOWEST: 28 ON 29,12 3 = THUNDER
SNOW, ICE PELLETS, HAIL 4 = ICE PELLETS
TOTAL MONTH: 0.9 INCH 5 = HAIL
GRTST 24HR 0.5 ON 7- 7 6 = FREEZING RAIN OR DRIZZLE
GRTST DEPTH: T 7 = DUSTSTORM OR SANDSTORM:
VSBY 1/2 MILE OR LESS
8 = SMOKE OR HAZE
[NO. OF DAYS WITH] [WEATHER - DAYS WITH] 9 = BLOWING SNOW
X = TORNADO
MAX 32 OR BELOW: 0 0.01 INCH OR MORE: 8
MAX 90 OR ABOVE: 0 0.10 INCH OR MORE: 4
MIN 32 OR BELOW: 11 0.50 INCH OR MORE: 0
MIN 0 OR BELOW: 0 1.00 INCH OR MORE: 0
[HDD (BASE 65) ]
TOTAL THIS MO. 446 CLEAR (SCALE 0-3) 0
DPTR FM NORMAL -11 PTCLDY (SCALE 4-7) 0
TOTAL FM JUL 1 8508 CLOUDY (SCALE 8-10) 31
DPTR FM NORMAL -534
[CDD (BASE 65) ]
TOTAL THIS MO. 22
DPTR FM NORMAL 10 [PRESSURE DATA]
TOTAL FM JAN 1 22 HIGHEST SLP M ON M
DPTR FM NORMAL 10 LOWEST SLP M ON M
[REMARKS]
#FINAL-05-21#