000
CXUS52 KMHX 120242
CF6MRH
PRELIMINARY LOCAL CLIMATOLOGICAL DATA (WS FORM: F-6)
STATION: BEAUFORT/SMITH FIELD NC
MONTH: JANUARY
YEAR: 2022
LATITUDE: 34 43 N
LONGITUDE: 76 39 W
TEMPERATURE IN F: :PCPN: SNOW: WIND :SUNSHINE: SKY :PK WND
================================================================================
1 2 3 4 5 6A 6B 7 8 9 10 11 12 13 14 15 16 17 18
12Z AVG MX 2MIN
DY MAX MIN AVG DEP HDD CDD WTR SNW DPTH SPD SPD DIR MIN PSBL S-S WX SPD DR
================================================================================
1 72 66 69 22 0 4 0.00 0.0 0 15.9 25 230 M M 7 12 32 220
2 71 63 67 20 0 2 0.17 0.0 0 15.2 29 220 M M 5 1 38 220
3 73 34 54 7 11 0 0.43 0.0 0 18.2 41 210 M M 7 18 51 210
4 49 31 40 -7 25 0 0.00 0.0 0 10.5 17 360 M M 3 23 30
5 69 47 58 11 7 0 0.52 0.0 0 8.4 18 180 M M 7 1 26 160
6 58 45 52 5 13 0 T 0.0 0 7.3 20 230 M M 4 25 230
7 61 33 47 1 18 0 0.00 0.0 0 17.5 33 310 M M 2 39 320
8 43 29 36 -10 29 0 0.00 0.0 0 8.3 17 20 M M 0 22 10
9 69 34 52 6 13 0 0.00 0.0 0 10.3 20 210 M M 3 26 200
10 66 36 51 5 14 0 0.33 0.0 0 11.1 29 310 M M 6 1 44 310
11 42 30 36 -10 29 0 0.00 0.0 0 8.7 20 10 M M 0 25 10
12 52 24 38 -8 27 0 0.00 0.0 0 4.4 10 230 M M 0 8 14 360
13 57 36 47 1 18 0 0.00 0.0 0 2.9 10 320 M M 1 12 320
14 56 42 49 3 16 0 0.00 0.0 0 14.5 28 330 M M 1 35 330
15 47 31 39 -7 26 0 0.00 0.0 0 9.1 16 40 M M 1 23 40
16 63 37 50 4 15 0 2.65 0.0 0 15.1 36 210 M M 9 1 46 200
17 50 36 43 -3 22 0 0.00 0.0 0 M M M M M M M M
18 48 31 40 -6 25 0 0.00 0.0 0 M M M M M M M M
19 58 28 43 -3 22 0 0.00 0.0 0 4.8 10 210 M M 0 1 16 210
20 64 41 53 7 12 0 T 0.0 0 8.5 23 20 M M 5 32 10
21 41 32 37 -9 28 0 0.36 0.0 0 18.2 24 10 M M 10 16 35 360
22 34 28 31 -15 34 0 0.05 T T 11.3 21 360 M M 8 16 32 10
23 44 24 34 -12 31 0 0.00 0.0 0 6.8 14 310 M M 0 16 320
24 53 32 43 -3 22 0 0.00 0.0 0 4.1 10 30 M M 0 16 30
25 55 33 44 -2 21 0 0.00 0.0 0 2.3 8 340 M M 6 10 190
26 47 32 40 -6 25 0 0.00 0.0 0 15.3 28 20 M M 5 38 20
27 48 31 40 -6 25 0 0.00 0.0 0 10.5 18 20 M M 0 26 10
28 48 31 40 -6 25 0 0.24 0.0 0 9.0 17 350 M M 4 23 330
29 40 29 35 -11 30 0 0.01 0.0 0 18.3 37 330 M M 6 1 45 320
30 48 25 37 -9 28 0 0.00 0.0 0 9.9 18 220 M M 0 24 210
31 58 30 44 -2 21 0 0.00 0.0 0 5.2 13 10 M M 0 15 10
================================================================================
SM 1684 1081 632 6 4.76 T 301.6 M 100
================================================================================
AV 54.3 34.9 10.4 FASTST M M 3 MAX(MPH)
MISC ----> 41 210 51 210
================================================================================
NOTES:
# LAST OF SEVERAL OCCURRENCES
COLUMN 17 PEAK WIND IN M.P.H.
PRELIMINARY LOCAL CLIMATOLOGICAL DATA (WS FORM: F-6) , PAGE 2
STATION: BEAUFORT/SMITH FIELD NC
MONTH: JANUARY
YEAR: 2022
LATITUDE: 34 43 N
LONGITUDE: 76 39 W
[TEMPERATURE DATA] [PRECIPITATION DATA] SYMBOLS USED IN COLUMN 16
AVERAGE MONTHLY: 44.6 TOTAL FOR MONTH: 4.76 1 = FOG OR MIST
DPTR FM NORMAL: -1.6 DPTR FM NORMAL: 0.59 2 = FOG REDUCING VISIBILITY
HIGHEST: 73 ON 3 GRTST 24HR 3.24 ON 16-16 TO 1/4 MILE OR LESS
LOWEST: 24 ON 23,12 3 = THUNDER
SNOW, ICE PELLETS, HAIL 4 = ICE PELLETS
TOTAL MONTH: T 5 = HAIL
GRTST 24HR T ON 22-22 6 = FREEZING RAIN OR DRIZZLE
GRTST DEPTH: T 7 = DUSTSTORM OR SANDSTORM:
VSBY 1/2 MILE OR LESS
8 = SMOKE OR HAZE
[NO. OF DAYS WITH] [WEATHER - DAYS WITH] 9 = BLOWING SNOW
X = TORNADO
MAX 32 OR BELOW: 0 0.01 INCH OR MORE: 9
MAX 90 OR ABOVE: 0 0.10 INCH OR MORE: 7
MIN 32 OR BELOW: 17 0.50 INCH OR MORE: 2
MIN 0 OR BELOW: 0 1.00 INCH OR MORE: 1
[HDD (BASE 65) ]
TOTAL THIS MO. 632 CLEAR (SCALE 0-3) 14
DPTR FM NORMAL 49 PTCLDY (SCALE 4-7) 12
TOTAL FM JUL 1 1252 CLOUDY (SCALE 8-10) 5
DPTR FM NORMAL -151
[CDD (BASE 65) ]
TOTAL THIS MO. 6
DPTR FM NORMAL 6 [PRESSURE DATA]
TOTAL FM JAN 1 6 HIGHEST SLP 30.65 ON 8
DPTR FM NORMAL 6 LOWEST SLP 29.41 ON 16
[REMARKS]
#FINAL-01-22#