000
CXUS54 KHUN 012140 CCA
CF6MSL
PRELIMINARY LOCAL CLIMATOLOGICAL DATA (WS FORM: F-6)
STATION: MUSCLE SHOALS
MONTH: JUNE
YEAR: 2020
LATITUDE: 34 45 N
LONGITUDE: 87 37 W
TEMPERATURE IN F: :PCPN: SNOW: WIND :SUNSHINE: SKY :PK WND
================================================================================
1 2 3 4 5 6A 6B 7 8 9 10 11 12 13 14 15 16 17 18
12Z AVG MX 2MIN
DY MAX MIN AVG DEP HDD CDD WTR SNW DPTH SPD SPD DIR MIN PSBL S-S WX SPD DR
================================================================================
1 87 57 72 -2 0 7 0.00 0.0 0 4.5 13 180 M M 1 16 190
2 92 68 80 6 0 15 0.00 0.0 0 3.2 12 190 M M 3 15 220
3 90 72 81 7 0 16 0.00 0.0 0 5.3 12 260 M M 2 3 15 210
4 89 70 80 5 0 15 0.00 0.0 0 7.5 18 220 M M 3 3 23 250
5 93 69 81 6 0 16 0.02 0.0 0 3.9 24 240 M M 3 3 34 230
6 93 68 81 6 0 16 0.00 0.0 0 4.3 10 50 M M 1 14 160
7 94 71 83 8 0 18 0.00 0.0 0 7.1 18 80 M M 1 24 110
8 85 78 82 6 0 17 1.07 0.0 0 12.2 22 110 M M 7 1 28 110
9 91 76 84 8 0 19 0.76 0.0 0 11.9 23 220 M M 6 1 29 220
10 91 65 78 2 0 13 0.03 0.0 0 13.6 28 260 M M 3 35 280
11 85 64 75 -1 0 10 0.00 0.0 0 5.7 13 320 M M 0 18 30
12 87 65 76 0 0 11 0.00 0.0 0 7.4 17 40 M M 0 25 40
13 90 60 75 -2 0 10 0.00 0.0 0 2.9 13 80 M M 0 16 100
14 91 63 77 0 0 12 0.00 0.0 0 3.2 20 50 M M 0 29 10
15 84 63 74 -3 0 9 0.00 0.0 0 5.5 13 30 M M 1 20 360
16 85 60 73 -4 0 8 0.00 0.0 0 2.6 10 100 M M 2 14 100
17 85 62 74 -4 0 9 0.00 0.0 0 4.1 10 50 M M 4 15 100
18 88 64 76 -2 0 11 0.00 0.0 0 1.2 9 80 M M 4 13 50
19 90 65 78 0 0 13 0.00 0.0 0 1.9 9 160 M M 3 12 160
20 96 67 82 4 0 17 0.00 0.0 0 2.2 10 210 M M 1 1 13 310
21 92 73 83 5 0 18 T 0.0 0 8.4 24 280 M M 3 3 29 290
22 89 72 81 3 0 16 1.43 0.0 0 7.1 32 210 M M 5 1238 40 220
23 89 71 80 1 0 15 1.08 0.0 0 7.4 17 260 M M 6 18 23 250
24 77 66 72 -7 0 7 0.43 0.0 0 3.3 13 240 M M 6 38 14 240
25 84 67 76 -3 0 11 0.00 0.0 0 3.8 17 220 M M 7 8 23 220
26 75 67 71 -8 0 6 0.62 0.0 0 5.9 17 250 M M 6 18 23 250
27 86 69 78 -1 0 13 1.14 0.0 0 5.0 32 270 M M 5 38 45 260
28 90 72 81 2 0 16 0.00 0.0 0 7.8 17 270 M M 3 22 220
29 90 70 80 1 0 15 0.16 0.0 0 3.4 20 290 M M 2 38 27 280
30 91 68 80 0 0 15 0.72 0.0 0 5.3 26 340 M M 3 13 39 330
================================================================================
SM 2649 2022 0 394 7.46 0.0 167.6 M 91
================================================================================
AV 88.3 67.4 5.6 FASTST M M 3 MAX(MPH)
MISC ----> # 32 210 45 260
================================================================================
NOTES:
# LAST OF SEVERAL OCCURRENCES
COLUMN 17 PEAK WIND IN M.P.H.
PRELIMINARY LOCAL CLIMATOLOGICAL DATA (WS FORM: F-6) , PAGE 2
STATION: MUSCLE SHOALS
MONTH: JUNE
YEAR: 2020
LATITUDE: 34 45 N
LONGITUDE: 87 37 W
[TEMPERATURE DATA] [PRECIPITATION DATA] SYMBOLS USED IN COLUMN 16
AVERAGE MONTHLY: 77.9 TOTAL FOR MONTH: 7.46 1 = FOG OR MIST
DPTR FM NORMAL: 0.9 DPTR FM NORMAL: 2.70 2 = FOG REDUCING VISIBILITY
HIGHEST: 96 ON 20 GRTST 24HR 2.13 ON 22-23 TO 1/4 MILE OR LESS
LOWEST: 57 ON 1 3 = THUNDER
SNOW, ICE PELLETS, HAIL 4 = ICE PELLETS
TOTAL MONTH: 0.0 INCH 5 = HAIL
GRTST 24HR 0.0 6 = FREEZING RAIN OR DRIZZLE
GRTST DEPTH: 0 7 = DUSTSTORM OR SANDSTORM:
VSBY 1/2 MILE OR LESS
8 = SMOKE OR HAZE
[NO. OF DAYS WITH] [WEATHER - DAYS WITH] 9 = BLOWING SNOW
X = TORNADO
MAX 32 OR BELOW: 0 0.01 INCH OR MORE: 11
MAX 90 OR ABOVE: 15 0.10 INCH OR MORE: 9
MIN 32 OR BELOW: 0 0.50 INCH OR MORE: 7
MIN 0 OR BELOW: 0 1.00 INCH OR MORE: 4
[HDD (BASE 65) ]
TOTAL THIS MO. 0 CLEAR (SCALE 0-3) 19
DPTR FM NORMAL -1 PTCLDY (SCALE 4-7) 11
TOTAL FM JUL 1 2396 CLOUDY (SCALE 8-10) 0
DPTR FM NORMAL -707
[CDD (BASE 65) ]
TOTAL THIS MO. 394
DPTR FM NORMAL 32 [PRESSURE DATA]
TOTAL FM JAN 1 669 HIGHEST SLP 30.25 ON 12
DPTR FM NORMAL 63 LOWEST SLP 29.72 ON 8
[REMARKS]
MAX AND MIN TEMPERATURE DATA FOR JUNE 24TH THROUGH JUNE 30TH WERE
TAKEN FROM THE MUSCLE SHOALS REGIONAL CLIMATE REFERENCE NETWORK SITE
(MSXA1, STATION ID=1366) AT TVA, WHICH IS LOCATED APPROXIMATELY 3.4
MILES NORTHWEST OF THE MUSCLE SHOALS ASOS (KMSL).
#FINAL-06-20#