000
CXUS53 KMKX 011533
CF6MSN
PRELIMINARY LOCAL CLIMATOLOGICAL DATA (WS FORM: F-6)
STATION: MADISON WI
MONTH: APRIL
YEAR: 2020
LATITUDE: 43 7 N
LONGITUDE: 89 20 W
TEMPERATURE IN F: :PCPN: SNOW: WIND :SUNSHINE: SKY :PK WND
================================================================================
1 2 3 4 5 6A 6B 7 8 9 10 11 12 13 14 15 16 17 18
12Z AVG MX 2MIN
DY MAX MIN AVG DEP HDD CDD WTR SNW DPTH SPD SPD DIR MIN PSBL S-S WX SPD DR
================================================================================
1 53 30 42 2 23 0 0.00 0.0 0 5.0 13 130 M M 7 15 130
2 62 33 48 7 17 0 T 0.0 0 9.1 17 130 M M 5 25 150
3 67 35 51 10 14 0 0.09 0.0 0 9.4 17 300 M M 10 1 25 300
4 51 29 40 -2 25 0 T 0.0 0 8.5 17 330 M M 5 28 330
5 56 29 43 1 22 0 0.00 0.0 0 4.3 12 140 M M 3 12 18 160
6 59 33 46 3 19 0 0.03 0.0 0 6.2 14 180 M M 7 18 22 150
7 75 49 62 19 3 0 0.01 0.0 0 7.3 18 310 M M 7 18 27 310
8 59 40 50 6 15 0 0.26 0.0 0 4.6 13 300 M M 8 128 20 310
9 45 32 39 -5 26 0 T T 0 12.7 25 340 M M 4 8 41 340
10 49 30 40 -4 25 0 0.00 0.0 0 4.6 14 310 M M 6 21 290
11 59 38 49 4 16 0 0.02 0.0 0 6.7 17 180 M M 8 24 180
12 55 33 44 -1 21 0 0.48 T 0 11.5 24 20 M M 10 1 33 20
13 40 29 35 -11 30 0 0.02 0.2 T 13.3 23 330 M M 7 1 38 330
14 36 25 31 -15 34 0 T T 0 7.9 17 300 M M 4 8 29 290
15 37 21 29 -17 36 0 0.00 0.0 0 5.9 15 330 M M 6 22 340
16 45 23 34 -13 31 0 0.00 0.0 0 5.6 16 270 M M 3 26 300
17 49 33 41 -6 24 0 0.00 0.0 0 3.5 13 320 M M 7 20 280
18 60 31 46 -2 19 0 0.00 0.0 0 9.4 24 210 M M 2 37 210
19 57 40 49 1 16 0 0.00 0.0 0 7.5 20 330 M M 2 29 330
20 63 29 46 -2 19 0 0.01 0.0 0 8.3 36 270 M M 5 56 270
21 49 30 40 -9 25 0 0.00 0.0 0 9.2 22 330 M M 2 35 330
22 60 37 49 0 16 0 0.38 0.0 0 11.0 24 140 M M 9 1 31 130
23 54 39 47 -3 18 0 0.00 0.0 0 8.9 16 30 M M 10 18 20 10
24 54 39 47 -3 18 0 0.04 0.0 0 6.3 12 60 M M 9 18 16 70
25 56 38 47 -3 18 0 0.00 0.0 0 7.6 16 40 M M 7 20 30
26 67 38 53 2 12 0 0.00 0.0 0 5.7 15 10 M M 2 19 10
27 61 43 52 1 13 0 0.35 0.0 0 6.7 16 170 M M 7 12 22 190
28 67 37 52 0 13 0 T 0.0 0 7.9 20 150 M M 9 128 25 150
29 52 46 49 -3 16 0 0.35 0.0 0 18.1 30 30 M M 10 12 47 340
30 66 42 54 2 11 0 0.00 0.0 0 13.6 29 10 M M 1 44 350
================================================================================
SM 1663 1031 595 0 2.04 0.2 246.3 M 182
================================================================================
AV 55.4 34.4 8.2 FASTST M M 6 MAX(MPH)
MISC ----> # 36 270 # 56 270
================================================================================
NOTES:
# LAST OF SEVERAL OCCURRENCES
COLUMN 17 PEAK WIND IN M.P.H.
PRELIMINARY LOCAL CLIMATOLOGICAL DATA (WS FORM: F-6) , PAGE 2
STATION: MADISON WI
MONTH: APRIL
YEAR: 2020
LATITUDE: 43 7 N
LONGITUDE: 89 20 W
[TEMPERATURE DATA] [PRECIPITATION DATA] SYMBOLS USED IN COLUMN 16
AVERAGE MONTHLY: 44.9 TOTAL FOR MONTH: 2.04 1 = FOG OR MIST
DPTR FM NORMAL: -1.7 DPTR FM NORMAL: -1.36 2 = FOG REDUCING VISIBILITY
HIGHEST: 75 ON 7 GRTST 24HR 0.48 ON 12-12 TO 1/4 MILE OR LESS
LOWEST: 21 ON 15 3 = THUNDER
SNOW, ICE PELLETS, HAIL 4 = ICE PELLETS
TOTAL MONTH: 0.2 INCH 5 = HAIL
GRTST 24HR 0.2 ON 13-13 6 = FREEZING RAIN OR DRIZZLE
GRTST DEPTH: T 7 = DUSTSTORM OR SANDSTORM:
VSBY 1/2 MILE OR LESS
8 = SMOKE OR HAZE
[NO. OF DAYS WITH] [WEATHER - DAYS WITH] 9 = BLOWING SNOW
X = TORNADO
MAX 32 OR BELOW: 0 0.01 INCH OR MORE: 12
MAX 90 OR ABOVE: 0 0.10 INCH OR MORE: 5
MIN 32 OR BELOW: 12 0.50 INCH OR MORE: 0
MIN 0 OR BELOW: 0 1.00 INCH OR MORE: 0
[HDD (BASE 65) ]
TOTAL THIS MO. 595 CLEAR (SCALE 0-3) 5
DPTR FM NORMAL 37 PTCLDY (SCALE 4-7) 17
TOTAL FM JUL 1 6506 CLOUDY (SCALE 8-10) 8
DPTR FM NORMAL -501
[CDD (BASE 65) ]
TOTAL THIS MO. 0
DPTR FM NORMAL -4 [PRESSURE DATA]
TOTAL FM JAN 1 0 HIGHEST SLP 30.31 ON 16
DPTR FM NORMAL -4 LOWEST SLP 29.48 ON 20
[REMARKS]
#FINAL-04-20#