000
CXUS51 KBTV 010800
CF6MSS
PRELIMINARY LOCAL CLIMATOLOGICAL DATA (WS FORM: F-6)
STATION: MASSENA NY
MONTH: NOVEMBER
YEAR: 2021
LATITUDE: 44 55 N
LONGITUDE: 74 51 W
TEMPERATURE IN F: :PCPN: SNOW: WIND :SUNSHINE: SKY :PK WND
================================================================================
1 2 3 4 5 6A 6B 7 8 9 10 11 12 13 14 15 16 17 18
12Z AVG MX 2MIN
DY MAX MIN AVG DEP HDD CDD WTR SNW DPTH SPD SPD DIR MIN PSBL S-S WX SPD DR
================================================================================
1 52 36 44 2 21 0 0.01 M M 13.1 23 220 M M 5 32 240
2 48 35 42 1 23 0 0.03 M M 8.2 21 200 M M 7 25 190
3 43 26 35 -6 30 0 0.00 M M 4.9 14 10 M M 7 18 10
4 44 21 33 -7 32 0 0.00 M M 1.9 12 210 M M 3 14 270
5 47 22 35 -5 30 0 0.00 M M 4.8 14 250 M M 1 19 290
6 51 24 38 -2 27 0 0.00 M M 4.9 17 230 M M 1 22 220
7 57 24 41 2 24 0 0.00 M M 6.4 18 210 M M 2 22 210
8 59 31 45 6 20 0 0.00 M M 3.5 12 210 M M 3 128 14 220
9 57 36 47 9 18 0 0.00 M M 4.4 10 270 M M 3 1 14 220
10 53 27 40 2 25 0 0.00 M M 4.6 18 280 M M 2 1 24 280
11 48 24 36 -2 29 0 0.00 M M 7.5 21 50 M M 2 1 25 50
12 55 34 45 8 20 0 0.52 M M 8.6 20 220 M M 6 1 25 160
13 51 29 40 3 25 0 0.02 M M 5.9 20 240 M M 6 1 24 240
14 44 32 38 2 27 0 0.13 M M 7.7 15 200 M M 7 1 20 220
15 39 33 36 0 29 0 0.09 M M 8.9 20 290 M M 10 1 27 310
16 40 24 32 -4 33 0 T M M 7.5 18 280 M M 7 24 260
17 39 20 30 -5 35 0 0.30 M M 6.0 14 60 M M 7 1 17 60
18 59 37 48 13 17 0 0.27 M M 11.7 22 210 M M 8 1 28 210
19 40 24 32 -2 33 0 T M M 10.4 24 270 M M 6 32 270
20 43 20 32 -2 33 0 0.00 M M 1.9 12 200 M M 1 14 200
21 46 32 39 5 26 0 0.04 M M 6.1 20 200 M M 8 1 26 210
22 45 27 36 3 29 0 0.12 M M 11.8 23 260 M M 6 1 31 240
23 28 16 22 -11 43 0 0.00 M M 7.9 15 270 M M 4 19 280
24 40 15 28 -4 37 0 0.00 M M 3.2 13 220 M M 0 16 210
25 41 24 33 1 32 0 0.08 M M 1.1 7 180 M M 8 1 9 190
26 41 28 35 3 30 0 0.39 M M 8.9 21 300 M M 10 1 31 290
27 30 20 25 -6 40 0 0.00 M M 13.9 23 290 M M 6 31 280
28 28 13 21 -10 44 0 0.00 M M 1.9 8 210 M M 4 11 270
29 30 18 24 -6 41 0 0.00 M M 3.5 9 90 M M 7 10 100
30 32 23 28 -2 37 0 0.02 M M 2.6 8 260 M M 9 1 10 220
================================================================================
SM 1330 775 890 0 2.02 M 193.7 M 156
================================================================================
AV 44.3 25.8 6.5 FASTST M M 5 MAX(MPH)
MISC ----> 24 270 # 32 240
================================================================================
NOTES:
# LAST OF SEVERAL OCCURRENCES
COLUMN 17 PEAK WIND IN M.P.H.
PRELIMINARY LOCAL CLIMATOLOGICAL DATA (WS FORM: F-6) , PAGE 2
STATION: MASSENA NY
MONTH: NOVEMBER
YEAR: 2021
LATITUDE: 44 55 N
LONGITUDE: 74 51 W
[TEMPERATURE DATA] [PRECIPITATION DATA] SYMBOLS USED IN COLUMN 16
AVERAGE MONTHLY: 35.1 TOTAL FOR MONTH: 2.02 1 = FOG OR MIST
DPTR FM NORMAL: -0.7 DPTR FM NORMAL: -0.57 2 = FOG REDUCING VISIBILITY
HIGHEST: 59 ON 18, 8 GRTST 24HR 0.57 ON 17-18 TO 1/4 MILE OR LESS
LOWEST: 13 ON 28 3 = THUNDER
SNOW, ICE PELLETS, HAIL 4 = ICE PELLETS
TOTAL MONTH: M 5 = HAIL
GRTST 24HR M ON M 6 = FREEZING RAIN OR DRIZZLE
GRTST DEPTH: M ON M 7 = DUSTSTORM OR SANDSTORM:
VSBY 1/2 MILE OR LESS
8 = SMOKE OR HAZE
[NO. OF DAYS WITH] [WEATHER - DAYS WITH] 9 = BLOWING SNOW
X = TORNADO
MAX 32 OR BELOW: 5 0.01 INCH OR MORE: 13
MAX 90 OR ABOVE: 0 0.10 INCH OR MORE: 6
MIN 32 OR BELOW: 24 0.50 INCH OR MORE: 1
MIN 0 OR BELOW: 0 1.00 INCH OR MORE: 0
[HDD (BASE 65) ]
TOTAL THIS MO. 890 CLEAR (SCALE 0-3) 9
DPTR FM NORMAL 12 PTCLDY (SCALE 4-7) 16
TOTAL FM JUL 1 1443 CLOUDY (SCALE 8-10) 5
DPTR FM NORMAL -236
[CDD (BASE 65) ]
TOTAL THIS MO. 0
DPTR FM NORMAL 0 [PRESSURE DATA]
TOTAL FM JAN 1 486 HIGHEST SLP 30.52 ON 20
DPTR FM NORMAL 80 LOWEST SLP 29.55 ON 26
[REMARKS]
#FINAL-11-21#