613
CXUS54 KLIX 010810
CF6MSY
PRELIMINARY LOCAL CLIMATOLOGICAL DATA (WS FORM: F-6)
STATION: NEW ORLEANS
MONTH: JULY
YEAR: 2020
LATITUDE: 29 58 N
LONGITUDE: 90 15 W
TEMPERATURE IN F: :PCPN: SNOW: WIND :SUNSHINE: SKY :PK WND
================================================================================
1 2 3 4 5 6A 6B 7 8 9 10 11 12 13 14 15 16 17 18
12Z AVG MX 2MIN
DY MAX MIN AVG DEP HDD CDD WTR SNW DPTH SPD SPD DIR MIN PSBL S-S WX SPD DR
================================================================================
1 96 81 89 6 0 24 0.00 0.0 M 6.6 14 270 M M 7 3 18 220
2 97 77 87 4 0 22 0.45 0.0 M 5.5 30 40 M M 7 38 40 40
3 92 77 85 2 0 20 0.62 0.0 M 6.8 18 280 M M 8 13 30 270
4 90 77 84 1 0 19 T 0.0 M 4.6 16 20 M M 8 3 22 10
5 91 75 83 0 0 18 0.00 0.0 M 3.9 17 260 M M 7 13 21 260
6 84 76 80 -3 0 15 2.12 0.0 M 3.7 26 290 M M 8 13 36 270
7 91 76 84 1 0 19 0.40 0.0 M 4.6 17 220 M M 7 138 23 220
8 95 79 87 4 0 22 0.00 0.0 M 7.1 16 220 M M 6 1 21 220
9 97 79 88 5 0 23 0.00 0.0 M 6.6 14 250 M M 3 1 17 250
10 97 78 88 5 0 23 0.00 0.0 M 6.2 14 300 M M 4 18 18 270
11 99 82 91 8 0 26 0.00 0.0 M 6.4 13 320 M M 4 16 300
12 98 83 91 8 0 26 T 0.0 M 7.2 14 260 M M 4 17 290
13 99 79 89 6 0 24 0.20 0.0 M 7.9 23 320 M M 7 38 30 320
14 98 80 89 6 0 24 T 0.0 M 4.2 22 90 M M 6 3 32 80
15 92 75 84 1 0 19 1.68 0.0 M 5.3 25 130 M M 7 13 30 130
16 87 77 82 -1 0 17 1.99 0.0 M 2.9 20 100 M M 8 13 23 80
17 94 77 86 3 0 21 0.00 0.0 M 5.9 16 120 M M 4 3 22 110
18 95 79 87 4 0 22 0.00 0.0 M 6.5 15 130 M M 5 3 21 100
19 92 80 86 3 0 21 0.07 0.0 M 7.4 20 80 M M 7 25 70
20 92 81 87 4 0 22 0.01 0.0 M 9.0 21 100 M M 7 25 100
21 93 79 86 3 0 21 0.54 0.0 M 9.2 25 130 M M 7 3 31 120
22 94 82 88 5 0 23 T 0.0 M 9.1 21 100 M M 6 3 24 100
23 87 82 85 2 0 20 0.17 0.0 M 11.9 22 80 M M 7 3 27 80
24 89 79 84 1 0 19 0.53 0.0 M 9.8 18 130 M M 8 13 23 160
25 87 80 84 1 0 19 0.01 0.0 M 11.1 22 110 M M 8 26 140
26 83 76 80 -3 0 15 1.34 0.0 M 6.9 17 160 M M 9 13 24 140
27 85 76 81 -2 0 16 1.67 0.0 M 5.5 14 100 M M 9 13 15 100
28 92 77 85 2 0 20 3.33 0.0 M 5.7 20 300 M M 8 13 27 320
29 92 79 86 3 0 21 0.09 0.0 M 6.0 18 220 M M 8 3 25 220
30 95 78 87 4 0 22 0.00 0.0 M 6.4 12 240 M M 6 18 16 210
31 95 79 87 4 0 22 0.00 0.0 M 7.3 16 220 M M 3 1 20 250
================================================================================
SM 2868 2435 0 645 15.22 0.0 207.2 M 203
================================================================================
AV 92.5 78.5 6.7 FASTST M M 7 MAX(MPH)
MISC ----> 30 40 40 40
================================================================================
NOTES:
# LAST OF SEVERAL OCCURRENCES
COLUMN 17 PEAK WIND IN M.P.H.
PRELIMINARY LOCAL CLIMATOLOGICAL DATA (WS FORM: F-6) , PAGE 2
STATION: NEW ORLEANS
MONTH: JULY
YEAR: 2020
LATITUDE: 29 58 N
LONGITUDE: 90 15 W
[TEMPERATURE DATA] [PRECIPITATION DATA] SYMBOLS USED IN COLUMN 16
AVERAGE MONTHLY: 85.5 TOTAL FOR MONTH: 15.22 1 = FOG OR MIST
DPTR FM NORMAL: 2.2 DPTR FM NORMAL: 9.29 2 = FOG REDUCING VISIBILITY
HIGHEST: 99 ON 13,11 GRTST 24HR 3.41 ON 28-29 TO 1/4 MILE OR LESS
LOWEST: 75 ON 15, 5 3 = THUNDER
SNOW, ICE PELLETS, HAIL 4 = ICE PELLETS
TOTAL MONTH: 0.0 INCH 5 = HAIL
GRTST 24HR 0.0 6 = FREEZING RAIN OR DRIZZLE
GRTST DEPTH: M ON M 7 = DUSTSTORM OR SANDSTORM:
VSBY 1/2 MILE OR LESS
8 = SMOKE OR HAZE
[NO. OF DAYS WITH] [WEATHER - DAYS WITH] 9 = BLOWING SNOW
X = TORNADO
MAX 32 OR BELOW: 0 0.01 INCH OR MORE: 17
MAX 90 OR ABOVE: 24 0.10 INCH OR MORE: 13
MIN 32 OR BELOW: 0 0.50 INCH OR MORE: 9
MIN 0 OR BELOW: 0 1.00 INCH OR MORE: 6
[HDD (BASE 65) ]
TOTAL THIS MO. 0 CLEAR (SCALE 0-3) 1
DPTR FM NORMAL 0 PTCLDY (SCALE 4-7) 21
TOTAL FM JUL 1 0 CLOUDY (SCALE 8-10) 9
DPTR FM NORMAL 0
[CDD (BASE 65) ]
TOTAL THIS MO. 645
DPTR FM NORMAL 79 [PRESSURE DATA]
TOTAL FM JAN 1 2245 HIGHEST SLP M ON M
DPTR FM NORMAL 565 LOWEST SLP 29.83 ON 12
[REMARKS]
#FINAL-07-20#