000
CXUS55 KGJT 011000
CF6MTJ
PRELIMINARY LOCAL CLIMATOLOGICAL DATA (WS FORM: F-6)
STATION: MONTROSE CO
MONTH: FEBRUARY
YEAR: 2020
LATITUDE: 38 30 N
LONGITUDE: 107 53 W
TEMPERATURE IN F: :PCPN: SNOW: WIND :SUNSHINE: SKY :PK WND
================================================================================
1 2 3 4 5 6A 6B 7 8 9 10 11 12 13 14 15 16 17 18
12Z AVG MX 2MIN
DY MAX MIN AVG DEP HDD CDD WTR SNW DPTH SPD SPD DIR MIN PSBL S-S WX SPD DR
================================================================================
1 43 14 29 0 36 0 0.00 M M 4.6 13 170 M M 0 14 170
2 53 15 34 5 31 0 0.00 M M 6.8 31 200 M M 0 52 190
3 50 21 36 7 29 0 0.03 M M 13.6 31 210 M M 5 1 46 210
4 22 9 16 -14 49 0 T M M 8.0 18 310 M M 9 1 22 320
5 23 2 13 -17 52 0 0.00 M M 4.9 13 140 M M 3 15 130
6 33 19 26 -4 39 0 T M M 1.6 7 350 M M 10 18 9 360
7 47 20 34 4 31 0 0.00 M M 2.0 10 120 M M 7 12 110
8 52 25 39 8 26 0 0.00 M M 5.9 22 220 M M 0 33 220
9 38 27 33 2 32 0 0.00 M M 5.2 15 320 M M 8 19 310
10 37 26 32 1 33 0 T M M 4.2 15 300 M M 10 12 20 280
11 36 18 27 -4 38 0 0.00 M M 3.6 10 160 M M 1 14 10
12 38 18 28 -4 37 0 0.00 M M 5.6 13 150 M M 3 16 290
13 42 24 33 1 32 0 0.00 M M 4.5 12 160 M M 3 15 150
14 53 20 37 5 28 0 0.00 M M 5.9 16 270 M M 0 21 270
15 51 25 38 6 27 0 0.00 M M 5.8 20 150 M M 4 25 150
16 47 33 40 7 25 0 T M M 2.8 10 130 M M 10 13 130
17 48 29 39 6 26 0 T M M 5.7 26 310 M M 3 35 330
18 42 21 32 -1 33 0 T M M 3.1 9 40 M M 3 12 110
19 45 20 33 -1 32 0 0.00 M M 7.1 18 320 M M 1 24 300
20 42 14 28 -6 37 0 0.00 M M 4.5 10 30 M M 0 14 20
21 54 18 36 2 29 0 0.00 M M 4.9 13 170 M M 0 15 160
22 54 26 40 5 25 0 0.01 M M 4.1 14 140 M M 6 17 130
23 45 29 37 2 28 0 0.06 M M 7.5 16 310 M M 5 1 21 320
24 41 23 32 -3 33 0 T M M 13.8 31 310 M M 2 1 43 320
25 36 16 26 -10 39 0 0.00 M M 12.2 30 300 M M 3 40 310
26 41 11 26 -10 39 0 0.00 M M 5.5 13 140 M M 2 16 130
27 50 17 34 -2 31 0 0.00 M M 5.7 14 170 M M 1 17 170
28 55 19 37 1 28 0 0.00 M M 5.9 13 140 M M 0 14 150
29 58 27 43 6 22 0 0.00 M M 6.2 13 160 M M 2 17 330
================================================================================
SM 1276 586 947 0 0.10 M 171.2 M 101
================================================================================
AV 44.0 20.2 5.9 FASTST M M 3 MAX(MPH)
MISC ----> # 31 200 # 52 190
================================================================================
NOTES:
# LAST OF SEVERAL OCCURRENCES
COLUMN 17 PEAK WIND IN M.P.H.
PRELIMINARY LOCAL CLIMATOLOGICAL DATA (WS FORM: F-6) , PAGE 2
STATION: MONTROSE CO
MONTH: FEBRUARY
YEAR: 2020
LATITUDE: 38 30 N
LONGITUDE: 107 53 W
[TEMPERATURE DATA] [PRECIPITATION DATA] SYMBOLS USED IN COLUMN 16
AVERAGE MONTHLY: 32.1 TOTAL FOR MONTH: 0.10 1 = FOG OR MIST
DPTR FM NORMAL: -0.4 DPTR FM NORMAL: -0.48 2 = FOG REDUCING VISIBILITY
HIGHEST: 58 ON 29 GRTST 24HR 0.06 ON 23-23 TO 1/4 MILE OR LESS
LOWEST: 2 ON 5 3 = THUNDER
SNOW, ICE PELLETS, HAIL 4 = ICE PELLETS
TOTAL MONTH: M 5 = HAIL
GRTST 24HR M ON M 6 = FREEZING RAIN OR DRIZZLE
GRTST DEPTH: M ON M 7 = DUSTSTORM OR SANDSTORM:
VSBY 1/2 MILE OR LESS
8 = SMOKE OR HAZE
[NO. OF DAYS WITH] [WEATHER - DAYS WITH] 9 = BLOWING SNOW
X = TORNADO
MAX 32 OR BELOW: 2 0.01 INCH OR MORE: 3
MAX 90 OR ABOVE: 0 0.10 INCH OR MORE: 0
MIN 32 OR BELOW: 28 0.50 INCH OR MORE: 0
MIN 0 OR BELOW: 0 1.00 INCH OR MORE: 0
[HDD (BASE 65) ]
TOTAL THIS MO. 947 CLEAR (SCALE 0-3) 15
DPTR FM NORMAL 37 PTCLDY (SCALE 4-7) 10
TOTAL FM JUL 1 4757 CLOUDY (SCALE 8-10) 4
DPTR FM NORMAL 14
[CDD (BASE 65) ]
TOTAL THIS MO. 0
DPTR FM NORMAL 0 [PRESSURE DATA]
TOTAL FM JAN 1 0 HIGHEST SLP 30.70 ON 26
DPTR FM NORMAL 0 LOWEST SLP 29.32 ON 3
[REMARKS]
#FINAL-02-20#