000
CXUS53 KGRB 200649
CF6MTW
PRELIMINARY LOCAL CLIMATOLOGICAL DATA (WS FORM: F-6)
STATION: MANITOWOC AWOS
MONTH: OCTOBER
YEAR: 2022
LATITUDE: 44 7 N
LONGITUDE: 87 40 W
TEMPERATURE IN F: :PCPN: SNOW: WIND :SUNSHINE: SKY :PK WND
================================================================================
1 2 3 4 5 6A 6B 7 8 9 10 11 12 13 14 15 16 17 18
12Z AVG MX 2MIN
DY MAX MIN AVG DEP HDD CDD WTR SNW DPTH SPD SPD DIR MIN PSBL S-S WX SPD DR
================================================================================
1 65 39 52 M 13 0 M M M 4.7 9 40 M M 1 12 M M
2 60 41 51 M 14 0 M M M 4.7 10 50 M M 3 M M
3 63 37 50 M 15 0 M M M 4.4 12 160 M M 0 M M
4 73 43 58 M 7 0 M M M 4.0 12 170 M M 0 1 M M
5 75 43 59 M 6 0 M M M 4.2 13 260 M M 1 8 M M
6 62 43 53 M 12 0 T M M 10.5 18 360 M M 7 30 340
7 47 33 40 M 25 0 M M M 9.6 18 340 M M 4 26 350
8 56 30 43 M 22 0 M M M 11.1 24 260 M M 0 33 280
9 58 41 50 M 15 0 M M M 5.9 12 260 M M 2 M M
10 56 38 47 M 18 0 M M M 4.3 10 120 M M 2 M M
11 66 41 54 M 11 0 T M M 12.3 22 170 M M 5 1 31 170
12 55 46 51 M 14 0 0.47 M M 10.6 23 280 M M 7 1 38 290
13 47 40 44 M 21 0 T M M 11.0 17 260 M M 9 30 250
14 42 34 38 M 27 0 T M M 7.1 14 240 M M 8 21 230
15 49 31 40 M 25 0 T M M 8.9 16 260 M M 8 23 260
16 49 39 44 M 21 0 0.01 M M 10.3 18 300 M M 8 29 300
17 45 34 40 M 25 0 0.03 M M 20.2 29 330 M M 10 1 37 340
18 43 33 38 M 27 0 T M M 22.9 30 330 M M 10 41 320
19 44 32 38 M 27 0 M M M 11.3 15 290 M M 5 23 270
================================================================================
SM 1055 718 345 0 0.51 M 178.0 M 90
================================================================================
AV 55.5 37.8 9.4 FASTST M M 5 MAX(MPH)
MISC ----> 30 330 41 320
================================================================================
NOTES:
# LAST OF SEVERAL OCCURRENCES
COLUMN 17 PEAK WIND IN M.P.H.
PRELIMINARY LOCAL CLIMATOLOGICAL DATA (WS FORM: F-6) , PAGE 2
STATION: MANITOWOC AWOS
MONTH: OCTOBER
YEAR: 2022
LATITUDE: 44 7 N
LONGITUDE: 87 40 W
[TEMPERATURE DATA] [PRECIPITATION DATA] SYMBOLS USED IN COLUMN 16
AVERAGE MONTHLY: 46.7 TOTAL FOR MONTH: 0.51 1 = FOG OR MIST
DPTR FM NORMAL: 0.0 DPTR FM NORMAL: 0.51 2 = FOG REDUCING VISIBILITY
HIGHEST: 75 ON 5 GRTST 24HR 0.47 ON 12-12 TO 1/4 MILE OR LESS
LOWEST: 30 ON 8 3 = THUNDER
SNOW, ICE PELLETS, HAIL 4 = ICE PELLETS
TOTAL MONTH: M 5 = HAIL
GRTST 24HR M ON M 6 = FREEZING RAIN OR DRIZZLE
GRTST DEPTH: M ON M 7 = DUSTSTORM OR SANDSTORM:
VSBY 1/2 MILE OR LESS
8 = SMOKE OR HAZE
[NO. OF DAYS WITH] [WEATHER - DAYS WITH] 9 = BLOWING SNOW
X = TORNADO
MAX 32 OR BELOW: 0 0.01 INCH OR MORE: 3
MAX 90 OR ABOVE: 0 0.10 INCH OR MORE: 1
MIN 32 OR BELOW: 3 0.50 INCH OR MORE: 0
MIN 0 OR BELOW: 0 1.00 INCH OR MORE: 0
[HDD (BASE 65) ]
TOTAL THIS MO. 345 CLEAR (SCALE 0-3) 7
DPTR FM NORMAL M PTCLDY (SCALE 4-7) 7
TOTAL FM JUL 1 519 CLOUDY (SCALE 8-10) 5
DPTR FM NORMAL M
[CDD (BASE 65) ]
TOTAL THIS MO. 0
DPTR FM NORMAL M [PRESSURE DATA]
TOTAL FM JAN 1 387 HIGHEST SLP M ON M
DPTR FM NORMAL 387 LOWEST SLP M ON M
[REMARKS]