000
CXUS55 KBOI 011002
CF6MUO
PRELIMINARY LOCAL CLIMATOLOGICAL DATA (WS FORM: F-6)
STATION: MOUNTAIN HOME AFB
MONTH: MAY
YEAR: 2023
LATITUDE: 43 2 N
LONGITUDE: 115 52 W
TEMPERATURE IN F: :PCPN: SNOW: WIND :SUNSHINE: SKY :PK WND
================================================================================
1 2 3 4 5 6A 6B 7 8 9 10 11 12 13 14 15 16 17 18
12Z AVG MX 2MIN
DY MAX MIN AVG DEP HDD CDD WTR SNW DPTH SPD SPD DIR MIN PSBL S-S WX SPD DR
================================================================================
1 84 53 69 15 0 4 0.00 M M 8.7 17 100 M M 5 20 290
2 80 52 66 12 0 1 0.00 M M 10.1 20 320 M M 5 20 60
3 82 43 63 9 2 0 0.00 M M 13.2 23 90 M M 4 36 90
4 69 48 59 4 6 0 0.07 M M 14.7 29 160 M M 5 7 39 160
5 60 44 52 -3 13 0 0.26 M M 12.0 21 80 M M 6 21 130
6 62 43 53 -2 12 0 0.11 M M 7.3 18 260 M M 7 M M
7 58 39 49 -7 16 0 0.07 M M 5.4 12 280 M M 5 26 120
8 63 34 49 -7 16 0 0.17 M M 10.1 25 270 M M 5 3 38 270
9 59 40 50 -6 15 0 0.12 M M 6.3 14 260 M M 3 M M
10 68 35 52 -5 13 0 0.00 M M 7.8 13 290 M M 2 M M
11 72 41 57 0 8 0 0.00 M M 11.0 17 310 M M 1 23 290
12 77 42 60 3 5 0 0.00 M M 6.3 13 320 M M 0 M M
13 75 46 61 4 4 0 0.01 M M 4.3 36 40 M M 3 45 40
14 73 51 62 4 3 0 0.12 M M 10.6 27 100 M M 6 3 37 110
15 80 52 66 8 0 1 0.08 M M 12.0 20 100 M M 5 3 25 290
16 82 49 66 8 0 1 0.00 M M 8.4 14 320 M M 2 M M
17 80 50 65 6 0 0 0.05 M M 7.1 14 310 M M 5 3 M M
18 82 47 65 6 0 0 T M M 5.6 9 340 M M 1 M M
19 86 52 69 10 0 4 0.00 M M 7.1 21 90 M M 0 8 18 110
20 89 50 70 10 0 5 T M M 5.1 9 80 M M 0 8 M M
21 90 54 72 12 0 7 0.05 M M 9.9 32 300 M M 2 41 300
22 75 49 62 2 3 0 0.01 M M 13.8 25 310 M M 4 31 320
23 74 48 61 0 4 0 0.04 M M 8.3 20 330 M M 7 3 M M
24 76 54 65 4 0 0 T M M 8.8 17 120 M M 6 25 120
25 75 51 63 2 2 0 T M M 5.3 18 320 M M 7 30 320
26 75 54 65 4 0 0 0.06 M M 8.2 15 260 M M 7 3 20 280
27 74 50 62 0 3 0 0.01 M M 7.6 20 330 M M 5 30 200
28 79 45 62 0 3 0 0.00 M M 5.7 12 270 M M 1 20 270
29 83 45 64 2 1 0 T M M 4.5 17 280 M M 1 28 30
30 83 51 67 4 0 2 T M M 8.2 23 230 M M 5 7 36 240
31 80 50 65 2 0 0 T M M 6.8 31 280 M M 6 7 45 290
================================================================================
SM 2345 1462 129 25 1.23 M 260.1 M 121
================================================================================
AV 75.6 47.2 8.4 FASTST M M 4 MAX(MPH)
MISC ----> 36 40 # 45 40
================================================================================
NOTES:
# LAST OF SEVERAL OCCURRENCES
COLUMN 17 PEAK WIND IN M.P.H.
PRELIMINARY LOCAL CLIMATOLOGICAL DATA (WS FORM: F-6) , PAGE 2
STATION: MOUNTAIN HOME AFB
MONTH: MAY
YEAR: 2023
LATITUDE: 43 2 N
LONGITUDE: 115 52 W
[TEMPERATURE DATA] [PRECIPITATION DATA] SYMBOLS USED IN COLUMN 16
AVERAGE MONTHLY: 61.4 TOTAL FOR MONTH: 1.23 1 = FOG OR MIST
DPTR FM NORMAL: 3.1 DPTR FM NORMAL: -0.03 2 = FOG REDUCING VISIBILITY
HIGHEST: 90 ON 21 GRTST 24HR 0.26 ON 5- 5 TO 1/4 MILE OR LESS
LOWEST: 34 ON 8 3 = THUNDER
SNOW, ICE PELLETS, HAIL 4 = ICE PELLETS
TOTAL MONTH: M 5 = HAIL
GRTST 24HR M ON M 6 = FREEZING RAIN OR DRIZZLE
GRTST DEPTH: M ON M 7 = DUSTSTORM OR SANDSTORM:
VSBY 1/2 MILE OR LESS
8 = SMOKE OR HAZE
[NO. OF DAYS WITH] [WEATHER - DAYS WITH] 9 = BLOWING SNOW
X = TORNADO
MAX 32 OR BELOW: 0 0.01 INCH OR MORE: 15
MAX 90 OR ABOVE: 1 0.10 INCH OR MORE: 5
MIN 32 OR BELOW: 0 0.50 INCH OR MORE: 0
MIN 0 OR BELOW: 0 1.00 INCH OR MORE: 0
[HDD (BASE 65) ]
TOTAL THIS MO. 129 CLEAR (SCALE 0-3) 10
DPTR FM NORMAL -124 PTCLDY (SCALE 4-7) 21
TOTAL FM JUL 1 6138 CLOUDY (SCALE 8-10) 0
DPTR FM NORMAL 375
[CDD (BASE 65) ]
TOTAL THIS MO. 25
DPTR FM NORMAL -11 [PRESSURE DATA]
TOTAL FM JAN 1 27 HIGHEST SLP M ON M
DPTR FM NORMAL -9 LOWEST SLP M ON M
[REMARKS]
#FINAL-05-23#