000
CXUS55 KBOI 011002
CF6MUO
PRELIMINARY LOCAL CLIMATOLOGICAL DATA (WS FORM: F-6)
STATION: MOUNTAIN HOME AFB
MONTH: MARCH
YEAR: 2023
LATITUDE: 43 2 N
LONGITUDE: 115 52 W
TEMPERATURE IN F: :PCPN: SNOW: WIND :SUNSHINE: SKY :PK WND
================================================================================
1 2 3 4 5 6A 6B 7 8 9 10 11 12 13 14 15 16 17 18
12Z AVG MX 2MIN
DY MAX MIN AVG DEP HDD CDD WTR SNW DPTH SPD SPD DIR MIN PSBL S-S WX SPD DR
================================================================================
1 38 24 31 -8 34 0 T M M 17.6 27 290 M M 4 1 35 290
2 38 20 29 -10 36 0 T M M 8.1 14 90 M M 6 M M
3 39 24 32 -7 33 0 T M M 10.9 16 310 M M 6 21 310
4 35 24 30 -10 35 0 T M M 18.5 26 90 M M 8 1 35 100
5 37 13 25 -15 40 0 T M M 12.9 27 90 M M 5 31 90
6 39 21 30 -10 35 0 T M M 5.9 18 310 M M 5 23 310
7 40 22 31 -9 34 0 T M M 16.9 27 90 M M 5 1 33 100
8 38 21 30 -11 35 0 T M M 15.7 25 90 M M 5 1 31 100
9 44 21 33 -8 32 0 T M M 18.1 30 100 M M 6 126 43 80
10 48 31 40 -1 25 0 T M M 19.8 31 80 M M 7 19 44 80
11 M M M M M M M M M M M M M M M M M
12 48 32 40 -2 25 0 T M M 19.7 25 90 M M 9 32 90
13 57 34 46 4 19 0 T M M 16.4 21 100 M M 8 25 90
14 51 40 46 4 19 0 T M M 11.2 20 100 M M 9 1 27 90
15 53 26 40 -3 25 0 T M M 19.1 28 300 M M 6 36 320
16 47 22 35 -8 30 0 0.00 M M 9.9 17 300 M M 0 M M
17 49 20 35 -8 30 0 0.00 M M 10.3 20 90 M M 0 23 90
18 52 23 38 -5 27 0 0.00 M M 15.2 26 110 M M 0 36 90
19 52 29 41 -3 24 0 T M M 16.5 26 100 M M 4 35 110
20 49 35 42 -2 23 0 T M M 11.6 26 260 M M 8 36 210
21 48 31 40 -4 25 0 T M M 7.1 15 70 M M 6 M M
22 50 30 40 -4 25 0 T M M 5.0 12 190 M M 9 M M
23 49 30 40 -5 25 0 T M M 7.8 17 260 M M 8 25 260
24 42 27 35 -10 30 0 T M M 15.8 24 310 M M 7 40 260
25 40 22 31 -14 34 0 T M M 9.9 20 320 M M 3 22 300
26 40 20 30 -15 35 0 0.00 M M 15.3 23 290 M M 2 35 280
27 46 20 33 -12 32 0 0.00 M M 11.2 22 90 M M 1 31 90
28 51 35 43 -3 22 0 0.00 M M 24.0 31 80 M M 8 43 90
29 46 33 40 -6 25 0 0.01 M M 6.8 16 140 M M 9 M M
30 44 32 38 -8 27 0 0.22 M M 13.2 24 290 M M 10 32 290
31 49 34 42 -4 23 0 T M M 5.8 14 90 M M 9 M M
================================================================================
SM 1359 796 864 0 0.23 M 396.1 M 173
================================================================================
AV 45.3 26.5 13.2 FASTST M M 6 MAX(MPH)
MISC ----> 31 80 44 80
================================================================================
NOTES:
# LAST OF SEVERAL OCCURRENCES
COLUMN 17 PEAK WIND IN M.P.H.
PRELIMINARY LOCAL CLIMATOLOGICAL DATA (WS FORM: F-6) , PAGE 2
STATION: MOUNTAIN HOME AFB
MONTH: MARCH
YEAR: 2023
LATITUDE: 43 2 N
LONGITUDE: 115 52 W
[TEMPERATURE DATA] [PRECIPITATION DATA] SYMBOLS USED IN COLUMN 16
AVERAGE MONTHLY: 35.9 TOTAL FOR MONTH: 0.23 1 = FOG OR MIST
DPTR FM NORMAL: -6.8 DPTR FM NORMAL: -0.97 2 = FOG REDUCING VISIBILITY
HIGHEST: 57 ON 13 GRTST 24HR 0.22 ON 30-30 TO 1/4 MILE OR LESS
LOWEST: 13 ON 5 3 = THUNDER
SNOW, ICE PELLETS, HAIL 4 = ICE PELLETS
TOTAL MONTH: M 5 = HAIL
GRTST 24HR M ON M 6 = FREEZING RAIN OR DRIZZLE
GRTST DEPTH: M ON M 7 = DUSTSTORM OR SANDSTORM:
VSBY 1/2 MILE OR LESS
8 = SMOKE OR HAZE
[NO. OF DAYS WITH] [WEATHER - DAYS WITH] 9 = BLOWING SNOW
X = TORNADO
MAX 32 OR BELOW: 0 0.01 INCH OR MORE: 2
MAX 90 OR ABOVE: 0 0.10 INCH OR MORE: 1
MIN 32 OR BELOW: 24 0.50 INCH OR MORE: 0
MIN 0 OR BELOW: 0 1.00 INCH OR MORE: 0
[HDD (BASE 65) ]
TOTAL THIS MO. 864 CLEAR (SCALE 0-3) 5
DPTR FM NORMAL 167 PTCLDY (SCALE 4-7) 19
TOTAL FM JUL 1 5446 CLOUDY (SCALE 8-10) 6
DPTR FM NORMAL 413
[CDD (BASE 65) ]
TOTAL THIS MO. 0
DPTR FM NORMAL 0 [PRESSURE DATA]
TOTAL FM JAN 1 0 HIGHEST SLP M ON M
DPTR FM NORMAL 0 LOWEST SLP M ON M
[REMARKS]
#FINAL-03-23#