000
CXUS55 KBOI 011002
CF6MUO
PRELIMINARY LOCAL CLIMATOLOGICAL DATA (WS FORM: F-6)
STATION: MOUNTAIN HOME AFB
MONTH: MARCH
YEAR: 2022
LATITUDE: 43 2 N
LONGITUDE: 115 52 W
TEMPERATURE IN F: :PCPN: SNOW: WIND :SUNSHINE: SKY :PK WND
================================================================================
1 2 3 4 5 6A 6B 7 8 9 10 11 12 13 14 15 16 17 18
12Z AVG MX 2MIN
DY MAX MIN AVG DEP HDD CDD WTR SNW DPTH SPD SPD DIR MIN PSBL S-S WX SPD DR
================================================================================
1 58 37 48 9 17 0 0.00 M M 15.0 18 110 M M 8 23 110
2 63 35 49 10 16 0 0.00 M M 18.0 23 120 M M 4 30 130
3 62 35 49 10 16 0 0.00 M M 16.1 23 340 M M 4 M M
4 47 32 40 0 25 0 0.00 M M 14.0 20 330 M M 6 M M
5 42 22 32 -8 33 0 0.00 M M 11.6 25 340 M M 5 31 340
6 48 27 38 -2 27 0 0.00 M M 18.5 32 320 M M 1 43 300
7 49 22 36 -4 29 0 0.00 M M 8.9 17 340 M M 3 25 340
8 49 25 37 -4 28 0 0.01 M M 10.4 22 330 M M 7 31 320
9 37 22 30 -11 35 0 0.01 M M 10.7 18 110 M M 8 1 27 140
10 37 15 26 -15 39 0 0.00 M M 8.7 16 340 M M 1 22 310
11 49 18 34 -8 31 0 0.00 M M 3.9 9 110 M M 5 M M
12 64 31 48 6 17 0 0.00 M M 13.2 21 120 M M 1 21 130
13 52 30 41 -1 24 0 T M M 12.9 26 310 M M 7 36 310
14 57 25 41 -1 24 0 0.00 M M 9.9 17 130 M M 1 M M
15 53 36 45 2 20 0 0.19 M M 9.8 24 110 M M 6 32 140
16 50 31 41 -2 24 0 0.00 M M 14.5 23 320 M M 5 33 310
17 53 24 39 -4 26 0 0.00 M M 9.1 17 110 M M 2 M M
18 60 29 45 2 20 0 0.00 M M 6.2 14 130 M M 2 M M
19 60 39 50 6 15 0 0.10 M M 14.0 27 320 M M 4 36 310
20 46 30 38 -6 27 0 0.00 M M 22.8 35 310 M M 2 45 310
21 53 28 41 -3 24 0 0.00 M M 8.5 21 320 M M 4 24 300
22 62 31 47 3 18 0 0.00 M M 10.9 18 310 M M 1 24 320
23 69 33 51 6 14 0 0.00 M M 7.2 12 120 M M 1 M M
24 65 41 53 8 12 0 0.00 M M 7.7 15 340 M M 0 16 350
25 73 36 55 10 10 0 0.00 M M 7.9 20 110 M M 1 M M
26 69 35 52 7 13 0 0.00 M M 2.9 7 60 M M 1 M M
27 65 40 53 8 12 0 0.00 M M 6.3 13 100 M M 2 M M
28 65 37 51 5 14 0 0.00 M M 12.1 28 330 M M 3 35 330
29 66 42 54 8 11 0 0.00 M M 21.8 32 330 M M 1 41 340
30 62 32 47 1 18 0 0.00 M M 10.2 22 340 M M 2 30 340
31 53 31 42 -4 23 0 0.00 M M 18.4 27 320 M M 1 35 300
================================================================================
SM 1738 951 662 0 0.31 M 362.2 M 99
================================================================================
AV 56.1 30.7 11.7 FASTST M M 3 MAX(MPH)
MISC ----> 35 310 45 310
================================================================================
NOTES:
# LAST OF SEVERAL OCCURRENCES
COLUMN 17 PEAK WIND IN M.P.H.
PRELIMINARY LOCAL CLIMATOLOGICAL DATA (WS FORM: F-6) , PAGE 2
STATION: MOUNTAIN HOME AFB
MONTH: MARCH
YEAR: 2022
LATITUDE: 43 2 N
LONGITUDE: 115 52 W
[TEMPERATURE DATA] [PRECIPITATION DATA] SYMBOLS USED IN COLUMN 16
AVERAGE MONTHLY: 43.4 TOTAL FOR MONTH: 0.31 1 = FOG OR MIST
DPTR FM NORMAL: 0.7 DPTR FM NORMAL: -0.89 2 = FOG REDUCING VISIBILITY
HIGHEST: 73 ON 25 GRTST 24HR 0.19 ON 15-15 TO 1/4 MILE OR LESS
LOWEST: 15 ON 10 3 = THUNDER
SNOW, ICE PELLETS, HAIL 4 = ICE PELLETS
TOTAL MONTH: M 5 = HAIL
GRTST 24HR M ON M 6 = FREEZING RAIN OR DRIZZLE
GRTST DEPTH: M ON M 7 = DUSTSTORM OR SANDSTORM:
VSBY 1/2 MILE OR LESS
8 = SMOKE OR HAZE
[NO. OF DAYS WITH] [WEATHER - DAYS WITH] 9 = BLOWING SNOW
X = TORNADO
MAX 32 OR BELOW: 0 0.01 INCH OR MORE: 4
MAX 90 OR ABOVE: 0 0.10 INCH OR MORE: 2
MIN 32 OR BELOW: 19 0.50 INCH OR MORE: 0
MIN 0 OR BELOW: 0 1.00 INCH OR MORE: 0
[HDD (BASE 65) ]
TOTAL THIS MO. 662 CLEAR (SCALE 0-3) 18
DPTR FM NORMAL -35 PTCLDY (SCALE 4-7) 12
TOTAL FM JUL 1 5010 CLOUDY (SCALE 8-10) 1
DPTR FM NORMAL -23
[CDD (BASE 65) ]
TOTAL THIS MO. 0
DPTR FM NORMAL 0 [PRESSURE DATA]
TOTAL FM JAN 1 0 HIGHEST SLP M ON M
DPTR FM NORMAL 0 LOWEST SLP M ON M
[REMARKS]
#FINAL-03-22#