000
CXUS56 KOTX 030131
CF6MWH
PRELIMINARY LOCAL CLIMATOLOGICAL DATA (WS FORM: F-6)
STATION: MOSES LAKE WA AIRPORT
MONTH: JANUARY
YEAR: 2022
LATITUDE: 47 12 N
LONGITUDE: 119 19 W
TEMPERATURE IN F: :PCPN: SNOW: WIND :SUNSHINE: SKY :PK WND
================================================================================
1 2 3 4 5 6A 6B 7 8 9 10 11 12 13 14 15 16 17 18
12Z AVG MX 2MIN
DY MAX MIN AVG DEP HDD CDD WTR SNW DPTH SPD SPD DIR MIN PSBL S-S WX SPD DR
================================================================================
1 15 -13 1 -28 64 0 0.00 M M 4.5 9 350 M M 4 10 350
2 19 2 11 -18 54 0 0.00 M M 2.2 7 330 M M 5 7 340
3 26 14 20 -9 45 0 0.09 M M 3.8 12 260 M M 10 12 13 210
4 26 11 19 -10 46 0 0.01 M M 4.9 12 330 M M 10 12 15 320
5 26 20 23 -6 42 0 0.10 M M 6.7 17 320 M M 7 1 21 330
6 27 21 24 -5 41 0 0.25 M M 7.2 20 340 M M 10 1 23 350
7 43 16 30 1 35 0 T M M 7.7 20 290 M M 4 12 24 290
8 36 13 25 -4 40 0 0.00 M M 6.8 16 250 M M 0 22 260
9 31 9 20 -9 45 0 0.00 M M 9.2 14 350 M M 1 12 14 360
10 26 7 17 -12 48 0 T M M 3.9 10 360 M M 0 8 12 360
11 31 18 25 -4 40 0 0.00 M M 3.3 8 260 M M 7 10 190
12 36 24 30 0 35 0 0.00 M M 4.0 12 340 M M 5 12 13 330
13 40 19 30 0 35 0 0.00 M M 3.7 10 330 M M 3 12 11 190
14 34 24 29 -1 36 0 0.00 M M 4.0 9 360 M M 10 12 10 360
15 34 32 33 3 32 0 0.00 M M 2.5 7 150 M M 10 12 8 150
16 32 30 31 1 34 0 0.00 M M 3.0 8 220 M M 10 1 10 230
17 31 28 30 0 35 0 T M M 2.8 7 330 M M 10 12 8 330
18 33 28 31 1 34 0 T M M 4.8 8 250 M M 10 1 11 10
19 34 28 31 1 34 0 0.01 M M 0.8 6 130 M M 10 1 8 90
20 33 24 29 -1 36 0 T M M 2.2 8 210 M M 10 12 10 230
21 38 18 28 -2 37 0 0.00 M M 5.2 12 360 M M 1 13 360
22 34 17 26 -5 39 0 T M M 4.1 10 10 M M 10 12 11 10
23 32 28 30 -1 35 0 0.00 M M 4.1 8 240 M M 10 1 10 340
24 32 27 30 -1 35 0 0.00 M M 5.7 13 340 M M 9 1 M M
25 30 26 28 -3 37 0 0.00 M M 3.1 9 330 M M 10 1 10 330
26 32 27 30 -1 35 0 T M M 2.7 13 30 M M 10 1 14 30
27 33 26 30 -1 35 0 0.00 M M 6.6 14 350 M M 10 16 350
28 31 27 29 -3 36 0 0.00 M M 2.0 8 250 M M 10 9 320
29 29 26 28 -4 37 0 0.00 M M 3.1 8 340 M M 10 10 310
30 31 24 28 -4 37 0 0.00 M M 1.9 8 160 M M 10 1 9 160
31 44 16 30 -2 35 0 0.00 M M 7.0 16 230 M M 1 1 21 230
================================================================================
SM 979 617 1209 0 0.46 M 133.5 M 227
================================================================================
AV 31.6 19.9 4.3 FASTST M M 7 MAX(MPH)
MISC ----> # 20 340 24 290
================================================================================
NOTES:
# LAST OF SEVERAL OCCURRENCES
COLUMN 17 PEAK WIND IN M.P.H.
PRELIMINARY LOCAL CLIMATOLOGICAL DATA (WS FORM: F-6) , PAGE 2
STATION: MOSES LAKE WA AIRPORT
MONTH: JANUARY
YEAR: 2022
LATITUDE: 47 12 N
LONGITUDE: 119 19 W
[TEMPERATURE DATA] [PRECIPITATION DATA] SYMBOLS USED IN COLUMN 16
AVERAGE MONTHLY: 25.7 TOTAL FOR MONTH: 0.46 1 = FOG OR MIST
DPTR FM NORMAL: -4.4 DPTR FM NORMAL: -0.56 2 = FOG REDUCING VISIBILITY
HIGHEST: 44 ON 31 GRTST 24HR 0.62 ON 5- 6 TO 1/4 MILE OR LESS
LOWEST: -13 ON 1 3 = THUNDER
SNOW, ICE PELLETS, HAIL 4 = ICE PELLETS
TOTAL MONTH: M 5 = HAIL
GRTST 24HR M ON M 6 = FREEZING RAIN OR DRIZZLE
GRTST DEPTH: M ON M 7 = DUSTSTORM OR SANDSTORM:
VSBY 1/2 MILE OR LESS
8 = SMOKE OR HAZE
[NO. OF DAYS WITH] [WEATHER - DAYS WITH] 9 = BLOWING SNOW
X = TORNADO
MAX 32 OR BELOW: 18 0.01 INCH OR MORE: 5
MAX 90 OR ABOVE: 0 0.10 INCH OR MORE: 2
MIN 32 OR BELOW: 31 0.50 INCH OR MORE: 0
MIN 0 OR BELOW: 1 1.00 INCH OR MORE: 0
[HDD (BASE 65) ]
TOTAL THIS MO. 1209 CLEAR (SCALE 0-3) 6
DPTR FM NORMAL 127 PTCLDY (SCALE 4-7) 6
TOTAL FM JUL 1 3562 CLOUDY (SCALE 8-10) 19
DPTR FM NORMAL -36
[CDD (BASE 65) ]
TOTAL THIS MO. 0
DPTR FM NORMAL 0 [PRESSURE DATA]
TOTAL FM JAN 1 0 HIGHEST SLP 30.73 ON 27
DPTR FM NORMAL 0 LOWEST SLP 29.30 ON 7
[REMARKS]
#FINAL-01-22#