000
CXUS56 KOTX 011010
CF6MWH
PRELIMINARY LOCAL CLIMATOLOGICAL DATA (WS FORM: F-6)
STATION: MOSES LAKE WA AIRPORT
MONTH: NOVEMBER
YEAR: 2020
LATITUDE: 47 12 N
LONGITUDE: 119 19 W
TEMPERATURE IN F: :PCPN: SNOW: WIND :SUNSHINE: SKY :PK WND
================================================================================
1 2 3 4 5 6A 6B 7 8 9 10 11 12 13 14 15 16 17 18
12Z AVG MX 2MIN
DY MAX MIN AVG DEP HDD CDD WTR SNW DPTH SPD SPD DIR MIN PSBL S-S WX SPD DR
================================================================================
1 64 29 47 4 18 0 0.00 M M 6.0 10 360 M M 0 12 30
2 57 27 42 -1 23 0 0.00 M M 2.4 9 40 M M 0 8 10 40
3 50 25 38 -4 27 0 0.03 M M 3.1 8 350 M M 2 18 10 170
4 70 34 52 10 13 0 0.00 M M 6.8 20 190 M M 3 128 27 200
5 65 45 55 13 10 0 0.05 M M 10.1 22 180 M M 9 27 180
6 54 39 47 6 18 0 0.00 M M 12.3 25 10 M M 8 8 31 10
7 53 24 39 -2 26 0 T M M 12.5 31 350 M M 2 78 36 350
8 46 26 36 -4 29 0 0.00 M M 15.9 32 360 M M 9 8 40 360
9 43 17 30 -10 35 0 T M M 7.4 17 170 M M 4 21 150
10 48 22 35 -5 30 0 0.00 M M 5.7 14 350 M M 4 12 17 360
11 47 21 34 -5 31 0 0.00 M M 3.5 10 160 M M 2 1 13 180
12 41 17 29 -10 36 0 0.05 M M 3.9 14 150 M M 5 18 17 140
13 54 35 45 7 20 0 0.09 M M 14.3 30 260 M M 5 38 250
14 50 32 41 3 24 0 0.23 M M 7.9 17 160 M M 4 1 24 290
15 55 35 45 7 20 0 0.00 M M 9.2 20 230 M M 2 1 28 230
16 47 38 43 6 22 0 0.15 M M 6.9 12 340 M M 6 1 14 330
17 54 40 47 10 18 0 0.00 M M 8.3 22 200 M M 1 1 32 190
18 51 39 45 8 20 0 0.01 M M 7.8 16 210 M M 3 22 220
19 55 35 45 9 20 0 0.00 M M 8.3 18 250 M M 2 23 250
20 50 28 39 3 26 0 0.00 M M 4.6 13 180 M M 0 15 180
21 48 25 37 2 28 0 0.00 M M 4.7 13 360 M M 0 14 360
22 42 29 36 1 29 0 0.07 M M 3.9 10 350 M M 3 1 13 350
23 38 34 36 1 29 0 0.08 M M 1.7 7 170 M M 10 18 8 170
24 39 35 37 3 28 0 0.00 M M 5.9 13 180 M M 9 18 15 170
25 46 27 37 3 28 0 0.00 M M 4.2 10 350 M M 3 1 17 10
26 45 25 35 1 30 0 0.00 M M 2.6 8 330 M M 0 1 9 10
27 35 27 31 -2 34 0 0.00 M M 2.1 9 340 M M 7 12 9 340
28 47 30 39 6 26 0 0.00 M M 5.4 15 350 M M 5 12 17 360
29 45 25 35 3 30 0 0.00 M M 7.0 12 350 M M 2 14 340
30 51 27 39 7 26 0 0.01 M M 8.2 30 260 M M 4 12 36 260
================================================================================
SM 1490 892 754 0 0.77 M 202.6 M 114
================================================================================
AV 49.7 29.7 6.8 FASTST M M 4 MAX(MPH)
MISC ----> 32 360 40 360
================================================================================
NOTES:
# LAST OF SEVERAL OCCURRENCES
COLUMN 17 PEAK WIND IN M.P.H.
PRELIMINARY LOCAL CLIMATOLOGICAL DATA (WS FORM: F-6) , PAGE 2
STATION: MOSES LAKE WA AIRPORT
MONTH: NOVEMBER
YEAR: 2020
LATITUDE: 47 12 N
LONGITUDE: 119 19 W
[TEMPERATURE DATA] [PRECIPITATION DATA] SYMBOLS USED IN COLUMN 16
AVERAGE MONTHLY: 39.7 TOTAL FOR MONTH: 0.77 1 = FOG OR MIST
DPTR FM NORMAL: 2.2 DPTR FM NORMAL: -0.43 2 = FOG REDUCING VISIBILITY
HIGHEST: 70 ON 4 GRTST 24HR 0.23 ON 14-14 TO 1/4 MILE OR LESS
LOWEST: 17 ON 12, 9 3 = THUNDER
SNOW, ICE PELLETS, HAIL 4 = ICE PELLETS
TOTAL MONTH: M 5 = HAIL
GRTST 24HR M ON M 6 = FREEZING RAIN OR DRIZZLE
GRTST DEPTH: M ON M 7 = DUSTSTORM OR SANDSTORM:
VSBY 1/2 MILE OR LESS
8 = SMOKE OR HAZE
[NO. OF DAYS WITH] [WEATHER - DAYS WITH] 9 = BLOWING SNOW
X = TORNADO
MAX 32 OR BELOW: 0 0.01 INCH OR MORE: 10
MAX 90 OR ABOVE: 0 0.10 INCH OR MORE: 2
MIN 32 OR BELOW: 19 0.50 INCH OR MORE: 0
MIN 0 OR BELOW: 0 1.00 INCH OR MORE: 0
[HDD (BASE 65) ]
TOTAL THIS MO. 754 CLEAR (SCALE 0-3) 15
DPTR FM NORMAL -70 PTCLDY (SCALE 4-7) 11
TOTAL FM JUL 1 1181 CLOUDY (SCALE 8-10) 4
DPTR FM NORMAL -279
[CDD (BASE 65) ]
TOTAL THIS MO. 0
DPTR FM NORMAL 0 [PRESSURE DATA]
TOTAL FM JAN 1 917 HIGHEST SLP M ON M
DPTR FM NORMAL 302 LOWEST SLP 29.25 ON 13
[REMARKS]
#FINAL-11-20#