000
CXUS54 KLZK 221230
CF6MWT
PRELIMINARY LOCAL CLIMATOLOGICAL DATA (WS FORM: F-6)
STATION: MOUNT IDA
MONTH: APRIL
YEAR: 2024
LATITUDE: 34 32 N
LONGITUDE: 93 35 W
TEMPERATURE IN F: :PCPN: SNOW: WIND :SUNSHINE: SKY :PK WND
================================================================================
1 2 3 4 5 6A 6B 7 8 9 10 11 12 13 14 15 16 17 18
12Z AVG MX 2MIN
DY MAX MIN AVG DEP HDD CDD WTR SNW DPTH SPD SPD DIR MIN PSBL S-S WX SPD DR
================================================================================
1 77 68 73 15 0 8 0.00 0.0 0 3.2 12 200 M M 8 29 160
2 74 44 59 1 6 0 0.07 0.0 0 6.9 17 310 M M 5 31 320
3 63 43 53 -5 12 0 0.00 0.0 0 6.4 20 300 M M 0 37 290
4 73 36 55 -4 10 0 0.00 0.0 0 3.5 15 290 M M 0 27 320
5 75 36 56 -3 9 0 0.00 0.0 0 2.2 9 120 M M 0 15 100
6 76 52 64 5 1 0 0.00 0.0 0 7.3 18 120 M M 1 32 120
7 80 48 64 5 1 0 0.06 0.0 0 3.3 13 220 M M 4 26 170
8 82 40 61 1 4 0 0.15 0.0 0 2.7 16 120 M M 2 29 130
9 66 58 62 2 3 0 0.71 0.0 0 2.2 10 100 M M 8 1 17 90
10 68 53 61 1 4 0 1.53 0.0 0 1.9 14 110 M M 10 1 22 110
11 70 48 59 -1 6 0 0.09 0.0 0 7.3 18 280 M M 2 1 35 250
12 79 39 59 -2 6 0 0.00 0.0 0 1.2 10 310 M M 0 19 330
13 84 45 65 4 0 0 0.00 0.0 0 3.3 14 200 M M 0 26 270
14 78 63 71 10 0 6 0.00 0.0 0 3.2 12 210 M M 5 21 230
15 73 62 68 7 0 3 0.03 0.0 0 1.8 7 99 M M 3 M M
16 73 68 71 9 0 6 0.08 0.0 0 3.5 7 99 M M 9 18 M M
17 84 69 77 15 0 12 0.00 0.0 0 2.2 8 170 M M 1 1 14 140
18 85 67 76 14 0 11 0.00 0.0 0 3.5 9 290 M M 7 1 18 290
19 67 58 63 1 2 0 0.00 0.0 0 2.0 8 310 M M 10 18 17 20
20 59 49 54 -8 11 0 0.21 0.0 0 1.7 9 100 M M 9 1 16 70
21 67 40 54 -9 11 0 0.02 0.0 0 2.1 10 310 M M 2 1 21 280
================================================================================
SM 1553 1086 86 46 2.95 0.0 71.4 M 86
================================================================================
AV 74.0 51.7 3.4 FASTST M M 4 MAX(MPH)
MISC ----> 20 300 37 290
================================================================================
NOTES:
# LAST OF SEVERAL OCCURRENCES
COLUMN 17 PEAK WIND IN M.P.H.
PRELIMINARY LOCAL CLIMATOLOGICAL DATA (WS FORM: F-6) , PAGE 2
STATION: MOUNT IDA
MONTH: APRIL
YEAR: 2024
LATITUDE: 34 32 N
LONGITUDE: 93 35 W
[TEMPERATURE DATA] [PRECIPITATION DATA] SYMBOLS USED IN COLUMN 16
AVERAGE MONTHLY: 62.8 TOTAL FOR MONTH: 2.95 1 = FOG OR MIST
DPTR FM NORMAL: 2.5 DPTR FM NORMAL: -1.11 2 = FOG REDUCING VISIBILITY
HIGHEST: 85 ON 18 GRTST 24HR 1.53 ON 10-10 TO 1/4 MILE OR LESS
LOWEST: 36 ON 5, 4 3 = THUNDER
SNOW, ICE PELLETS, HAIL 4 = ICE PELLETS
TOTAL MONTH: 0.0 INCH 5 = HAIL
GRTST 24HR 0.0 6 = FREEZING RAIN OR DRIZZLE
GRTST DEPTH: 0 7 = DUSTSTORM OR SANDSTORM:
VSBY 1/2 MILE OR LESS
8 = SMOKE OR HAZE
[NO. OF DAYS WITH] [WEATHER - DAYS WITH] 9 = BLOWING SNOW
X = TORNADO
MAX 32 OR BELOW: 0 0.01 INCH OR MORE: 10
MAX 90 OR ABOVE: 0 0.10 INCH OR MORE: 4
MIN 32 OR BELOW: 0 0.50 INCH OR MORE: 2
MIN 0 OR BELOW: 0 1.00 INCH OR MORE: 1
[HDD (BASE 65) ]
TOTAL THIS MO. 86 CLEAR (SCALE 0-3) 11
DPTR FM NORMAL -42 PTCLDY (SCALE 4-7) 5
TOTAL FM JUL 1 2617 CLOUDY (SCALE 8-10) 5
DPTR FM NORMAL -404
[CDD (BASE 65) ]
TOTAL THIS MO. 46
DPTR FM NORMAL 13 [PRESSURE DATA]
TOTAL FM JAN 1 86 HIGHEST SLP M ON M
DPTR FM NORMAL 34 LOWEST SLP 29.35 ON 13
[REMARKS]