000
CXUS56 KSGX 011045
CF6MYF
PRELIMINARY LOCAL CLIMATOLOGICAL DATA (WS FORM: F-6)
STATION: SAN DIEGO/MONTGOMERY FLD CA
MONTH: JULY
YEAR: 2023
LATITUDE: 32 49 N
LONGITUDE: 117 9 W
TEMPERATURE IN F: :PCPN: SNOW: WIND :SUNSHINE: SKY :PK WND
================================================================================
1 2 3 4 5 6A 6B 7 8 9 10 11 12 13 14 15 16 17 18
12Z AVG MX 2MIN
DY MAX MIN AVG DEP HDD CDD WTR SNW DPTH SPD SPD DIR MIN PSBL S-S WX SPD DR
================================================================================
1 76 62 69 -1 0 4 0.00 M M 5.3 14 240 M M 5 18 17 240
2 79 60 70 0 0 5 0.00 M M 4.6 12 300 M M 3 18 15 310
3 76 60 68 -2 0 3 0.00 M M 4.9 10 320 M M 5 18 15 260
4 77 59 68 -3 0 3 0.00 M M 5.3 13 230 M M 4 18 15 240
5 76 59 68 -3 0 3 0.00 M M 5.7 14 240 M M 3 18 17 250
6 72 58 65 -6 0 0 0.00 M M 4.6 14 230 M M 5 18 18 240
7 72 60 66 -5 0 1 0.00 M M 4.5 13 250 M M 4 19 260
8 72 61 67 -4 0 2 0.00 M M 5.4 14 250 M M 4 20 210
9 75 61 68 -3 0 3 0.00 M M 5.5 12 310 M M 5 17 290
10 79 63 71 0 0 6 0.00 M M 4.6 12 240 M M 4 18 15 260
11 86 61 74 2 0 9 0.00 M M 4.6 10 240 M M 2 18 17 250
12 90 67 79 7 0 14 0.00 M M 6.0 13 300 M M 0 8 17 290
13 91 68 80 8 0 15 0.00 M M 5.5 14 290 M M 0 19 300
14 83 65 74 2 0 9 0.00 M M 4.8 12 220 M M 0 1 14 240
15 78 65 72 0 0 7 0.00 M M 4.4 10 240 M M 3 16 230
16 79 64 72 0 0 7 0.00 M M 4.6 13 200 M M 0 18 17 220
17 87 67 77 5 0 12 0.00 M M 4.1 12 210 M M 0 18 16 220
18 86 66 76 4 0 11 0.00 M M 5.3 13 240 M M 1 18 17 260
19 86 66 76 4 0 11 0.00 M M 5.7 12 290 M M 2 18 17 280
20 86 65 76 4 0 11 0.00 M M 5.2 13 230 M M 1 18 16 240
21 82 64 73 1 0 8 0.00 M M 5.2 12 190 M M 3 128 15 200
22 80 64 72 -1 0 7 0.00 M M 4.3 12 280 M M 4 18 14 280
23 76 64 70 -3 0 5 T M M 4.4 12 310 M M 5 18 14 300
24 83 65 74 1 0 9 0.00 M M 5.2 13 240 M M 2 128 16 250
25 87 64 76 3 0 11 0.00 M M 3.9 10 230 M M 2 128 14 240
26 90 68 79 6 0 14 0.00 M M 4.4 12 240 M M 0 8 15 240
27 84 66 75 2 0 10 0.00 M M 5.1 13 250 M M 1 128 17 230
28 78 65 72 -1 0 7 0.00 M M 4.5 16 210 M M 3 18 21 210
29 87 68 78 5 0 13 0.00 M M 5.1 14 200 M M 0 18 19 240
30 88 68 78 5 0 13 0.00 M M 5.0 15 180 M M 2 18 18 200
31 83 69 76 3 0 11 T M M 4.0 12 210 M M 2 18 15 210
================================================================================
SM 2524 1982 0 244 T M 151.7 M 75
================================================================================
AV 81.4 63.9 4.9 FASTST M M 2 MAX(MPH)
MISC ----> 16 210 21 210
================================================================================
NOTES:
# LAST OF SEVERAL OCCURRENCES
COLUMN 17 PEAK WIND IN M.P.H.
PRELIMINARY LOCAL CLIMATOLOGICAL DATA (WS FORM: F-6) , PAGE 2
STATION: SAN DIEGO/MONTGOMERY FLD CA
MONTH: JULY
YEAR: 2023
LATITUDE: 32 49 N
LONGITUDE: 117 9 W
[TEMPERATURE DATA] [PRECIPITATION DATA] SYMBOLS USED IN COLUMN 16
AVERAGE MONTHLY: 72.7 TOTAL FOR MONTH: T 1 = FOG OR MIST
DPTR FM NORMAL: 0.8 DPTR FM NORMAL: -0.07 2 = FOG REDUCING VISIBILITY
HIGHEST: 91 ON 13 GRTST 24HR T ON 23-23 TO 1/4 MILE OR LESS
LOWEST: 58 ON 6 3 = THUNDER
SNOW, ICE PELLETS, HAIL 4 = ICE PELLETS
TOTAL MONTH: M 5 = HAIL
GRTST 24HR M ON M 6 = FREEZING RAIN OR DRIZZLE
GRTST DEPTH: M ON M 7 = DUSTSTORM OR SANDSTORM:
VSBY 1/2 MILE OR LESS
8 = SMOKE OR HAZE
[NO. OF DAYS WITH] [WEATHER - DAYS WITH] 9 = BLOWING SNOW
X = TORNADO
MAX 32 OR BELOW: 0 0.01 INCH OR MORE: 0
MAX 90 OR ABOVE: 3 0.10 INCH OR MORE: 0
MIN 32 OR BELOW: 0 0.50 INCH OR MORE: 0
MIN 0 OR BELOW: 0 1.00 INCH OR MORE: 0
[HDD (BASE 65) ]
TOTAL THIS MO. 0 CLEAR (SCALE 0-3) 20
DPTR FM NORMAL -1 PTCLDY (SCALE 4-7) 11
TOTAL FM JUL 1 0 CLOUDY (SCALE 8-10) 0
DPTR FM NORMAL 0
[CDD (BASE 65) ]
TOTAL THIS MO. 244
DPTR FM NORMAL 30 [PRESSURE DATA]
TOTAL FM JAN 1 276 HIGHEST SLP 29.99 ON 24
DPTR FM NORMAL -102 LOWEST SLP 29.79 ON 22
[REMARKS]
#FINAL-07-23#