000
CXUS56 KMTR 011000
CF6OAK
PRELIMINARY LOCAL CLIMATOLOGICAL DATA (WS FORM: F-6)
STATION: OAKLAND AIRPORT
MONTH: JANUARY
YEAR: 2024
LATITUDE: 37 43 N
LONGITUDE: 122 13 W
TEMPERATURE IN F: :PCPN: SNOW: WIND :SUNSHINE: SKY :PK WND
================================================================================
1 2 3 4 5 6A 6B 7 8 9 10 11 12 13 14 15 16 17 18
12Z AVG MX 2MIN
DY MAX MIN AVG DEP HDD CDD WTR SNW DPTH SPD SPD DIR MIN PSBL S-S WX SPD DR
================================================================================
1 58 45 52 3 13 0 0.00 M M 3.9 9 290 M M 2 1 13 230
2 62 44 53 4 12 0 0.23 M M 8.8 30 290 M M 6 1 41 300
3 59 47 53 4 12 0 0.08 M M 7.2 15 300 M M 6 1 20 330
4 58 42 50 1 15 0 0.00 M M 3.5 10 290 M M 3 16 250
5 61 44 53 4 12 0 0.00 M M 4.2 14 310 M M 4 1 18 300
6 56 40 48 -1 17 0 0.13 M M 10.4 31 300 M M 5 1 43 280
7 54 38 46 -3 19 0 0.00 M M 6.6 13 320 M M 1 18 360
8 56 37 47 -2 18 0 0.00 M M 4.0 8 240 M M 5 12 350
9 57 47 52 3 13 0 0.03 M M 9.9 26 290 M M 7 1 35 310
10 56 40 48 -2 17 0 0.13 M M 13.3 31 310 M M 6 1 48 310
11 52 41 47 -3 18 0 0.00 M M 5.6 18 320 M M 3 37 330
12 56 38 47 -3 18 0 0.00 M M 4.6 12 150 M M 7 14 140
13 55 47 51 1 14 0 0.45 M M 9.2 16 140 M M 9 1 21 150
14 58 48 53 3 12 0 0.05 M M 6.1 16 150 M M 7 1 22 160
15 59 45 52 2 13 0 T M M 5.5 13 50 M M 5 16 190
16 55 46 51 1 14 0 0.40 M M 4.0 16 140 M M 8 1 21 150
17 58 47 53 3 12 0 T M M 3.6 10 260 M M 6 1 14 250
18 60 45 53 3 12 0 0.00 M M 4.4 12 70 M M 6 1 14 70
19 58 48 53 3 12 0 0.11 M M 5.8 15 80 M M 9 1 20 150
20 60 54 57 7 8 0 0.17 M M 10.3 17 150 M M 9 1 22 140
21 61 53 57 7 8 0 0.51 M M 12.3 22 160 M M 9 1 30 130
22 59 53 56 6 9 0 0.77 M M 7.5 20 150 M M 9 1 32 140
23 59 52 56 6 9 0 0.00 M M 4.6 16 270 M M 7 32 300
24 60 53 57 7 8 0 0.43 M M 10.2 21 160 M M 9 1 30 120
25 60 46 53 3 12 0 0.00 M M 4.3 12 270 M M 5 1 17 260
26 62 49 56 6 9 0 0.00 M M 3.4 10 70 M M 8 13 80
27 62 51 57 7 8 0 0.00 M M 3.9 14 70 M M 7 15 80
28 66 52 59 8 6 0 0.00 M M 4.1 16 170 M M 7 21 80
29 71 48 60 9 5 0 0.00 M M 3.7 13 300 M M 4 15 300
30 68 53 61 10 4 0 0.00 M M 4.3 12 300 M M 6 1 16 130
31 60 53 57 6 8 0 0.55 M M 17.9 30 160 M M 9 1 49 150
================================================================================
SM 1836 1446 367 0 4.04 M 207.1 M 194
================================================================================
AV 59.2 46.6 6.7 FASTST M M 6 MAX(MPH)
MISC ----> # 31 300 49 150
================================================================================
NOTES:
# LAST OF SEVERAL OCCURRENCES
COLUMN 17 PEAK WIND IN M.P.H.
PRELIMINARY LOCAL CLIMATOLOGICAL DATA (WS FORM: F-6) , PAGE 2
STATION: OAKLAND AIRPORT
MONTH: JANUARY
YEAR: 2024
LATITUDE: 37 43 N
LONGITUDE: 122 13 W
[TEMPERATURE DATA] [PRECIPITATION DATA] SYMBOLS USED IN COLUMN 16
AVERAGE MONTHLY: 52.9 TOTAL FOR MONTH: 4.04 1 = FOG OR MIST
DPTR FM NORMAL: 3.0 DPTR FM NORMAL: 0.62 2 = FOG REDUCING VISIBILITY
HIGHEST: 71 ON 29 GRTST 24HR 1.27 ON 21-22 TO 1/4 MILE OR LESS
LOWEST: 37 ON 8 3 = THUNDER
SNOW, ICE PELLETS, HAIL 4 = ICE PELLETS
TOTAL MONTH: M 5 = HAIL
GRTST 24HR M ON M 6 = FREEZING RAIN OR DRIZZLE
GRTST DEPTH: M ON M 7 = DUSTSTORM OR SANDSTORM:
VSBY 1/2 MILE OR LESS
8 = SMOKE OR HAZE
[NO. OF DAYS WITH] [WEATHER - DAYS WITH] 9 = BLOWING SNOW
X = TORNADO
MAX 32 OR BELOW: 0 0.01 INCH OR MORE: 14
MAX 90 OR ABOVE: 0 0.10 INCH OR MORE: 11
MIN 32 OR BELOW: 0 0.50 INCH OR MORE: 3
MIN 0 OR BELOW: 0 1.00 INCH OR MORE: 0
[HDD (BASE 65) ]
TOTAL THIS MO. 367 CLEAR (SCALE 0-3) 3
DPTR FM NORMAL -103 PTCLDY (SCALE 4-7) 20
TOTAL FM JUL 1 1174 CLOUDY (SCALE 8-10) 8
DPTR FM NORMAL -363
[CDD (BASE 65) ]
TOTAL THIS MO. 0
DPTR FM NORMAL 0 [PRESSURE DATA]
TOTAL FM JAN 1 0 HIGHEST SLP M ON M
DPTR FM NORMAL 0 LOWEST SLP 29.58 ON 31
[REMARKS]
#FINAL-01-24#