000
CXUS53 KOAX 011030
CF6OAX
PRELIMINARY LOCAL CLIMATOLOGICAL DATA (WS FORM: F-6)
STATION: VALLEY NWS NE
MONTH: FEBRUARY
YEAR: 2024
LATITUDE: 41 19 N
LONGITUDE: 96 22 W
TEMPERATURE IN F: :PCPN: SNOW: WIND :SUNSHINE: SKY :PK WND
================================================================================
1 2 3 4 5 6A 6B 7 8 9 10 11 12 13 14 15 16 17 18
12Z AVG MX 2MIN
DY MAX MIN AVG DEP HDD CDD WTR SNW DPTH SPD SPD DIR MIN PSBL S-S WX SPD DR
================================================================================
1 53 31 42 17 23 0 0.00 0.0 T M M M M M M 1 15 M
2 53 40 47 22 18 0 0.00 0.0 T M M M M M M 23 M
3 45 38 42 17 23 0 0.00 0.0 T M M M M M M 1 22 M
4 42 31 37 12 28 0 0.00 0.0 T M M M M M M 20 M
5 50 26 38 12 27 0 0.00 0.0 0 M M M M M M 14 M
6 53 29 41 15 24 0 0.00 0.0 0 M M M M M M 18 M
7 56 46 51 25 14 0 T 0.0 0 M M M M M M 36 M
8 53 41 47 21 18 0 T 0.0 0 M M M M M M 35 M
9 45 29 37 11 28 0 0.00 0.0 0 M M M M M M 22 M
10 38 32 35 8 30 0 0.00 0.0 0 M M M M M M 23 M
11 41 27 34 7 31 0 0.00 0.0 0 M M M M M M 12 M
12 52 23 38 11 27 0 0.00 0.0 0 M M M M M M 18 M
13 53 31 42 15 23 0 0.00 0.0 0 M M M M M M M M
14 59 26 43 15 22 0 0.00 0.0 0 M M M M M M M M
15 40 22 31 3 34 0 0.00 0.0 0 M M M M M M M M
16 31 10 21 -7 44 0 0.08 1.0 1 M M M M M M 31 M
17 37 9 23 -6 42 0 0.00 0.0 T M M M M M M 24 M
18 47 24 36 7 29 0 0.00 0.0 0 M M M M M M 16 M
19 58 27 43 14 22 0 0.00 0.0 0 M M M M M M 25 M
20 69 26 48 18 17 0 0.00 0.0 0 M M M M M M 28 M
21 66 30 48 18 17 0 0.00 0.0 0 M M M M M M 16 M
22 63 38 51 21 14 0 0.00 0.0 0 M M M M M M 31 M
23 63 31 47 16 18 0 0.00 0.0 0 M M M M M M 35 M
24 65 24 45 14 20 0 0.00 0.0 0 M M M M M M 32 M
25 65 29 47 15 18 0 0.00 0.0 0 M M M M M M 12 M
26 78 41 60 28 5 0 0.00 0.0 0 M M M M M M 8 39 M
27 58 15 37 5 28 0 T T 0 M M M M M M 49 M
28 37 8 23 -10 42 0 0.00 0.0 0 M M M M M M 38 M
29 60 29 45 12 20 0 0.00 0.0 0 M M M M M M 39 M
================================================================================
SM 1530 813 706 0 0.08 1.0 M M M
================================================================================
AV 52.8 28.0 M FASTST M M M MAX(MPH)
MISC ----> M M 49 9999
================================================================================
NOTES:
# LAST OF SEVERAL OCCURRENCES
COLUMN 17 PEAK WIND IN M.P.H.
PRELIMINARY LOCAL CLIMATOLOGICAL DATA (WS FORM: F-6) , PAGE 2
STATION: VALLEY NWS NE
MONTH: FEBRUARY
YEAR: 2024
LATITUDE: 41 19 N
LONGITUDE: 96 22 W
[TEMPERATURE DATA] [PRECIPITATION DATA] SYMBOLS USED IN COLUMN 16
AVERAGE MONTHLY: 40.4 TOTAL FOR MONTH: 0.08 1 = FOG OR MIST
DPTR FM NORMAL: 12.2 DPTR FM NORMAL: -0.95 2 = FOG REDUCING VISIBILITY
HIGHEST: 78 ON 26 GRTST 24HR 0.08 ON 16-16 TO 1/4 MILE OR LESS
LOWEST: 8 ON 28 3 = THUNDER
SNOW, ICE PELLETS, HAIL 4 = ICE PELLETS
TOTAL MONTH: 1.0 INCH 5 = HAIL
GRTST 24HR 1.0 ON 16-16 6 = FREEZING RAIN OR DRIZZLE
GRTST DEPTH: 1 ON 16 7 = DUSTSTORM OR SANDSTORM:
VSBY 1/2 MILE OR LESS
8 = SMOKE OR HAZE
[NO. OF DAYS WITH] [WEATHER - DAYS WITH] 9 = BLOWING SNOW
X = TORNADO
MAX 32 OR BELOW: 1 0.01 INCH OR MORE: 1
MAX 90 OR ABOVE: 0 0.10 INCH OR MORE: 0
MIN 32 OR BELOW: 23 0.50 INCH OR MORE: 0
MIN 0 OR BELOW: 0 1.00 INCH OR MORE: 0
[HDD (BASE 65) ]
TOTAL THIS MO. 706 CLEAR (SCALE 0-3) 0
DPTR FM NORMAL -324 PTCLDY (SCALE 4-7) 0
TOTAL FM JUL 1 3930 CLOUDY (SCALE 8-10) 29
DPTR FM NORMAL -739
[CDD (BASE 65) ]
TOTAL THIS MO. 0
DPTR FM NORMAL 0 [PRESSURE DATA]
TOTAL FM JAN 1 0 HIGHEST SLP M ON M
DPTR FM NORMAL 0 LOWEST SLP M ON M
[REMARKS]
#FINAL-02-24#