000
CXUS52 KCAE 011400
CF6OGB
PRELIMINARY LOCAL CLIMATOLOGICAL DATA (WS FORM: F-6)
STATION: ORANGEBURG AIRPORT SC
MONTH: MAY
YEAR: 2022
LATITUDE: 33 27 N
LONGITUDE: 80 51 W
TEMPERATURE IN F: :PCPN: SNOW: WIND :SUNSHINE: SKY :PK WND
================================================================================
1 2 3 4 5 6A 6B 7 8 9 10 11 12 13 14 15 16 17 18
12Z AVG MX 2MIN
DY MAX MIN AVG DEP HDD CDD WTR SNW DPTH SPD SPD DIR MIN PSBL S-S WX SPD DR
================================================================================
1 86 55 71 3 0 6 0.03 M M 5.5 16 170 M M 1 13 22 160
2 87 61 74 6 0 9 0.00 M M 5.4 13 200 M M 1 1 17 270
3 89 64 77 8 0 12 T M M 6.4 18 320 M M 1 123 28 310
4 90 65 78 9 0 13 0.00 M M 7.3 15 250 M M 3 1 19 260
5 91 64 78 9 0 13 0.00 M M 4.4 14 300 M M 0 19 300
6 88 68 78 8 0 13 0.16 M M 11.0 33 240 M M 3 13 49 250
7 76 63 70 0 0 5 0.00 M M 11.0 22 280 M M 4 27 270
8 68 55 62 -8 3 0 0.00 M M 9.9 17 30 M M 8 23 10
9 75 51 63 -7 2 0 0.00 M M 8.1 16 20 M M 3 22 30
10 82 47 65 -6 0 0 0.00 M M 8.4 18 10 M M 0 25 30
11 82 54 68 -3 0 3 0.00 M M 8.8 18 10 M M 0 26 20
12 78 61 70 -1 0 5 0.12 M M 10.0 18 30 M M 7 1 25 10
13 77 63 70 -1 0 5 0.39 M M 5.7 14 60 M M 7 1 20 70
14 82 63 73 1 0 8 0.01 M M 2.8 9 210 M M 6 12 13 220
15 87 62 75 3 0 10 0.00 M M 3.4 20 190 M M 0 1 23 200
16 91 66 79 7 0 14 0.00 M M 6.6 17 230 M M 5 1 23 230
17 87 60 74 2 0 9 0.00 M M 6.1 16 40 M M 0 20 40
18 90 57 74 1 0 9 0.00 M M 4.8 16 190 M M 0 1 20 180
19 96 69 83 10 0 18 0.00 M M 8.5 20 230 M M 2 1 25 270
20 95 69 82 9 0 17 0.00 M M 9.7 20 220 M M 0 26 160
21 85 69 77 4 0 12 0.61 M M 5.6 18 150 M M 3 13 23 140
22 86 69 78 4 0 13 T M M 6.1 25 240 M M 4 33 220
23 89 68 79 5 0 14 0.84 M M 6.6 44 260 M M 3 13 53 260
24 89 66 78 4 0 13 0.00 M M 5.0 15 40 M M 2 22 30
25 82 65 74 0 0 9 0.00 M M 6.7 13 60 M M 8 17 40
26 87 72 80 5 0 15 0.05 M M 8.3 18 150 M M 6 1 25 160
27 85 70 78 3 0 13 1.09 M M 8.4 21 240 M M 4 138 29 220
28 88 67 78 3 0 13 0.00 M M 2.7 13 250 M M 2 12 17 230
29 90 65 78 3 0 13 T M M 3.6 18 160 M M 2 13 23 150
30 89 68 79 3 0 14 0.00 M M 2.9 15 140 M M 2 1 19 140
31 90 66 78 2 0 13 0.00 M M 1.8 9 140 M M 3 12 12 130
================================================================================
SM 2657 1962 5 311 3.30 M 201.5 M 90
================================================================================
AV 85.7 63.3 6.5 FASTST M M 3 MAX(MPH)
MISC ----> 44 260 53 260
================================================================================
NOTES:
# LAST OF SEVERAL OCCURRENCES
COLUMN 17 PEAK WIND IN M.P.H.
PRELIMINARY LOCAL CLIMATOLOGICAL DATA (WS FORM: F-6) , PAGE 2
STATION: ORANGEBURG AIRPORT SC
MONTH: MAY
YEAR: 2022
LATITUDE: 33 27 N
LONGITUDE: 80 51 W
[TEMPERATURE DATA] [PRECIPITATION DATA] SYMBOLS USED IN COLUMN 16
AVERAGE MONTHLY: 74.5 TOTAL FOR MONTH: 3.30 1 = FOG OR MIST
DPTR FM NORMAL: 2.4 DPTR FM NORMAL: -0.05 2 = FOG REDUCING VISIBILITY
HIGHEST: 96 ON 19 GRTST 24HR 1.09 ON 26-27 TO 1/4 MILE OR LESS
LOWEST: 47 ON 10 3 = THUNDER
SNOW, ICE PELLETS, HAIL 4 = ICE PELLETS
TOTAL MONTH: M 5 = HAIL
GRTST 24HR M ON M 6 = FREEZING RAIN OR DRIZZLE
GRTST DEPTH: M ON M 7 = DUSTSTORM OR SANDSTORM:
VSBY 1/2 MILE OR LESS
8 = SMOKE OR HAZE
[NO. OF DAYS WITH] [WEATHER - DAYS WITH] 9 = BLOWING SNOW
X = TORNADO
MAX 32 OR BELOW: 0 0.01 INCH OR MORE: 9
MAX 90 OR ABOVE: 8 0.10 INCH OR MORE: 6
MIN 32 OR BELOW: 0 0.50 INCH OR MORE: 3
MIN 0 OR BELOW: 0 1.00 INCH OR MORE: 1
[HDD (BASE 65) ]
TOTAL THIS MO. 5 CLEAR (SCALE 0-3) 21
DPTR FM NORMAL -9 PTCLDY (SCALE 4-7) 9
TOTAL FM JUL 1 1897 CLOUDY (SCALE 8-10) 1
DPTR FM NORMAL -294
[CDD (BASE 65) ]
TOTAL THIS MO. 311
DPTR FM NORMAL 77 [PRESSURE DATA]
TOTAL FM JAN 1 442 HIGHEST SLP 30.27 ON 22
DPTR FM NORMAL 96 LOWEST SLP 29.61 ON 7
[REMARKS]
#FINAL-05-22#