000
CXUS55 KCAE 011500
CF6OGB
PRELIMINARY LOCAL CLIMATOLOGICAL DATA (WS FORM: F-6)
STATION: ORANGEBURG AIRPORT SC
MONTH: JANUARY
YEAR: 2021
LATITUDE: 33 27 N
LONGITUDE: 80 51 W
TEMPERATURE IN F: :PCPN: SNOW: WIND :SUNSHINE: SKY :PK WND
================================================================================
1 2 3 4 5 6A 6B 7 8 9 10 11 12 13 14 15 16 17 18
12Z AVG MX 2MIN
DY MAX MIN AVG DEP HDD CDD WTR SNW DPTH SPD SPD DIR MIN PSBL S-S WX SPD DR
================================================================================
1 78 58 68 23 0 3 0.58 M M 8.5 21 180 M M 9 1 29 190
2 68 60 64 19 1 0 0.95 M M 6.1 21 180 M M 10 1 26 190
3 69 45 57 12 8 0 0.32 M M 10.1 21 250 M M 4 1 26 280
4 59 40 50 5 15 0 0.00 M M 4.2 10 270 M M 1 14 340
5 62 38 50 5 15 0 0.00 M M 5.6 16 340 M M 2 8 22 340
6 53 34 44 -1 21 0 0.00 M M 2.2 15 20 M M 0 19 30
7 51 30 41 -4 24 0 0.38 M M 5.9 17 60 M M 4 1 22 60
8 44 38 41 -4 24 0 0.11 M M 7.7 20 50 M M 10 1 27 50
9 51 34 43 -2 22 0 0.00 M M 6.6 15 270 M M 6 1 17 270
10 53 28 41 -4 24 0 0.00 M M 2.1 9 40 M M 0 1 13 40
11 53 32 43 -2 22 0 0.03 M M 4.2 10 30 M M 6 1 14 40
12 52 38 45 -1 20 0 0.16 M M 5.4 10 320 M M 8 12 16 360
13 45 34 40 -6 25 0 T M M 4.9 10 200 M M 9 12 13 270
14 58 33 46 0 19 0 0.00 M M 6.1 15 250 M M 0 1 20 300
15 53 34 44 -2 21 0 0.27 M M 4.1 13 200 M M 7 12 18 200
16 50 32 41 -5 24 0 0.00 M M 10.4 29 270 M M 2 12 39 270
17 52 27 40 -6 25 0 0.00 M M 6.6 22 270 M M 0 29 260
18 56 32 44 -2 21 0 T M M 7.6 24 260 M M 1 31 290
19 62 27 45 -1 20 0 0.00 M M 4.1 15 260 M M 0 1 20 270
20 65 42 54 8 11 0 0.00 M M 7.2 18 290 M M 2 23 280
21 57 40 49 3 16 0 T M M 7.7 16 230 M M 7 1 21 250
22 55 40 48 2 17 0 T M M 3.4 8 260 M M 4 12 13 270
23 59 35 47 1 18 0 0.00 M M 4.5 15 20 M M 2 12 20 20
24 58 37 48 2 17 0 0.00 M M 2.7 9 150 M M 8 12 150
25 73 51 62 16 3 0 T M M 3.3 12 40 M M 8 13 40
26 73 61 67 20 0 2 0.41 M M 9.4 17 210 M M 8 13 24 210
27 65 54 60 13 5 0 0.67 M M 6.3 15 250 M M 9 13 20 250
28 56 33 45 -2 20 0 T M M 9.8 25 300 M M 3 36 290
29 50 29 40 -7 25 0 0.00 M M 3.3 9 360 M M 0 13 60
30 51 27 39 -8 26 0 0.00 M M 3.4 10 70 M M 3 1 16 130
31 58 43 51 4 14 0 0.81 M M 5.3 13 200 M M 10 1 17 200
================================================================================
SM 1789 1186 523 5 4.69 M 178.7 M 143
================================================================================
AV 57.7 38.3 5.8 FASTST M M 5 MAX(MPH)
MISC ----> 29 270 39 270
================================================================================
NOTES:
# LAST OF SEVERAL OCCURRENCES
COLUMN 17 PEAK WIND IN M.P.H.
PRELIMINARY LOCAL CLIMATOLOGICAL DATA (WS FORM: F-6) , PAGE 2
STATION: ORANGEBURG AIRPORT SC
MONTH: JANUARY
YEAR: 2021
LATITUDE: 33 27 N
LONGITUDE: 80 51 W
[TEMPERATURE DATA] [PRECIPITATION DATA] SYMBOLS USED IN COLUMN 16
AVERAGE MONTHLY: 48.0 TOTAL FOR MONTH: 4.69 1 = FOG OR MIST
DPTR FM NORMAL: 2.1 DPTR FM NORMAL: 0.71 2 = FOG REDUCING VISIBILITY
HIGHEST: 78 ON 1 GRTST 24HR 1.61 ON 1- 2 TO 1/4 MILE OR LESS
LOWEST: 27 ON 30,19 3 = THUNDER
SNOW, ICE PELLETS, HAIL 4 = ICE PELLETS
TOTAL MONTH: M 5 = HAIL
GRTST 24HR M ON M 6 = FREEZING RAIN OR DRIZZLE
GRTST DEPTH: M ON M 7 = DUSTSTORM OR SANDSTORM:
VSBY 1/2 MILE OR LESS
8 = SMOKE OR HAZE
[NO. OF DAYS WITH] [WEATHER - DAYS WITH] 9 = BLOWING SNOW
X = TORNADO
MAX 32 OR BELOW: 0 0.01 INCH OR MORE: 11
MAX 90 OR ABOVE: 0 0.10 INCH OR MORE: 10
MIN 32 OR BELOW: 9 0.50 INCH OR MORE: 4
MIN 0 OR BELOW: 0 1.00 INCH OR MORE: 0
[HDD (BASE 65) ]
TOTAL THIS MO. 523 CLEAR (SCALE 0-3) 14
DPTR FM NORMAL -70 PTCLDY (SCALE 4-7) 9
TOTAL FM JUL 1 1288 CLOUDY (SCALE 8-10) 8
DPTR FM NORMAL -212
[CDD (BASE 65) ]
TOTAL THIS MO. 5
DPTR FM NORMAL 4 [PRESSURE DATA]
TOTAL FM JAN 1 5 HIGHEST SLP 30.40 ON 29
DPTR FM NORMAL 4 LOWEST SLP 29.70 ON 15
[REMARKS]
#FINAL-01-21#