000
CXUS55 KTWC 010855
CF6OLS
PRELIMINARY LOCAL CLIMATOLOGICAL DATA (WS FORM: F-6)
STATION: NOGALES AZ AIRPORT
MONTH: DECEMBER
YEAR: 2020
LATITUDE: 31 25 N
LONGITUDE: 110 51 W
TEMPERATURE IN F: :PCPN: SNOW: WIND :SUNSHINE: SKY :PK WND
================================================================================
1 2 3 4 5 6A 6B 7 8 9 10 11 12 13 14 15 16 17 18
12Z AVG MX 2MIN
DY MAX MIN AVG DEP HDD CDD WTR SNW DPTH SPD SPD DIR MIN PSBL S-S WX SPD DR
================================================================================
1 70 29 50 -2 15 0 0.00 M M 3.0 14 300 M M 0 19 320
2 67 29 48 -3 17 0 0.00 M M 4.9 16 30 M M 0 24 30
3 54 35 45 -6 20 0 0.00 M M 12.3 28 60 M M 0 34 60
4 60 36 48 -3 17 0 0.00 M M 10.4 24 40 M M 0 31 50
5 65 29 47 -3 18 0 0.00 M M 4.6 14 30 M M 0 18 50
6 72 31 52 2 13 0 0.00 M M 3.9 14 40 M M 0 18 40
7 70 45 58 8 7 0 0.00 M M 10.8 21 100 M M 0 29 100
8 74 42 58 8 7 0 0.00 M M 6.9 18 100 M M 0 26 110
9 75 41 58 8 7 0 T M M 6.8 23 190 M M 2 32 210
10 61 42 52 3 13 0 0.35 M M 7.7 21 220 M M 6 1 25 220
11 63 34 49 0 16 0 0.00 M M 2.1 10 300 M M 0 1 16 300
12 65 33 49 0 16 0 0.00 M M 5.4 18 240 M M 0 23 250
13 63 31 47 -2 18 0 0.00 M M 4.7 15 60 M M 0 21 20
14 66 27 47 -2 18 0 0.00 M M 6.9 21 230 M M 0 26 220
15 56 26 41 -8 24 0 0.00 M M 3.6 12 300 M M M 16 300
16 64 23 44 -4 21 0 0.00 M M 3.5 9 270 M M M 14 270
17 73 30 52 4 13 0 0.00 M M 5.6 17 230 M M M 25 220
18 62 35 49 1 16 0 0.00 M M 4.8 17 190 M M M 22 190
19 65 24 45 -3 20 0 0.00 M M 3.1 13 260 M M M 17 260
20 74 26 50 2 15 0 0.00 M M 4.7 15 20 M M M 19 20
21 75 33 54 6 11 0 0.00 M M 3.6 10 80 M M 0 12 180
22 70 36 53 5 12 0 0.00 M M 3.9 16 200 M M 0 21 200
23 66 33 50 2 15 0 0.00 M M 4.1 16 320 M M 0 20 320
24 61 30 46 -2 19 0 0.00 M M 6.5 15 20 M M 0 19 20
25 70 34 52 4 13 0 0.01 M M 5.7 20 20 M M 3 27 10
26 71 32 52 4 13 0 0.00 M M 3.1 10 280 M M 0 14 330
27 73 33 53 5 12 0 0.00 M M 3.4 15 220 M M 0 20 210
28 69 38 54 6 11 0 T M M 11.8 31 210 M M 0 39 210
29 54 32 43 -5 22 0 T M M 3.5 14 320 M M 4 1 19 330
30 55 26 41 -7 24 0 0.00 M M 5.0 17 10 M M 0 25 360
31 59 24 42 -6 23 0 0.00 M M 3.9 14 180 M M 1 17 180
================================================================================
SM 2042 999 486 0 0.36 M 170.2 M 16
================================================================================
AV 65.9 32.2 5.5 FASTST M M 1 MAX(MPH)
MISC ----> 31 210 39 210
================================================================================
NOTES:
# LAST OF SEVERAL OCCURRENCES
COLUMN 17 PEAK WIND IN M.P.H.
PRELIMINARY LOCAL CLIMATOLOGICAL DATA (WS FORM: F-6) , PAGE 2
STATION: NOGALES AZ AIRPORT
MONTH: DECEMBER
YEAR: 2020
LATITUDE: 31 25 N
LONGITUDE: 110 51 W
[TEMPERATURE DATA] [PRECIPITATION DATA] SYMBOLS USED IN COLUMN 16
AVERAGE MONTHLY: 49.0 TOTAL FOR MONTH: 0.36 1 = FOG OR MIST
DPTR FM NORMAL: 0.0 DPTR FM NORMAL: -0.93 2 = FOG REDUCING VISIBILITY
HIGHEST: 75 ON 21, 9 GRTST 24HR 0.35 ON 9-10 TO 1/4 MILE OR LESS
LOWEST: 23 ON 16 3 = THUNDER
SNOW, ICE PELLETS, HAIL 4 = ICE PELLETS
TOTAL MONTH: M 5 = HAIL
GRTST 24HR M ON M 6 = FREEZING RAIN OR DRIZZLE
GRTST DEPTH: M ON M 7 = DUSTSTORM OR SANDSTORM:
VSBY 1/2 MILE OR LESS
8 = SMOKE OR HAZE
[NO. OF DAYS WITH] [WEATHER - DAYS WITH] 9 = BLOWING SNOW
X = TORNADO
MAX 32 OR BELOW: 0 0.01 INCH OR MORE: 2
MAX 90 OR ABOVE: 0 0.10 INCH OR MORE: 1
MIN 32 OR BELOW: 16 0.50 INCH OR MORE: 0
MIN 0 OR BELOW: 0 1.00 INCH OR MORE: 0
[HDD (BASE 65) ]
TOTAL THIS MO. 486 CLEAR (SCALE 0-3) 22
DPTR FM NORMAL -10 PTCLDY (SCALE 4-7) 3
TOTAL FM JUL 1 730 CLOUDY (SCALE 8-10) 6
DPTR FM NORMAL -105
[CDD (BASE 65) ]
TOTAL THIS MO. 0
DPTR FM NORMAL 0 [PRESSURE DATA]
TOTAL FM JAN 1 2608 HIGHEST SLP M ON M
DPTR FM NORMAL 768 LOWEST SLP 29.74 ON 28
[REMARKS]
#FINAL-12-20#