000
CXAK56 PAFG 011143
CF6OME
PRELIMINARY LOCAL CLIMATOLOGICAL DATA (WS FORM: F-6)
STATION: NOME AK
MONTH: SEPTEMBER
YEAR: 2020
LATITUDE: 64 30 N
LONGITUDE: 165 26 W
TEMPERATURE IN F: :PCPN: SNOW: WIND :SUNSHINE: SKY :PK WND
================================================================================
1 2 3 4 5 6A 6B 7 8 9 10 11 12 13 14 15 16 17 18
12Z AVG MX 2MIN
DY MAX MIN AVG DEP HDD CDD WTR SNW DPTH SPD SPD DIR MIN PSBL S-S WX SPD DR
================================================================================
1 50 39 45 -3 20 0 T M M 15.2 26 280 M M 7 18 32 280
2 51 39 45 -3 20 0 0.00 M M 14.0 23 280 M M 6 28 280
3 48 37 43 -4 22 0 0.02 M M 10.6 18 250 M M 8 18 24 260
4 48 39 44 -3 21 0 0.04 M M 10.8 22 270 M M 8 1 27 270
5 51 36 44 -3 21 0 0.00 M M 6.5 15 250 M M 6 18 220
6 57 37 47 0 18 0 0.13 M M 15.8 29 50 M M 5 1 37 40
7 56 46 51 5 14 0 0.17 M M 10.4 26 30 M M 10 1 32 40
8 52 37 45 -1 20 0 0.02 M M 8.0 18 350 M M 9 1 21 360
9 50 35 43 -3 22 0 0.00 M M 11.9 22 270 M M 4 26 260
10 51 42 47 2 18 0 0.03 M M 10.3 17 250 M M 9 1 21 250
11 53 37 45 0 20 0 0.00 M M 5.2 18 260 M M 6 1 21 250
12 52 37 45 0 20 0 0.00 M M 6.5 15 120 M M 8 17 120
13 52 45 49 5 16 0 0.06 M M 14.2 23 110 M M 8 1 29 100
14 51 48 50 6 15 0 1.27 M M 17.7 24 120 M M 10 1 30 120
15 51 48 50 7 15 0 0.32 M M 20.8 31 190 M M 10 1 39 190
16 50 47 49 6 16 0 0.03 M M 15.7 30 190 M M 9 1 37 190
17 51 43 47 4 18 0 0.12 M M 10.8 21 20 M M 7 18 27 30
18 50 43 47 5 18 0 0.02 M M 10.0 24 290 M M 10 1 28 290
19 48 41 45 3 20 0 0.03 M M 14.6 24 280 M M 8 1 27 280
20 45 29 37 -4 28 0 0.00 M M 2.3 10 300 M M 6 11 290
21 51 36 44 3 21 0 0.00 M M 7.9 16 360 M M 6 22 360
22 50 34 42 2 23 0 0.00 M M 6.0 18 350 M M 5 22 350
23 46 32 39 -1 26 0 0.00 M M 8.0 17 340 M M 0 22 10
24 43 26 35 -4 30 0 0.00 M M 5.8 18 290 M M 1 24 280
25 39 26 33 -6 32 0 0.00 M M 7.4 15 320 M M 7 20 320
26 43 26 35 -3 30 0 0.00 M M 6.5 15 10 M M 5 18 360
27 52 31 42 4 23 0 0.00 M M 10.7 24 30 M M 2 30 30
28 43 29 36 -1 29 0 T M M 4.4 13 340 M M 3 15 340
29 44 35 40 3 25 0 T M M 4.4 9 350 M M 8 18 11 360
30 51 37 44 8 21 0 T M M 13.4 31 40 M M 7 38 30
================================================================================
SM 1479 1117 642 0 2.26 M 305.8 M 198
================================================================================
AV 49.3 37.2 10.2 FASTST M M 7 MAX(MPH)
MISC ----> # 31 190 # 39 190
================================================================================
NOTES:
# LAST OF SEVERAL OCCURRENCES
COLUMN 17 PEAK WIND IN M.P.H.
PRELIMINARY LOCAL CLIMATOLOGICAL DATA (WS FORM: F-6) , PAGE 2
STATION: NOME AK
MONTH: SEPTEMBER
YEAR: 2020
LATITUDE: 64 30 N
LONGITUDE: 165 26 W
[TEMPERATURE DATA] [PRECIPITATION DATA] SYMBOLS USED IN COLUMN 16
AVERAGE MONTHLY: 43.3 TOTAL FOR MONTH: 2.26 1 = FOG OR MIST
DPTR FM NORMAL: 0.5 DPTR FM NORMAL: -0.19 2 = FOG REDUCING VISIBILITY
HIGHEST: 57 ON 6 GRTST 24HR 1.27 ON 14-14 TO 1/4 MILE OR LESS
LOWEST: 26 ON 26,25 3 = THUNDER
SNOW, ICE PELLETS, HAIL 4 = ICE PELLETS
TOTAL MONTH: M 5 = HAIL
GRTST 24HR M ON M 6 = FREEZING RAIN OR DRIZZLE
GRTST DEPTH: M ON M 7 = DUSTSTORM OR SANDSTORM:
VSBY 1/2 MILE OR LESS
8 = SMOKE OR HAZE
[NO. OF DAYS WITH] [WEATHER - DAYS WITH] 9 = BLOWING SNOW
X = TORNADO
MAX 32 OR BELOW: 0 0.01 INCH OR MORE: 13
MAX 90 OR ABOVE: 0 0.10 INCH OR MORE: 5
MIN 32 OR BELOW: 7 0.50 INCH OR MORE: 1
MIN 0 OR BELOW: 0 1.00 INCH OR MORE: 1
[HDD (BASE 65) ]
TOTAL THIS MO. 642 CLEAR (SCALE 0-3) 3
DPTR FM NORMAL -24 PTCLDY (SCALE 4-7) 17
TOTAL FM JUL 1 1477 CLOUDY (SCALE 8-10) 10
DPTR FM NORMAL -49
[CDD (BASE 65) ]
TOTAL THIS MO. 0
DPTR FM NORMAL 0 [PRESSURE DATA]
TOTAL FM JAN 1 0 HIGHEST SLP 30.48 ON 10
DPTR FM NORMAL -3 LOWEST SLP 29.14 ON 18
[REMARKS]
#FINAL-09-20#