000
CXAK56 PAFG 021608
CF6OME
PRELIMINARY LOCAL CLIMATOLOGICAL DATA (WS FORM: F-6)
STATION: NOME AK
MONTH: APRIL
YEAR: 2020
LATITUDE: 64 30 N
LONGITUDE: 165 26 W
TEMPERATURE IN F: :PCPN: SNOW: WIND :SUNSHINE: SKY :PK WND
================================================================================
1 2 3 4 5 6A 6B 7 8 9 10 11 12 13 14 15 16 17 18
12Z AVG MX 2MIN
DY MAX MIN AVG DEP HDD CDD WTR SNW DPTH SPD SPD DIR MIN PSBL S-S WX SPD DR
================================================================================
1 23 19 21 8 44 0 0.05 M M 12.2 21 90 M M 9 18 25 90
2 26 16 21 7 44 0 0.18 M M 12.8 24 90 M M 10 12 28 100
3 32 25 29 15 36 0 0.33 M M 11.7 17 100 M M 10 12 21 100
4 33 32 33 19 32 0 0.27 M M 14.3 21 170 M M 10 1 26 170
5 32 6 19 4 46 0 0.07 M M 23.4 37 290 M M 10 1289 43 270
6 9 -8 1 -14 64 0 T M M 14.1 25 280 M M 4 18 30 290
7 9 -13 -2 -18 67 0 0.00 M M 2.3 7 280 M M 3 18 8 290
8 10 -16 -3 -19 68 0 T M M 3.7 12 70 M M 6 18 14 70
9 23 -5 9 -8 56 0 0.07 M M 13.3 22 80 M M 9 18 27 70
10 32 22 27 10 38 0 0.06 M M 7.6 15 160 M M 10 1 18 80
11 32 20 26 8 39 0 0.00 M M 10.2 14 110 M M 7 17 100
12 33 27 30 12 35 0 0.06 M M 9.9 16 90 M M 10 1 19 90
13 32 20 26 7 39 0 0.01 M M 5.1 15 90 M M 10 12 18 80
14 35 29 32 13 33 0 0.05 M M 13.4 22 90 M M 7 1 27 80
15 39 31 35 15 30 0 0.06 M M 5.6 13 90 M M 10 12 15 70
16 35 33 34 13 31 0 0.39 M M 12.9 18 90 M M 10 12 22 110
17 36 34 35 14 30 0 0.71 M M 11.6 16 90 M M 10 1 19 70
18 36 33 35 13 30 0 0.16 M M 8.0 17 90 M M 10 1 21 90
19 42 33 38 16 27 0 T M M 2.3 8 340 M M 9 12 9 70
20 34 29 32 9 33 0 0.00 M M 4.3 8 250 M M 10 1 12 190
21 30 20 25 1 40 0 0.00 M M 4.1 13 350 M M 2 14 350
22 29 15 22 -2 43 0 0.00 M M 2.3 8 290 M M 0 9 260
23 36 18 27 2 38 0 0.00 M M 8.5 20 40 M M 0 24 50
24 40 26 33 8 32 0 0.00 M M 9.8 16 50 M M 0 20 50
25 40 26 33 7 32 0 0.00 M M 7.1 14 40 M M 0 17 40
26 34 19 27 0 38 0 0.00 M M 4.6 14 40 M M 0 16 40
27 27 15 21 -6 44 0 0.00 M M 6.3 17 260 M M 3 20 260
28 27 16 22 -6 43 0 0.00 M M 10.7 17 290 M M 7 20 290
29 34 16 25 -3 40 0 0.00 M M 4.8 10 270 M M 0 12 90
30 42 26 34 5 31 0 0.00 M M 6.3 12 350 M M 0 13 350
================================================================================
SM 922 564 1203 0 2.47 M 263.2 M 186
================================================================================
AV 30.7 18.8 8.8 FASTST M M 6 MAX(MPH)
MISC ----> # 37 290 # 43 270
================================================================================
NOTES:
# LAST OF SEVERAL OCCURRENCES
COLUMN 17 PEAK WIND IN M.P.H.
PRELIMINARY LOCAL CLIMATOLOGICAL DATA (WS FORM: F-6) , PAGE 2
STATION: NOME AK
MONTH: APRIL
YEAR: 2020
LATITUDE: 64 30 N
LONGITUDE: 165 26 W
[TEMPERATURE DATA] [PRECIPITATION DATA] SYMBOLS USED IN COLUMN 16
AVERAGE MONTHLY: 24.8 TOTAL FOR MONTH: 2.47 1 = FOG OR MIST
DPTR FM NORMAL: 4.3 DPTR FM NORMAL: 1.71 2 = FOG REDUCING VISIBILITY
HIGHEST: 42 ON 30,19 GRTST 24HR 0.71 ON 17-17 TO 1/4 MILE OR LESS
LOWEST: -16 ON 8 3 = THUNDER
SNOW, ICE PELLETS, HAIL 4 = ICE PELLETS
TOTAL MONTH: M 5 = HAIL
GRTST 24HR M ON M 6 = FREEZING RAIN OR DRIZZLE
GRTST DEPTH: M ON M 7 = DUSTSTORM OR SANDSTORM:
VSBY 1/2 MILE OR LESS
8 = SMOKE OR HAZE
[NO. OF DAYS WITH] [WEATHER - DAYS WITH] 9 = BLOWING SNOW
X = TORNADO
MAX 32 OR BELOW: 15 0.01 INCH OR MORE: 14
MAX 90 OR ABOVE: 0 0.10 INCH OR MORE: 6
MIN 32 OR BELOW: 26 0.50 INCH OR MORE: 1
MIN 0 OR BELOW: 4 1.00 INCH OR MORE: 0
[HDD (BASE 65) ]
TOTAL THIS MO. 1203 CLEAR (SCALE 0-3) 10
DPTR FM NORMAL -132 PTCLDY (SCALE 4-7) 5
TOTAL FM JUL 1 12106 CLOUDY (SCALE 8-10) 15
DPTR FM NORMAL -204
[CDD (BASE 65) ]
TOTAL THIS MO. 0
DPTR FM NORMAL 0 [PRESSURE DATA]
TOTAL FM JAN 1 0 HIGHEST SLP 30.25 ON 11
DPTR FM NORMAL 0 LOWEST SLP 29.08 ON 5
[REMARKS]
#FINAL-04-20#