000
CXUS56 KOTX 010910
CF6OMK
PRELIMINARY LOCAL CLIMATOLOGICAL DATA (WS FORM: F-6)
STATION: OMAK WA AIRPORT
MONTH: MAY
YEAR: 2023
LATITUDE: 48 27 N
LONGITUDE: 119 31 W
TEMPERATURE IN F: :PCPN: SNOW: WIND :SUNSHINE: SKY :PK WND
================================================================================
1 2 3 4 5 6A 6B 7 8 9 10 11 12 13 14 15 16 17 18
12Z AVG MX 2MIN
DY MAX MIN AVG DEP HDD CDD WTR SNW DPTH SPD SPD DIR MIN PSBL S-S WX SPD DR
================================================================================
1 80 55 68 14 0 3 T M M 12.2 22 340 M M 1 27 360
2 86 61 74 19 0 9 T M M 16.1 30 360 M M 1 38 360
3 85 57 71 16 0 6 0.00 M M 5.8 16 300 M M 0 20 310
4 90 58 74 19 0 9 0.05 M M 12.4 21 10 M M 1 3 24 350
5 66 52 59 3 6 0 0.30 M M 8.6 26 160 M M 10 13 34 170
6 62 49 56 0 9 0 0.02 M M 8.5 16 20 M M 10 1 22 180
7 69 45 57 1 8 0 0.00 M M 5.6 14 160 M M 6 18 150
8 68 45 57 0 8 0 0.00 M M 4.4 13 310 M M 5 16 310
9 71 46 59 2 6 0 0.00 M M 7.3 22 160 M M 4 27 160
10 74 47 61 4 4 0 T M M 4.4 13 320 M M 3 17 310
11 77 44 61 3 4 0 0.00 M M 5.3 13 310 M M 0 15 300
12 82 47 65 7 0 0 0.00 M M 6.8 15 300 M M 0 18 10
13 88 50 69 11 0 4 0.00 M M 7.5 15 360 M M 0 18 10
14 89 54 72 14 0 7 0.00 M M 9.5 20 10 M M 0 26 350
15 89 56 73 14 0 8 0.00 M M 6.4 12 250 M M 0 15 260
16 80 56 68 9 0 3 0.00 M M 6.8 18 200 M M 1 3 22 200
17 86 53 70 11 0 5 0.00 M M 5.2 13 190 M M 1 17 210
18 88 56 72 12 0 7 0.00 M M 5.6 16 210 M M 0 20 210
19 92 59 76 16 0 11 0.00 M M 6.5 13 200 M M 0 16 180
20 94 63 79 19 0 14 T M M 8.1 20 360 M M 0 3 31 250
21 86 60 73 13 0 8 0.02 M M 12.5 32 10 M M 5 3 39 10
22 67 52 60 0 5 0 0.04 M M 9.0 20 360 M M 9 3 26 10
23 76 47 62 1 3 0 0.00 M M 7.3 18 10 M M 5 23 10
24 74 53 64 3 1 0 0.02 M M 10.4 26 120 M M 3 34 110
25 75 52 64 3 1 0 0.04 M M 10.2 20 30 M M 5 3 24 30
26 83 54 69 8 0 4 0.04 M M 8.1 20 320 M M 3 3 23 360
27 83 50 67 6 0 2 T M M 4.8 14 300 M M 1 3 18 260
28 85 49 67 5 0 2 0.00 M M 5.8 14 130 M M 1 17 200
29 86 54 70 8 0 5 0.00 M M 7.2 16 160 M M 1 22 130
30 84 50 67 5 0 2 0.00 M M 7.3 16 150 M M 0 22 160
31 80 47 64 2 1 0 0.00 M M 7.8 16 360 M M 0 19 20
================================================================================
SM 2495 1621 56 109 0.53 M 243.4 M 76
================================================================================
AV 80.5 52.3 7.9 FASTST M M 2 MAX(MPH)
MISC ----> 32 10 39 10
================================================================================
NOTES:
# LAST OF SEVERAL OCCURRENCES
COLUMN 17 PEAK WIND IN M.P.H.
PRELIMINARY LOCAL CLIMATOLOGICAL DATA (WS FORM: F-6) , PAGE 2
STATION: OMAK WA AIRPORT
MONTH: MAY
YEAR: 2023
LATITUDE: 48 27 N
LONGITUDE: 119 31 W
[TEMPERATURE DATA] [PRECIPITATION DATA] SYMBOLS USED IN COLUMN 16
AVERAGE MONTHLY: 66.4 TOTAL FOR MONTH: 0.53 1 = FOG OR MIST
DPTR FM NORMAL: 7.6 DPTR FM NORMAL: -0.66 2 = FOG REDUCING VISIBILITY
HIGHEST: 94 ON 20 GRTST 24HR 0.30 ON 5- 5 TO 1/4 MILE OR LESS
LOWEST: 44 ON 11 3 = THUNDER
SNOW, ICE PELLETS, HAIL 4 = ICE PELLETS
TOTAL MONTH: M 5 = HAIL
GRTST 24HR M ON M 6 = FREEZING RAIN OR DRIZZLE
GRTST DEPTH: M ON M 7 = DUSTSTORM OR SANDSTORM:
VSBY 1/2 MILE OR LESS
8 = SMOKE OR HAZE
[NO. OF DAYS WITH] [WEATHER - DAYS WITH] 9 = BLOWING SNOW
X = TORNADO
MAX 32 OR BELOW: 0 0.01 INCH OR MORE: 8
MAX 90 OR ABOVE: 3 0.10 INCH OR MORE: 1
MIN 32 OR BELOW: 0 0.50 INCH OR MORE: 0
MIN 0 OR BELOW: 0 1.00 INCH OR MORE: 0
[HDD (BASE 65) ]
TOTAL THIS MO. 56 CLEAR (SCALE 0-3) 22
DPTR FM NORMAL -158 PTCLDY (SCALE 4-7) 6
TOTAL FM JUL 1 6255 CLOUDY (SCALE 8-10) 3
DPTR FM NORMAL 156
[CDD (BASE 65) ]
TOTAL THIS MO. 109
DPTR FM NORMAL 89 [PRESSURE DATA]
TOTAL FM JAN 1 112 HIGHEST SLP M ON M
DPTR FM NORMAL 91 LOWEST SLP 29.55 ON 5
[REMARKS]
#FINAL-05-23#