000
CXUS56 KSGX 011050
CF6ONT
PRELIMINARY LOCAL CLIMATOLOGICAL DATA (WS FORM: F-6)
STATION: ONTARIO INTL AIRPORT CA
MONTH: JUNE
YEAR: 2023
LATITUDE: 34 2 N
LONGITUDE: 117 37 W
TEMPERATURE IN F: :PCPN: SNOW: WIND :SUNSHINE: SKY :PK WND
================================================================================
1 2 3 4 5 6A 6B 7 8 9 10 11 12 13 14 15 16 17 18
12Z AVG MX 2MIN
DY MAX MIN AVG DEP HDD CDD WTR SNW DPTH SPD SPD DIR MIN PSBL S-S WX SPD DR
================================================================================
1 65 57 61 -9 4 0 0.00 M M 6.3 13 280 M M 10 1 16 280
2 76 57 67 -3 0 2 0.00 M M 5.9 14 260 M M 5 1 19 230
3 81 53 67 -3 0 2 0.00 M M 6.1 15 230 M M 1 20 230
4 79 58 69 -1 0 4 0.00 M M 6.8 17 240 M M 6 18 23 240
5 68 56 62 -8 3 0 T M M 8.6 15 240 M M 8 1 21 260
6 70 56 63 -8 2 0 0.00 M M 9.1 16 230 M M 8 23 230
7 71 57 64 -7 1 0 T M M 7.0 14 240 M M 7 8 19 210
8 77 55 66 -5 0 1 0.00 M M 6.8 16 270 M M 5 23 260
9 72 57 65 -6 0 0 0.00 M M 6.4 16 270 M M 8 18 21 270
10 72 57 65 -7 0 0 0.00 M M 7.7 15 240 M M 9 18 19 220
11 69 57 63 -9 2 0 T M M 8.4 16 250 M M 10 1 20 240
12 68 58 63 -9 2 0 T M M 6.9 12 260 M M 10 18 17 270
13 74 57 66 -6 0 1 0.00 M M 6.6 14 270 M M 7 18 19 210
14 69 56 63 -10 2 0 0.00 M M 6.1 14 270 M M 8 18 19 270
15 73 59 66 -7 0 1 T M M 7.0 14 270 M M 8 18 23 230
16 81 61 71 -2 0 6 0.00 M M 5.1 14 260 M M 6 18 19 250
17 89 59 74 0 0 9 0.00 M M 6.8 17 260 M M 1 18 23 260
18 81 59 70 -4 0 5 0.00 M M 7.2 16 240 M M 4 18 22 210
19 75 58 67 -7 0 2 T M M 7.5 16 260 M M 7 18 20 230
20 82 60 71 -3 0 6 0.00 M M 5.8 16 240 M M 4 18 21 250
21 84 58 71 -4 0 6 0.00 M M 6.1 17 260 M M 3 23 210
22 78 55 67 -8 0 2 0.00 M M 8.9 20 260 M M 2 32 240
23 80 54 67 -8 0 2 0.00 M M 5.6 15 260 M M 3 19 260
24 83 55 69 -7 0 4 0.00 M M 6.3 21 240 M M 3 26 240
25 82 55 69 -7 0 4 0.00 M M 6.4 15 270 M M 2 20 240
26 83 56 70 -6 0 5 0.00 M M 6.6 16 260 M M 0 22 250
27 84 57 71 -5 0 6 0.00 M M 6.0 18 260 M M 0 22 260
28 81 57 69 -7 0 4 0.00 M M 7.5 16 260 M M 2 18 23 250
29 85 57 71 -6 0 6 0.00 M M 6.4 15 270 M M 2 18 19 260
30 94 61 78 1 0 13 0.00 M M 6.4 17 260 M M 0 8 23 260
================================================================================
SM 2326 1712 16 91 T M 204.3 M 149
================================================================================
AV 77.5 57.1 6.8 FASTST M M 5 MAX(MPH)
MISC ----> 21 240 32 240
================================================================================
NOTES:
# LAST OF SEVERAL OCCURRENCES
COLUMN 17 PEAK WIND IN M.P.H.
PRELIMINARY LOCAL CLIMATOLOGICAL DATA (WS FORM: F-6) , PAGE 2
STATION: ONTARIO INTL AIRPORT CA
MONTH: JUNE
YEAR: 2023
LATITUDE: 34 2 N
LONGITUDE: 117 37 W
[TEMPERATURE DATA] [PRECIPITATION DATA] SYMBOLS USED IN COLUMN 16
AVERAGE MONTHLY: 67.3 TOTAL FOR MONTH: T 1 = FOG OR MIST
DPTR FM NORMAL: -5.9 DPTR FM NORMAL: -0.02 2 = FOG REDUCING VISIBILITY
HIGHEST: 94 ON 30 GRTST 24HR T ON 5- 5 TO 1/4 MILE OR LESS
LOWEST: 53 ON 3 3 = THUNDER
SNOW, ICE PELLETS, HAIL 4 = ICE PELLETS
TOTAL MONTH: M 5 = HAIL
GRTST 24HR M ON M 6 = FREEZING RAIN OR DRIZZLE
GRTST DEPTH: M ON M 7 = DUSTSTORM OR SANDSTORM:
VSBY 1/2 MILE OR LESS
8 = SMOKE OR HAZE
[NO. OF DAYS WITH] [WEATHER - DAYS WITH] 9 = BLOWING SNOW
X = TORNADO
MAX 32 OR BELOW: 0 0.01 INCH OR MORE: 0
MAX 90 OR ABOVE: 1 0.10 INCH OR MORE: 0
MIN 32 OR BELOW: 0 0.50 INCH OR MORE: 0
MIN 0 OR BELOW: 0 1.00 INCH OR MORE: 0
[HDD (BASE 65) ]
TOTAL THIS MO. 16 CLEAR (SCALE 0-3) 12
DPTR FM NORMAL 12 PTCLDY (SCALE 4-7) 12
TOTAL FM JUL 1 1929 CLOUDY (SCALE 8-10) 6
DPTR FM NORMAL 641
[CDD (BASE 65) ]
TOTAL THIS MO. 91
DPTR FM NORMAL -159 [PRESSURE DATA]
TOTAL FM JAN 1 196 HIGHEST SLP 30.05 ON 23
DPTR FM NORMAL -268 LOWEST SLP 29.75 ON 30
[REMARKS]
#FINAL-06-23#