000
CXUS54 KMRX 031315
CF6OQT
PRELIMINARY LOCAL CLIMATOLOGICAL DATA (WS FORM: F-6)
STATION: OAK_RIDGE_(ASOS)
MONTH: JUNE
YEAR: 2020
LATITUDE: 36 1 N
LONGITUDE: 84 14 W
TEMPERATURE IN F: :PCPN: SNOW: WIND :SUNSHINE: SKY :PK WND
================================================================================
1 2 3 4 5 6A 6B 7 8 9 10 11 12 13 14 15 16 17 18
12Z AVG MX 2MIN
DY MAX MIN AVG DEP HDD CDD WTR SNW DPTH SPD SPD DIR MIN PSBL S-S WX SPD DR
================================================================================
1 83 53 68 -3 0 3 0.00 M M 1.8 8 70 M M 0 14 80
2 86 59 73 1 0 8 0.00 M M 2.1 9 260 M M 2 17 220
3 88 67 78 6 0 13 0.00 M M 2.0 9 250 M M 1 16 280
4 89 70 80 8 0 15 0.00 M M 2.5 10 240 M M 4 19 260
5 85 69 77 4 0 12 0.61 M M 2.9 9 280 M M 6 1 17 280
6 91 66 79 6 0 14 0.00 M M 0.3 6 90 M M 2 12 9 290
7 94 68 81 8 0 16 0.00 M M 1.8 9 80 M M 0 15 80
8 90 67 79 6 0 14 0.14 M M 2.6 16 160 M M 1 1 28 170
9 88 72 80 6 0 15 0.09 M M 2.6 14 250 M M 5 18 26 260
10 90 72 81 7 0 16 T M M 5.1 14 190 M M 7 1 28 240
11 84 63 74 0 0 9 0.00 M M 1.8 8 80 M M 2 14 270
12 86 58 72 -2 0 7 0.00 M M 2.5 13 80 M M 1 22 70
13 87 58 73 -2 0 8 0.00 M M 1.4 9 100 M M 0 15 70
14 82 59 71 -4 0 6 0.05 M M 1.7 10 340 M M 2 22 20
15 79 58 69 -6 0 4 T M M 1.5 10 90 M M 4 12 20 70
16 77 61 69 -7 0 4 0.00 M M 3.6 10 60 M M 7 21 50
17 75 56 66 -10 0 1 0.00 M M 1.7 9 70 M M 5 16 70
18 81 57 69 -7 0 4 0.00 M M 1.1 8 280 M M 5 12 13 270
19 82 65 74 -2 0 9 0.03 M M 0.6 10 290 M M 3 20 260
20 85 64 75 -1 0 10 0.37 M M 0.8 10 140 M M 5 12 24 140
21 88 66 77 1 0 12 0.05 M M 2.0 12 280 M M 5 12 20 290
22 86 69 78 1 0 13 0.33 M M 3.3 10 260 M M 4 1 22 250
23 87 69 78 1 0 13 0.11 M M 3.2 12 280 M M 6 1 23 280
24 85 66 76 -1 0 11 0.00 M M 1.7 8 280 M M 4 13 250
25 88 66 77 0 0 12 0.00 M M 2.5 10 260 M M 4 15 270
26 88 63 76 -1 0 11 0.00 M M 2.4 10 210 M M 5 21 150
27 83 70 77 -1 0 12 0.01 M M 3.7 15 270 M M 7 18 25 260
28 83 69 76 -2 0 11 0.76 M M 1.9 10 260 M M 4 18 17 260
29 91 69 80 2 0 15 2.17 M M 0.5 15 110 M M 6 18 28 140
30 81 70 76 -2 0 11 0.05 M M 1.2 16 270 M M 4 1 31 280
================================================================================
SM 2562 1939 0 309 4.77 M 62.8 M 111
================================================================================
AV 85.4 64.6 2.1 FASTST M M 4 MAX(MPH)
MISC ----> # 16 160 # 31 280
================================================================================
NOTES:
# LAST OF SEVERAL OCCURRENCES
COLUMN 17 PEAK WIND IN M.P.H.
PRELIMINARY LOCAL CLIMATOLOGICAL DATA (WS FORM: F-6) , PAGE 2
STATION: OAK_RIDGE_(ASOS)
MONTH: JUNE
YEAR: 2020
LATITUDE: 36 1 N
LONGITUDE: 84 14 W
[TEMPERATURE DATA] [PRECIPITATION DATA] SYMBOLS USED IN COLUMN 16
AVERAGE MONTHLY: 75.0 TOTAL FOR MONTH: 4.77 1 = FOG OR MIST
DPTR FM NORMAL: -0.1 DPTR FM NORMAL: 0.49 2 = FOG REDUCING VISIBILITY
HIGHEST: 94 ON 7 GRTST 24HR 2.17 ON 29-29 TO 1/4 MILE OR LESS
LOWEST: 53 ON 1 3 = THUNDER
SNOW, ICE PELLETS, HAIL 4 = ICE PELLETS
TOTAL MONTH: M 5 = HAIL
GRTST 24HR M ON M 6 = FREEZING RAIN OR DRIZZLE
GRTST DEPTH: M ON M 7 = DUSTSTORM OR SANDSTORM:
VSBY 1/2 MILE OR LESS
8 = SMOKE OR HAZE
[NO. OF DAYS WITH] [WEATHER - DAYS WITH] 9 = BLOWING SNOW
X = TORNADO
MAX 32 OR BELOW: 0 0.01 INCH OR MORE: 13
MAX 90 OR ABOVE: 5 0.10 INCH OR MORE: 7
MIN 32 OR BELOW: 0 0.50 INCH OR MORE: 3
MIN 0 OR BELOW: 0 1.00 INCH OR MORE: 1
[HDD (BASE 65) ]
TOTAL THIS MO. 0 CLEAR (SCALE 0-3) 10
DPTR FM NORMAL -2 PTCLDY (SCALE 4-7) 20
TOTAL FM JUL 1 3089 CLOUDY (SCALE 8-10) 0
DPTR FM NORMAL -607
[CDD (BASE 65) ]
TOTAL THIS MO. 309
DPTR FM NORMAL 4 [PRESSURE DATA]
TOTAL FM JAN 1 479 HIGHEST SLP 30.29 ON 1
DPTR FM NORMAL 30 LOWEST SLP 29.75 ON 23
[REMARKS]
#FINAL-06-20#