000
CXUS53 KGRB 031827
CF6OSH
PRELIMINARY LOCAL CLIMATOLOGICAL DATA (WS FORM: F-6)
STATION: OSHKOSH WI
MONTH: FEBRUARY
YEAR: 2021
LATITUDE: 44 0 N
LONGITUDE: 88 34 W
TEMPERATURE IN F: :PCPN: SNOW: WIND :SUNSHINE: SKY :PK WND
================================================================================
1 2 3 4 5 6A 6B 7 8 9 10 11 12 13 14 15 16 17 18
12Z AVG MX 2MIN
DY MAX MIN AVG DEP HDD CDD WTR SNW DPTH SPD SPD DIR MIN PSBL S-S WX SPD DR
================================================================================
1 31 17 24 4 41 0 0.10 1.0 4 6.6 12 350 M M 3 8 15 340
2 31 14 23 3 42 0 0.00 0.0 4 7.2 14 350 M M 6 18 320
3 31 3 17 -3 48 0 0.00 0.0 4 5.3 18 150 M M 0 1 23 160
4 34 20 27 7 38 0 0.63 5.5 10 11.8 28 290 M M 8 128 41 290
5 20 4 12 -8 53 0 T T 10 12.1 28 290 M M 8 8 39 300
6 7 -7 0 -20 65 0 0.00 0.0 10 7.4 13 260 M M 1 22 250
7 1 -15 -7 -27 72 0 0.00 0.0 10 7.3 14 280 M M 2 20 290
8 4 -10 -3 -24 68 0 T T 10 4.2 13 290 M M 7 8 16 290
9 7 -10 -1 -22 66 0 0.00 0.0 10 6.0 10 220 M M 3 8 17 220
10 10 -5 3 -18 62 0 0.00 0.0 10 6.2 12 320 M M 5 16 310
11 7 -10 -1 -22 66 0 T T 10 5.8 12 290 M M 6 18 14 290
12 7 -3 2 -20 63 0 0.10 1.0 11 9.6 16 290 M M 4 18 21 300
13 2 -9 -3 -25 68 0 0.01 0.1 11 10.4 16 290 M M 7 8 22 310
14 0 -14 -7 -29 72 0 0.00 0.0 10 10.7 17 310 M M 1 25 300
15 6 -12 -3 -25 68 0 0.00 0.0 10 11.2 22 10 M M 2 8 28 360
16 18 1 10 -12 55 0 0.00 0.0 10 9.6 21 360 M M 3 30 350
17 20 -12 4 -19 61 0 0.00 0.0 10 1.5 8 200 M M 3 8 11 170
18 28 10 19 -4 46 0 0.00 0.0 10 3.2 10 20 M M 8 8 13 20
19 21 8 15 -8 50 0 T T 9 5.9 13 290 M M 8 18 16 300
20 19 -1 9 -15 56 0 0.00 0.0 9 4.5 13 200 M M 0 18 15 210
21 32 4 18 -6 47 0 0.19 3.0 12 7.6 18 120 M M 6 18 25 130
22 36 27 32 8 33 0 T T 12 10.9 20 200 M M 8 18 32 210
23 46 33 40 16 25 0 0.00 0.0 11 7.1 12 260 M M 4 19 250
24 40 26 33 8 32 0 0.00 0.0 9 9.1 20 350 M M 4 1 27 350
25 39 24 32 7 33 0 0.00 0.0 6 7.2 16 290 M M 0 21 290
26 39 18 29 4 36 0 0.00 0.0 5 10.6 22 180 M M 4 12 28 180
27 42 26 34 8 31 0 0.00 0.0 4 7.7 16 200 M M 1 18 21 210
28 40 27 34 8 31 0 0.00 0.0 4 9.4 24 290 M M 6 12 36 290
================================================================================
SM 618 154 1428 0 1.03 10.6 216.1 M 118
================================================================================
AV 22.1 5.5 7.7 FASTST M M 4 MAX(MPH)
MISC ----> # 28 290 41 290
================================================================================
NOTES:
# LAST OF SEVERAL OCCURRENCES
COLUMN 17 PEAK WIND IN M.P.H.
PRELIMINARY LOCAL CLIMATOLOGICAL DATA (WS FORM: F-6) , PAGE 2
STATION: OSHKOSH WI
MONTH: FEBRUARY
YEAR: 2021
LATITUDE: 44 0 N
LONGITUDE: 88 34 W
[TEMPERATURE DATA] [PRECIPITATION DATA] SYMBOLS USED IN COLUMN 16
AVERAGE MONTHLY: 13.8 TOTAL FOR MONTH: 1.03 1 = FOG OR MIST
DPTR FM NORMAL: -8.5 DPTR FM NORMAL: 0.19 2 = FOG REDUCING VISIBILITY
HIGHEST: 46 ON 23 GRTST 24HR 0.63 ON 4- 4 TO 1/4 MILE OR LESS
LOWEST: -15 ON 7 3 = THUNDER
SNOW, ICE PELLETS, HAIL 4 = ICE PELLETS
TOTAL MONTH: 11.6 INCHES 5 = HAIL
GRTST 24HR 5.5 ON 4- 4 6 = FREEZING RAIN OR DRIZZLE
GRTST DEPTH: 12 ON 22,21 7 = DUSTSTORM OR SANDSTORM:
VSBY 1/2 MILE OR LESS
8 = SMOKE OR HAZE
[NO. OF DAYS WITH] [WEATHER - DAYS WITH] 9 = BLOWING SNOW
X = TORNADO
MAX 32 OR BELOW: 20 0.01 INCH OR MORE: 5
MAX 90 OR ABOVE: 0 0.10 INCH OR MORE: 4
MIN 32 OR BELOW: 27 0.50 INCH OR MORE: 1
MIN 0 OR BELOW: 12 1.00 INCH OR MORE: 0
[HDD (BASE 65) ]
TOTAL THIS MO. 1428 CLEAR (SCALE 0-3) 10
DPTR FM NORMAL 234 PTCLDY (SCALE 4-7) 17
TOTAL FM JUL 1 5364 CLOUDY (SCALE 8-10) 1
DPTR FM NORMAL -169
[CDD (BASE 65) ]
TOTAL THIS MO. 0
DPTR FM NORMAL 0 [PRESSURE DATA]
TOTAL FM JAN 1 0 HIGHEST SLP 30.64 ON 15
DPTR FM NORMAL 0 LOWEST SLP 29.24 ON 4
[REMARKS]
#FINAL-02-21#