000
CXUS53 KGRB 100005
CF6OSH
PRELIMINARY LOCAL CLIMATOLOGICAL DATA (WS FORM: F-6)
STATION: OSHKOSH WI
MONTH: AUGUST
YEAR: 2020
LATITUDE: 44 0 N
LONGITUDE: 88 34 W
TEMPERATURE IN F: :PCPN: SNOW: WIND :SUNSHINE: SKY :PK WND
================================================================================
1 2 3 4 5 6A 6B 7 8 9 10 11 12 13 14 15 16 17 18
12Z AVG MX 2MIN
DY MAX MIN AVG DEP HDD CDD WTR SNW DPTH SPD SPD DIR MIN PSBL S-S WX SPD DR
================================================================================
1 81 57 69 -2 0 4 0.00 0.0 0 3.5 9 40 M M 0 12 40
2 75 61 68 -3 0 3 0.12 0.0 0 5.6 15 360 M M 6 1 M M
3 66 57 62 -9 3 0 0.00 0.0 0 9.9 14 20 M M 10 M M
4 72 51 62 -9 3 0 0.00 0.0 0 7.7 15 350 M M 3 24 360
5 76 53 65 -6 0 0 0.00 0.0 0 4.5 10 100 M M 2 13 100
6 80 57 69 -2 0 4 0.00 0.0 0 5.0 14 130 M M 2 19 140
7 81 53 67 -3 0 2 0.00 0.0 0 6.8 15 180 M M 0 18 21 190
8 84 63 74 4 0 9 0.43 0.0 0 8.8 21 190 M M 3 13 32 200
9 85 69 77 7 0 12 0.01 0.0 0 7.9 24 180 M M 3 13 35 180
10 86 63 75 5 0 10 T 0.0 0 6.9 14 210 M M 3 13 22 230
11 82 59 71 1 0 6 0.00 0.0 0 5.9 9 290 M M 0 14 250
12 85 55 70 0 0 5 0.00 0.0 0 3.5 12 190 M M 0 16 190
13 85 56 71 1 0 6 0.00 0.0 0 3.7 16 140 M M 0 22 140
14 85 60 73 3 0 8 0.00 0.0 0 4.7 16 120 M M 0 22 120
15 80 66 73 3 0 8 0.11 0.0 0 5.5 12 310 M M 4 1 M M
16 81 57 69 -1 0 4 0.00 0.0 0 4.2 10 300 M M 1 M M
17 83 59 71 1 0 6 0.00 0.0 0 6.6 16 360 M M 3 20 360
18 78 56 67 -3 0 2 0.00 0.0 0 5.1 13 310 M M 2 17 310
19 82 55 69 -1 0 4 0.00 0.0 0 6.0 13 200 M M 0 19 210
20 83 63 73 4 0 8 T 0.0 0 7.1 14 210 M M 1 23 240
21 85 59 72 3 0 7 T 0.0 0 6.5 15 190 M M 2 22 180
22 83 64 74 5 0 9 T 0.0 0 6.2 16 190 M M 3 23 180
23 87 65 76 7 0 11 0.00 0.0 0 3.9 12 200 M M 2 1 15 200
24 89 70 80 11 0 15 T 0.0 0 4.9 10 260 M M 0 18 250
25 76 67 72 4 0 7 0.98 0.0 0 4.4 17 170 M M 6 138 25 170
26 89 65 77 9 0 12 0.00 0.0 0 8.8 16 210 M M 0 1 27 220
27 84 70 77 9 0 12 0.41 0.0 0 6.6 16 40 M M 5 1 M M
28 81 67 74 6 0 9 1.61 0.0 0 7.7 20 190 M M 5 13 26 210
29 76 56 66 -2 0 1 0.00 0.0 0 11.2 22 310 M M 1 33 310
30 72 54 63 -4 2 0 0.00 0.0 0 5.9 14 120 M M 0 8 18 120
31 73 53 63 -4 2 0 0.10 0.0 0 5.7 18 190 M M 3 1 30 210
================================================================================
SM 2505 1860 10 184 3.77 0.0 190.7 M 70
================================================================================
AV 80.8 60.0 6.2 FASTST M M 2 MAX(MPH)
MISC ----> # 24 180 # 35 180
================================================================================
NOTES:
# LAST OF SEVERAL OCCURRENCES
COLUMN 17 PEAK WIND IN M.P.H.
PRELIMINARY LOCAL CLIMATOLOGICAL DATA (WS FORM: F-6) , PAGE 2
STATION: OSHKOSH WI
MONTH: AUGUST
YEAR: 2020
LATITUDE: 44 0 N
LONGITUDE: 88 34 W
[TEMPERATURE DATA] [PRECIPITATION DATA] SYMBOLS USED IN COLUMN 16
AVERAGE MONTHLY: 70.4 TOTAL FOR MONTH: 3.77 1 = FOG OR MIST
DPTR FM NORMAL: 0.9 DPTR FM NORMAL: 0.12 2 = FOG REDUCING VISIBILITY
HIGHEST: 89 ON 26,24 GRTST 24HR 1.61 ON 28-28 TO 1/4 MILE OR LESS
LOWEST: 51 ON 4 3 = THUNDER
SNOW, ICE PELLETS, HAIL 4 = ICE PELLETS
TOTAL MONTH: 0.0 INCH 5 = HAIL
GRTST 24HR 0.0 6 = FREEZING RAIN OR DRIZZLE
GRTST DEPTH: 0 7 = DUSTSTORM OR SANDSTORM:
VSBY 1/2 MILE OR LESS
8 = SMOKE OR HAZE
[NO. OF DAYS WITH] [WEATHER - DAYS WITH] 9 = BLOWING SNOW
X = TORNADO
MAX 32 OR BELOW: 0 0.01 INCH OR MORE: 8
MAX 90 OR ABOVE: 0 0.10 INCH OR MORE: 7
MIN 32 OR BELOW: 0 0.50 INCH OR MORE: 2
MIN 0 OR BELOW: 0 1.00 INCH OR MORE: 1
[HDD (BASE 65) ]
TOTAL THIS MO. 10 CLEAR (SCALE 0-3) 23
DPTR FM NORMAL -10 PTCLDY (SCALE 4-7) 7
TOTAL FM JUL 1 10 CLOUDY (SCALE 8-10) 1
DPTR FM NORMAL -21
[CDD (BASE 65) ]
TOTAL THIS MO. 184
DPTR FM NORMAL 25 [PRESSURE DATA]
TOTAL FM JAN 1 658 HIGHEST SLP 30.14 ON 7
DPTR FM NORMAL 166 LOWEST SLP 29.56 ON 28
[REMARKS]
#FINAL-08-20#