000
CXUS56 KMFR 010930
CF6OTH
PRELIMINARY LOCAL CLIMATOLOGICAL DATA (WS FORM: F-6)
STATION: NORTH BEND OR
MONTH: AUGUST
YEAR: 2021
LATITUDE: 43 25 N
LONGITUDE: 124 15 W
TEMPERATURE IN F: :PCPN: SNOW: WIND :SUNSHINE: SKY :PK WND
================================================================================
1 2 3 4 5 6A 6B 7 8 9 10 11 12 13 14 15 16 17 18
12Z AVG MX 2MIN
DY MAX MIN AVG DEP HDD CDD WTR SNW DPTH SPD SPD DIR MIN PSBL S-S WX SPD DR
================================================================================
1 66 55 61 1 4 0 0.00 M M 13.0 28 350 M M 8 1 35 350
2 65 53 59 -1 6 0 0.00 M M 9.5 25 340 M M 9 128 32 340
3 65 52 59 -1 6 0 0.00 M M 12.7 28 360 M M 7 18 33 360
4 65 50 58 -2 7 0 0.02 M M 8.7 25 350 M M 7 12 31 350
5 66 55 61 1 4 0 0.02 M M 5.1 10 270 M M 8 12 13 350
6 74 57 66 6 0 1 0.00 M M 7.4 18 350 M M 6 12 22 360
7 74 55 65 5 0 0 T M M 7.9 18 330 M M 6 12 22 330
8 69 54 62 2 3 0 T M M 14.0 30 360 M M 1 1 39 10
9 67 52 60 0 5 0 0.00 M M 15.4 33 360 M M 0 1 43 360
10 69 48 59 -1 6 0 0.00 M M 11.4 32 350 M M 3 12 37 350
11 67 51 59 -1 6 0 0.00 M M 5.4 12 290 M M 3 18 13 290
12 64 54 59 -1 6 0 0.00 M M 5.8 14 290 M M 0 18 17 290
13 67 52 60 0 5 0 0.00 M M 4.9 16 260 M M 4 18 17 250
14 68 56 62 2 3 0 0.00 M M 6.6 17 340 M M 6 18 21 340
15 69 59 64 4 1 0 0.00 M M 8.0 16 340 M M 8 M M
16 71 59 65 5 0 0 0.00 M M 6.2 17 360 M M 10 1 22 360
17 69 54 62 2 3 0 0.01 M M 7.8 20 330 M M 7 23 330
18 67 53 60 0 5 0 0.00 M M 11.9 26 350 M M 2 18 32 360
19 69 57 63 3 2 0 T M M 11.6 26 350 M M 9 1 31 350
20 69 57 63 3 2 0 T M M 9.8 21 340 M M 6 18 26 340
21 68 56 62 2 3 0 0.03 M M 8.0 20 360 M M 6 1 23 330
22 70 51 61 1 4 0 0.00 M M 11.4 25 350 M M 4 1 30 350
23 67 50 59 -1 6 0 0.00 M M 13.8 33 360 M M 1 38 10
24 64 46 55 -5 10 0 0.00 M M 8.5 18 350 M M 6 18 24 360
25 68 57 63 3 2 0 0.00 M M 6.3 16 330 M M 5 1 20 340
26 70 56 63 3 2 0 0.00 M M 8.3 17 330 M M 7 1 20 330
27 69 54 62 2 3 0 0.00 M M 12.8 25 360 M M 2 1 39 360
28 64 51 58 -2 7 0 0.00 M M 15.2 29 350 M M 0 18 35 350
29 63 52 58 -2 7 0 0.00 M M 12.8 24 360 M M 7 18 33 360
30 68 50 59 -1 6 0 0.00 M M 11.0 21 350 M M 0 1 25 350
31 67 46 57 -3 8 0 0.00 M M 12.6 29 360 M M 0 38 10
================================================================================
SM 2098 1652 132 1 0.08 M 303.8 M 148
================================================================================
AV 67.7 53.3 9.8 FASTST M M 5 MAX(MPH)
MISC ----> # 33 360 43 360
================================================================================
NOTES:
# LAST OF SEVERAL OCCURRENCES
COLUMN 17 PEAK WIND IN M.P.H.
PRELIMINARY LOCAL CLIMATOLOGICAL DATA (WS FORM: F-6) , PAGE 2
STATION: NORTH BEND OR
MONTH: AUGUST
YEAR: 2021
LATITUDE: 43 25 N
LONGITUDE: 124 15 W
[TEMPERATURE DATA] [PRECIPITATION DATA] SYMBOLS USED IN COLUMN 16
AVERAGE MONTHLY: 60.5 TOTAL FOR MONTH: 0.08 1 = FOG OR MIST
DPTR FM NORMAL: 0.1 DPTR FM NORMAL: -0.34 2 = FOG REDUCING VISIBILITY
HIGHEST: 74 ON 7, 6 GRTST 24HR 0.04 ON 4- 5 TO 1/4 MILE OR LESS
LOWEST: 46 ON 31,24 3 = THUNDER
SNOW, ICE PELLETS, HAIL 4 = ICE PELLETS
TOTAL MONTH: M 5 = HAIL
GRTST 24HR M ON M 6 = FREEZING RAIN OR DRIZZLE
GRTST DEPTH: M ON M 7 = DUSTSTORM OR SANDSTORM:
VSBY 1/2 MILE OR LESS
8 = SMOKE OR HAZE
[NO. OF DAYS WITH] [WEATHER - DAYS WITH] 9 = BLOWING SNOW
X = TORNADO
MAX 32 OR BELOW: 0 0.01 INCH OR MORE: 4
MAX 90 OR ABOVE: 0 0.10 INCH OR MORE: 0
MIN 32 OR BELOW: 0 0.50 INCH OR MORE: 0
MIN 0 OR BELOW: 0 1.00 INCH OR MORE: 0
[HDD (BASE 65) ]
TOTAL THIS MO. 132 CLEAR (SCALE 0-3) 10
DPTR FM NORMAL -11 PTCLDY (SCALE 4-7) 18
TOTAL FM JUL 1 300 CLOUDY (SCALE 8-10) 3
DPTR FM NORMAL -8
[CDD (BASE 65) ]
TOTAL THIS MO. 1
DPTR FM NORMAL -1 [PRESSURE DATA]
TOTAL FM JAN 1 1 HIGHEST SLP 30.18 ON 18
DPTR FM NORMAL -2 LOWEST SLP 29.89 ON 21
[REMARKS]
#FINAL-08-21#