000
CXUS56 KMFR 011000
CF6OTH
PRELIMINARY LOCAL CLIMATOLOGICAL DATA (WS FORM: F-6)
STATION: NORTH BEND OR
MONTH: MARCH
YEAR: 2020
LATITUDE: 43 25 N
LONGITUDE: 124 15 W
TEMPERATURE IN F: :PCPN: SNOW: WIND :SUNSHINE: SKY :PK WND
================================================================================
1 2 3 4 5 6A 6B 7 8 9 10 11 12 13 14 15 16 17 18
12Z AVG MX 2MIN
DY MAX MIN AVG DEP HDD CDD WTR SNW DPTH SPD SPD DIR MIN PSBL S-S WX SPD DR
================================================================================
1 51 33 42 -5 23 0 T M M 8.8 23 360 M M 6 12 29 10
2 53 35 44 -3 21 0 0.00 M M 4.5 12 310 M M 9 M M
3 53 44 49 2 16 0 T M M 4.5 14 320 M M 8 12 16 310
4 56 42 49 2 16 0 0.01 M M 6.3 16 350 M M 5 18 18 340
5 53 40 47 0 18 0 0.00 M M 7.3 18 260 M M 8 1 22 270
6 47 39 43 -4 22 0 0.14 M M 7.1 18 350 M M 9 1 23 340
7 48 37 43 -4 22 0 0.27 M M 6.7 15 290 M M 5 1 16 290
8 55 34 45 -2 20 0 0.00 M M 5.5 12 360 M M 4 14 340
9 55 36 46 -2 19 0 0.00 M M 6.8 17 360 M M 2 20 360
10 56 33 45 -3 20 0 0.00 M M 8.1 26 350 M M 0 30 350
11 54 38 46 -2 19 0 0.01 M M 13.0 31 350 M M 2 37 350
12 53 36 45 -3 20 0 0.00 M M 14.0 31 360 M M 0 39 10
13 48 34 41 -7 24 0 0.32 M M 6.7 20 330 M M 6 1 23 330
14 46 36 41 -7 24 0 0.57 M M 8.3 20 250 M M 8 1 24 200
15 49 38 44 -4 21 0 0.05 M M 8.8 16 110 M M 4 21 110
16 55 34 45 -3 20 0 T M M 5.5 15 360 M M 2 17 340
17 51 35 43 -5 22 0 T M M 6.2 18 260 M M 7 1 22 260
18 54 38 46 -2 19 0 0.00 M M 6.2 13 270 M M 6 14 320
19 52 36 44 -4 21 0 0.00 M M 6.5 12 330 M M 3 12 14 310
20 56 35 46 -2 19 0 M M M 8.1 24 350 M M 2 26 350
21 52 37 45 -3 20 0 M M M 11.3 28 350 M M 5 12 32 360
22 49 37 43 -5 22 0 M M M 6.4 14 280 M M 9 12 16 290
23 51 41 46 -2 19 0 0.27 M M 9.0 16 250 M M 9 1 M M
24 50 40 45 -3 20 0 0.40 M M 8.8 17 290 M M 9 18 21 260
25 49 37 43 -5 22 0 0.04 M M 7.6 14 270 M M 6 1 16 300
26 52 34 43 -5 22 0 0.02 M M 8.1 13 280 M M 7 12 15 280
27 54 42 48 0 17 0 0.07 M M 7.6 17 200 M M 10 22 200
28 56 46 51 3 14 0 0.01 M M 8.4 20 200 M M 10 24 200
29 51 46 49 1 16 0 0.61 M M 9.7 16 190 M M 0 30 200
30 51 46 49 1 16 0 0.74 M M 12.6 18 240 0 0 0 33 190
31 52 45 49 1 16 0 0.18 M M 9.7 17 260 M M 8 1 22 230
================================================================================
SM 1612 1184 610 0 3.71 M 248.1 0 169
================================================================================
AV 52.0 38.2 8.0 FASTST 0 0 5 MAX(MPH)
MISC ----> # 31 360 # 39 10
================================================================================
NOTES:
# LAST OF SEVERAL OCCURRENCES
COLUMN 17 PEAK WIND IN M.P.H.
PRELIMINARY LOCAL CLIMATOLOGICAL DATA (WS FORM: F-6) , PAGE 2
STATION: NORTH BEND OR
MONTH: MARCH
YEAR: 2020
LATITUDE: 43 25 N
LONGITUDE: 124 15 W
[TEMPERATURE DATA] [PRECIPITATION DATA] SYMBOLS USED IN COLUMN 16
AVERAGE MONTHLY: 45.1 TOTAL FOR MONTH: 3.71 1 = FOG OR MIST
DPTR FM NORMAL: -2.5 DPTR FM NORMAL: -4.12 2 = FOG REDUCING VISIBILITY
HIGHEST: 56 ON 28,20 GRTST 24HR 0.74 ON 30-30 TO 1/4 MILE OR LESS
LOWEST: 33 ON 10, 1 3 = THUNDER
SNOW, ICE PELLETS, HAIL 4 = ICE PELLETS
TOTAL MONTH: M 5 = HAIL
GRTST 24HR M ON M 6 = FREEZING RAIN OR DRIZZLE
GRTST DEPTH: M ON M 7 = DUSTSTORM OR SANDSTORM:
VSBY 1/2 MILE OR LESS
8 = SMOKE OR HAZE
[NO. OF DAYS WITH] [WEATHER - DAYS WITH] 9 = BLOWING SNOW
X = TORNADO
MAX 32 OR BELOW: 0 0.01 INCH OR MORE: 16
MAX 90 OR ABOVE: 0 0.10 INCH OR MORE: 9
MIN 32 OR BELOW: 0 0.50 INCH OR MORE: 3
MIN 0 OR BELOW: 0 1.00 INCH OR MORE: 0
[HDD (BASE 65) ]
TOTAL THIS MO. 610 CLEAR (SCALE 0-3) 9
DPTR FM NORMAL 72 PTCLDY (SCALE 4-7) 13
TOTAL FM JUL 1 3372 CLOUDY (SCALE 8-10) 9
DPTR FM NORMAL -340
[CDD (BASE 65) ]
TOTAL THIS MO. 0
DPTR FM NORMAL 0 [PRESSURE DATA]
TOTAL FM JAN 1 0 HIGHEST SLP 30.19 ON 26
DPTR FM NORMAL 0 LOWEST SLP 29.90 ON 30
[REMARKS]
#FINAL-03-20#