000
CXUS56 KMFR 010930
CF6OTH
PRELIMINARY LOCAL CLIMATOLOGICAL DATA (WS FORM: F-6)
STATION: NORTH BEND OR
MONTH: SEPTEMBER
YEAR: 2023
LATITUDE: 43 25 N
LONGITUDE: 124 15 W
TEMPERATURE IN F: :PCPN: SNOW: WIND :SUNSHINE: SKY :PK WND
================================================================================
1 2 3 4 5 6A 6B 7 8 9 10 11 12 13 14 15 16 17 18
12Z AVG MX 2MIN
DY MAX MIN AVG DEP HDD CDD WTR SNW DPTH SPD SPD DIR MIN PSBL S-S WX SPD DR
================================================================================
1 70 57 64 4 1 0 0.00 M M 9.5 21 350 M M 6 1 23 360
2 69 56 63 3 2 0 0.00 M M 7.4 18 260 M M 3 1 21 270
3 67 55 61 1 4 0 0.00 M M 5.0 14 280 M M 5 1 15 270
4 70 54 62 2 3 0 0.01 M M 9.3 22 350 M M 5 12 28 360
5 69 49 59 -1 6 0 0.00 M M 7.8 24 350 M M 0 29 340
6 69 49 59 -1 6 0 0.00 M M 7.3 16 350 M M 0 21 330
7 70 54 62 2 3 0 0.00 M M 7.0 17 350 M M 3 1 22 340
8 68 48 58 -2 7 0 0.00 M M 9.4 23 350 M M 1 28 350
9 65 56 61 1 4 0 0.00 M M 6.0 15 320 M M 7 1 18 340
10 73 54 64 4 1 0 0.00 M M 6.6 14 280 M M 4 12 15 270
11 70 55 63 3 2 0 0.02 M M 6.5 16 350 M M 6 1 18 350
12 74 51 63 3 2 0 0.00 M M 7.4 15 330 M M 2 17 330
13 69 54 62 3 3 0 0.00 M M 9.1 26 350 M M 3 12 31 360
14 73 51 62 3 3 0 0.00 M M 7.0 23 360 M M 0 1 28 350
15 64 50 57 -2 8 0 T M M 9.0 24 350 M M 8 12 29 340
16 64 54 59 0 6 0 0.00 M M 9.0 21 10 M M 8 18 25 10
17 66 49 58 -1 7 0 T M M 8.2 23 350 M M 2 12 29 350
18 68 52 60 1 5 0 0.00 M M 13.5 31 360 M M 3 1 39 10
19 70 45 58 -1 7 0 0.00 M M 9.1 24 360 M M 1 8 31 360
20 65 49 57 -2 8 0 T M M 8.4 18 360 M M 4 12 23 10
21 65 43 54 -4 11 0 0.00 M M 8.0 22 350 M M 0 1 28 10
22 68 45 57 -1 8 0 0.00 M M 6.7 17 250 M M 1 8 20 250
23 65 53 59 1 6 0 T M M 4.7 13 290 M M 8 18 14 290
24 65 53 59 1 6 0 0.39 M M 10.0 25 260 M M 8 18 33 260
25 66 56 61 3 4 0 1.69 M M 11.2 26 140 M M 10 1 31 140
26 70 55 63 5 2 0 0.14 M M 13.2 24 200 M M 8 32 230
27 65 51 58 0 7 0 0.28 M M 7.9 25 230 M M 5 1 38 230
28 64 50 57 -1 8 0 0.10 M M 5.9 9 210 M M 8 1 M M
29 59 54 57 0 8 0 0.13 M M 9.4 20 360 M M 10 1 24 350
30 61 50 56 -1 9 0 0.00 M M 12.4 21 10 M M 4 31 10
================================================================================
SM 2021 1552 157 0 2.76 M 252.0 M 133
================================================================================
AV 67.4 51.7 8.4 FASTST M M 4 MAX(MPH)
MISC ----> 31 360 39 10
================================================================================
NOTES:
# LAST OF SEVERAL OCCURRENCES
COLUMN 17 PEAK WIND IN M.P.H.
PRELIMINARY LOCAL CLIMATOLOGICAL DATA (WS FORM: F-6) , PAGE 2
STATION: NORTH BEND OR
MONTH: SEPTEMBER
YEAR: 2023
LATITUDE: 43 25 N
LONGITUDE: 124 15 W
[TEMPERATURE DATA] [PRECIPITATION DATA] SYMBOLS USED IN COLUMN 16
AVERAGE MONTHLY: 59.6 TOTAL FOR MONTH: 2.76 1 = FOG OR MIST
DPTR FM NORMAL: 0.6 DPTR FM NORMAL: 1.21 2 = FOG REDUCING VISIBILITY
HIGHEST: 74 ON 12 GRTST 24HR 2.01 ON 24-25 TO 1/4 MILE OR LESS
LOWEST: 43 ON 21 3 = THUNDER
SNOW, ICE PELLETS, HAIL 4 = ICE PELLETS
TOTAL MONTH: M 5 = HAIL
GRTST 24HR M ON M 6 = FREEZING RAIN OR DRIZZLE
GRTST DEPTH: M ON M 7 = DUSTSTORM OR SANDSTORM:
VSBY 1/2 MILE OR LESS
8 = SMOKE OR HAZE
[NO. OF DAYS WITH] [WEATHER - DAYS WITH] 9 = BLOWING SNOW
X = TORNADO
MAX 32 OR BELOW: 0 0.01 INCH OR MORE: 8
MAX 90 OR ABOVE: 0 0.10 INCH OR MORE: 5
MIN 32 OR BELOW: 0 0.50 INCH OR MORE: 1
MIN 0 OR BELOW: 0 1.00 INCH OR MORE: 1
[HDD (BASE 65) ]
TOTAL THIS MO. 157 CLEAR (SCALE 0-3) 13
DPTR FM NORMAL -26 PTCLDY (SCALE 4-7) 14
TOTAL FM JUL 1 325 CLOUDY (SCALE 8-10) 3
DPTR FM NORMAL -162
[CDD (BASE 65) ]
TOTAL THIS MO. 0
DPTR FM NORMAL -3 [PRESSURE DATA]
TOTAL FM JAN 1 24 HIGHEST SLP 30.20 ON 27
DPTR FM NORMAL 18 LOWEST SLP 29.72 ON 25
[REMARKS]
#FINAL-09-23#