000
CXUS56 KMFR 010930
CF6OTH
PRELIMINARY LOCAL CLIMATOLOGICAL DATA (WS FORM: F-6)
STATION: NORTH BEND OR
MONTH: AUGUST
YEAR: 2023
LATITUDE: 43 25 N
LONGITUDE: 124 15 W
TEMPERATURE IN F: :PCPN: SNOW: WIND :SUNSHINE: SKY :PK WND
================================================================================
1 2 3 4 5 6A 6B 7 8 9 10 11 12 13 14 15 16 17 18
12Z AVG MX 2MIN
DY MAX MIN AVG DEP HDD CDD WTR SNW DPTH SPD SPD DIR MIN PSBL S-S WX SPD DR
================================================================================
1 67 55 61 1 4 0 0.00 M M 10.5 25 350 M M 4 1 30 350
2 70 55 63 3 2 0 0.00 M M 7.5 18 350 M M 4 23 350
3 70 57 64 4 1 0 T M M 8.2 21 340 M M 7 1 26 350
4 72 60 66 6 0 1 T M M 12.7 25 360 M M 6 1 32 360
5 70 57 64 4 1 0 T M M 9.6 25 350 M M 9 1 31 360
6 71 60 66 6 0 1 0.02 M M 8.4 20 360 M M 7 1 24 350
7 74 59 67 7 0 2 0.00 M M 8.9 22 350 M M 4 1 26 340
8 72 57 65 5 0 0 0.00 M M 10.3 26 350 M M 2 1 32 360
9 75 58 67 7 0 2 0.00 M M 6.9 16 340 M M 5 1 20 350
10 73 58 66 6 0 1 0.00 M M 9.2 24 350 M M 4 1 30 360
11 74 54 64 4 1 0 0.00 M M 12.0 28 360 M M 0 32 360
12 72 54 63 3 2 0 0.00 M M 13.6 35 360 M M 0 1 40 360
13 73 53 63 3 2 0 0.00 M M 7.7 20 340 M M 3 12 23 340
14 79 56 68 8 0 3 0.00 M M 5.8 17 270 M M 3 18 18 300
15 77 57 67 7 0 2 T M M 5.6 13 280 M M 2 18 14 280
16 71 58 65 5 0 0 T M M 9.5 23 350 M M 5 12 28 350
17 72 61 67 7 0 2 0.01 M M 9.7 20 340 M M 9 1 23 340
18 68 56 62 2 3 0 0.00 M M 16.1 35 360 M M 4 1 45 360
19 65 51 58 -2 7 0 0.00 M M 15.0 32 360 M M 0 1 37 10
20 65 52 59 -1 6 0 T M M 12.5 24 10 M M 6 12 33 10
21 M M M M M M 0.00 M M 14.2 23 360 M M 2 32 20
22 M M M M M M 0.00 M M 9.2 12 290 M M 0 M M
23 M M M M M M 0.00 M M 13.7 25 330 M M 0 30 330
24 M M M M M M 0.00 M M 7.6 18 350 M M 1 M M
25 68 58 63 3 2 0 0.11 M M 6.9 17 210 M M 5 3 20 210
26 68 58 63 3 2 0 0.00 M M 5.5 15 340 M M M 17 330
27 65 61 63 3 2 0 0.00 M M 4.1 10 280 M M 10 M M
28 70 57 64 4 1 0 0.00 M M 5.7 15 320 M M 6 17 330
29 71 58 65 5 0 0 0.00 M M 4.9 13 280 M M 7 1 15 280
30 73 59 66 6 0 1 T M M 7.3 17 350 M M 4 M M
31 65 58 62 2 3 0 0.30 M M 6.6 14 360 M M 9 1 M M
================================================================================
SM 1910 1537 39 15 0.44 M 285.4 M 128
================================================================================
AV 70.7 56.9 9.2 FASTST M M 4 MAX(MPH)
MISC ----> # 35 360 45 360
================================================================================
NOTES:
# LAST OF SEVERAL OCCURRENCES
COLUMN 17 PEAK WIND IN M.P.H.
PRELIMINARY LOCAL CLIMATOLOGICAL DATA (WS FORM: F-6) , PAGE 2
STATION: NORTH BEND OR
MONTH: AUGUST
YEAR: 2023
LATITUDE: 43 25 N
LONGITUDE: 124 15 W
[TEMPERATURE DATA] [PRECIPITATION DATA] SYMBOLS USED IN COLUMN 16
AVERAGE MONTHLY: 63.8 TOTAL FOR MONTH: 0.44 1 = FOG OR MIST
DPTR FM NORMAL: 3.4 DPTR FM NORMAL: 0.02 2 = FOG REDUCING VISIBILITY
HIGHEST: 79 ON 14 GRTST 24HR 0.30 ON 31-31 TO 1/4 MILE OR LESS
LOWEST: 51 ON 19 3 = THUNDER
SNOW, ICE PELLETS, HAIL 4 = ICE PELLETS
TOTAL MONTH: M 5 = HAIL
GRTST 24HR M ON M 6 = FREEZING RAIN OR DRIZZLE
GRTST DEPTH: M ON M 7 = DUSTSTORM OR SANDSTORM:
VSBY 1/2 MILE OR LESS
8 = SMOKE OR HAZE
[NO. OF DAYS WITH] [WEATHER - DAYS WITH] 9 = BLOWING SNOW
X = TORNADO
MAX 32 OR BELOW: 0 0.01 INCH OR MORE: 4
MAX 90 OR ABOVE: 0 0.10 INCH OR MORE: 2
MIN 32 OR BELOW: 0 0.50 INCH OR MORE: 0
MIN 0 OR BELOW: 0 1.00 INCH OR MORE: 0
[HDD (BASE 65) ]
TOTAL THIS MO. 39 CLEAR (SCALE 0-3) 10
DPTR FM NORMAL -104 PTCLDY (SCALE 4-7) 16
TOTAL FM JUL 1 168 CLOUDY (SCALE 8-10) 5
DPTR FM NORMAL -140
[CDD (BASE 65) ]
TOTAL THIS MO. 15
DPTR FM NORMAL 13 [PRESSURE DATA]
TOTAL FM JAN 1 24 HIGHEST SLP 30.29 ON 6
DPTR FM NORMAL 21 LOWEST SLP 29.85 ON 21
[REMARKS]
#FINAL-08-23#