000
CXUS53 KDMX 011739
CF6OTM
PRELIMINARY LOCAL CLIMATOLOGICAL DATA (WS FORM: F-6)
STATION: OTTUMWA IA
MONTH: SEPTEMBER
YEAR: 2022
LATITUDE: 41 6 N
LONGITUDE: 92 27 W
TEMPERATURE IN F: :PCPN: SNOW: WIND :SUNSHINE: SKY :PK WND
================================================================================
1 2 3 4 5 6A 6B 7 8 9 10 11 12 13 14 15 16 17 18
12Z AVG MX 2MIN
DY MAX MIN AVG DEP HDD CDD WTR SNW DPTH SPD SPD DIR MIN PSBL S-S WX SPD DR
================================================================================
1 87 64 76 6 0 11 0.00 0.0 0 8.0 17 190 M M 1 23 170
2 90 63 77 7 0 12 0.06 0.0 0 6.0 15 290 M M 1 38 21 300
3 84 65 75 5 0 10 0.00 0.0 0 8.8 17 350 M M 6 23 350
4 75 66 71 2 0 6 0.00 0.0 0 8.3 13 70 M M 10 1 17 90
5 74 60 67 -2 0 2 0.00 0.0 0 7.1 13 70 M M 7 1 15 80
6 82 55 69 0 0 4 0.00 0.0 0 3.9 12 70 M M 4 12 17 100
7 86 54 70 2 0 5 0.00 0.0 0 3.2 10 360 M M 1 128 15 10
8 86 55 71 3 0 6 0.00 0.0 0 5.4 15 170 M M 0 1 19 170
9 88 60 74 6 0 9 0.00 0.0 0 8.0 15 160 M M 1 23 160
10 72 57 65 -2 0 0 0.89 0.0 0 10.5 20 350 M M 9 1 26 320
11 75 53 64 -3 1 0 0.03 0.0 0 11.3 24 340 M M 2 1 32 330
12 76 49 63 -4 2 0 0.00 0.0 0 9.2 22 320 M M 0 29 320
13 80 45 63 -3 2 0 0.00 0.0 0 4.1 9 100 M M 0 12 320
14 87 53 70 4 0 5 0.00 0.0 0 6.8 12 170 M M 0 17 180
15 85 61 73 7 0 8 0.00 0.0 0 9.7 20 170 M M 0 27 170
16 84 60 72 7 0 7 0.00 0.0 0 9.1 17 210 M M 3 27 230
17 73 64 69 4 0 4 2.67 0.0 0 10.6 33 160 M M 7 13 47 160
18 87 64 76 11 0 11 0.35 0.0 0 8.3 26 150 M M 6 13 35 140
19 84 65 75 11 0 10 0.07 0.0 0 8.7 16 160 M M 2 13 25 160
20 94 70 82 18 0 17 0.00 0.0 0 10.9 21 210 M M 0 3 29 200
21 81 56 69 5 0 4 0.02 0.0 0 11.5 25 350 M M 4 3 35 350
22 68 49 59 -4 6 0 0.00 0.0 0 7.5 15 40 M M 0 21 40
23 57 52 55 -8 10 0 0.08 0.0 0 9.3 17 160 M M 7 1 24 160
24 82 52 67 5 0 2 0.00 0.0 0 9.1 22 270 M M 5 12 32 260
25 75 51 63 1 2 0 0.00 0.0 0 12.1 24 300 M M 0 37 320
26 70 44 57 -5 8 0 0.00 0.0 0 11.8 29 320 M M 0 37 310
27 70 43 57 -4 8 0 0.00 0.0 0 7.8 20 350 M M 3 25 340
28 65 33 49 -12 16 0 0.00 0.0 0 5.3 10 100 M M 0 8 14 50
29 67 36 52 -8 13 0 0.00 0.0 0 8.3 16 160 M M 0 23 140
30 70 38 54 -6 11 0 0.00 0.0 0 6.8 14 140 M M 0 8 23 120
================================================================================
SM 2354 1637 79 133 4.17 0.0 247.4 M 79
================================================================================
AV 78.5 54.6 8.2 FASTST M M 3 MAX(MPH)
MISC ----> 33 160 47 160
================================================================================
NOTES:
# LAST OF SEVERAL OCCURRENCES
COLUMN 17 PEAK WIND IN M.P.H.
PRELIMINARY LOCAL CLIMATOLOGICAL DATA (WS FORM: F-6) , PAGE 2
STATION: OTTUMWA IA
MONTH: SEPTEMBER
YEAR: 2022
LATITUDE: 41 6 N
LONGITUDE: 92 27 W
[TEMPERATURE DATA] [PRECIPITATION DATA] SYMBOLS USED IN COLUMN 16
AVERAGE MONTHLY: 66.5 TOTAL FOR MONTH: 4.17 1 = FOG OR MIST
DPTR FM NORMAL: 1.2 DPTR FM NORMAL: 0.67 2 = FOG REDUCING VISIBILITY
HIGHEST: 94 ON 20 GRTST 24HR 2.86 ON 17-18 TO 1/4 MILE OR LESS
LOWEST: 33 ON 28 3 = THUNDER
SNOW, ICE PELLETS, HAIL 4 = ICE PELLETS
TOTAL MONTH: 0.0 INCH 5 = HAIL
GRTST 24HR 0.0 6 = FREEZING RAIN OR DRIZZLE
GRTST DEPTH: 0 7 = DUSTSTORM OR SANDSTORM:
VSBY 1/2 MILE OR LESS
8 = SMOKE OR HAZE
[NO. OF DAYS WITH] [WEATHER - DAYS WITH] 9 = BLOWING SNOW
X = TORNADO
MAX 32 OR BELOW: 0 0.01 INCH OR MORE: 8
MAX 90 OR ABOVE: 2 0.10 INCH OR MORE: 3
MIN 32 OR BELOW: 0 0.50 INCH OR MORE: 2
MIN 0 OR BELOW: 0 1.00 INCH OR MORE: 1
[HDD (BASE 65) ]
TOTAL THIS MO. 79 CLEAR (SCALE 0-3) 20
DPTR FM NORMAL -19 PTCLDY (SCALE 4-7) 8
TOTAL FM JUL 1 79 CLOUDY (SCALE 8-10) 2
DPTR FM NORMAL -29
[CDD (BASE 65) ]
TOTAL THIS MO. 133
DPTR FM NORMAL 27 [PRESSURE DATA]
TOTAL FM JAN 1 1125 HIGHEST SLP 30.52 ON 28
DPTR FM NORMAL 156 LOWEST SLP 29.79 ON 24
[REMARKS]
#FINAL-09-22#