000
CXUS53 KARX 011809
CF6OVS
PRELIMINARY LOCAL CLIMATOLOGICAL DATA (WS FORM: F-6)
STATION: BOSCOBEL_(ASOS) WI
MONTH: MARCH
YEAR: 2020
LATITUDE: 43 9 N
LONGITUDE: 90 41 W
TEMPERATURE IN F: :PCPN: SNOW: WIND :SUNSHINE: SKY :PK WND
================================================================================
1 2 3 4 5 6A 6B 7 8 9 10 11 12 13 14 15 16 17 18
12Z AVG MX 2MIN
DY MAX MIN AVG DEP HDD CDD WTR SNW DPTH SPD SPD DIR MIN PSBL S-S WX SPD DR
================================================================================
1 54 30 42 12 23 0 0.00 0.0 M 6.2 14 230 M M 0 8 20 200
2 43 28 36 6 29 0 0.00 0.0 M 5.0 13 280 M M 5 19 260
3 46 25 36 6 29 0 T T M 7.5 21 270 M M 5 1 31 270
4 47 29 38 7 27 0 T 0.0 0 5.4 15 320 M M 2 8 23 200
5 47 33 40 9 25 0 0.01 M M 12.4 25 260 M M 7 40 260
6 44 21 33 1 32 0 0.00 0.0 M 4.9 21 340 M M 1 8 35 340
7 58 19 39 7 26 0 0.00 0.0 0 6.9 18 200 M M 0 1 30 220
8 68 44 56 24 9 0 0.00 0.0 0 8.4 22 200 M M 0 32 200
9 57 36 47 14 18 0 0.47 0.0 0 8.4 16 220 M M 9 1 24 220
10 52 28 40 7 25 0 0.19 0.0 0 3.7 12 350 M M 5 1 18 310
11 47 29 38 5 27 0 0.08 0.0 0 3.0 9 220 M M 7 18 14 200
12 53 29 41 7 24 0 0.23 0.0 0 7.9 23 290 M M 7 18 35 300
13 46 32 39 5 26 0 0.00 0.0 0 10.5 22 300 M M 0 34 290
14 37 28 33 -1 32 0 0.02 M M 2.8 8 330 M M 7 1 14 40
15 41 19 30 -5 35 0 0.00 0.0 M 2.1 10 70 M M 4 18 14 50
16 42 25 34 -1 31 0 0.00 0.0 0 4.8 14 270 M M 10 1 21 250
17 49 29 39 3 26 0 0.00 0.0 0 5.3 20 290 M M 2 8 30 310
18 41 34 38 2 27 0 0.33 0.0 0 3.5 9 40 M M 10 1 14 50
19 45 39 42 6 23 0 1.51 0.0 0 4.6 15 20 M M 10 13 26 10
20 39 27 33 -4 32 0 0.05 M M 10.4 22 330 M M 9 1 34 330
21 40 22 31 -6 34 0 0.00 0.0 0 3.9 12 210 M M 4 8 17 210
22 41 30 36 -2 29 0 T T 0 4.8 13 120 M M 9 8 24 170
23 46 33 40 2 25 0 0.00 0.0 0 3.8 9 190 M M 10 8 14 200
24 51 38 45 7 20 0 0.00 0.0 0 4.6 13 110 M M 9 18 20 120
25 50 42 46 7 19 0 0.06 0.0 0 4.5 12 230 M M 10 18 16 230
26 50 42 46 7 19 0 T 0.0 0 4.1 9 360 M M 10 1 14 30
27 58 36 47 7 18 0 0.02 0.0 0 5.7 14 90 M M 5 18 22 90
28 52 44 48 8 17 0 0.88 0.0 0 6.2 16 300 M M 10 13 27 310
29 52 41 47 7 18 0 0.03 0.0 0 11.1 23 280 M M 9 18 35 270
30 63 33 48 7 17 0 0.00 0.0 0 6.3 17 340 M M 0 24 320
31 45 30 38 -3 27 0 0.00 0.0 0 4.1 12 90 M M 6 17 70
================================================================================
SM 1504 975 769 0 3.88 T 182.8 M 182
================================================================================
AV 48.5 31.5 5.9 FASTST M M 6 MAX(MPH)
MISC ----> # 25 260 # 40 260
================================================================================
NOTES:
# LAST OF SEVERAL OCCURRENCES
COLUMN 17 PEAK WIND IN M.P.H.
PRELIMINARY LOCAL CLIMATOLOGICAL DATA (WS FORM: F-6) , PAGE 2
STATION: BOSCOBEL_(ASOS) WI
MONTH: MARCH
YEAR: 2020
LATITUDE: 43 9 N
LONGITUDE: 90 41 W
[TEMPERATURE DATA] [PRECIPITATION DATA] SYMBOLS USED IN COLUMN 16
AVERAGE MONTHLY: 40.0 TOTAL FOR MONTH: 3.88 1 = FOG OR MIST
DPTR FM NORMAL: 4.7 DPTR FM NORMAL: 1.97 2 = FOG REDUCING VISIBILITY
HIGHEST: 68 ON 8 GRTST 24HR 1.51 ON 19-19 TO 1/4 MILE OR LESS
LOWEST: 19 ON 15, 7 3 = THUNDER
SNOW, ICE PELLETS, HAIL 4 = ICE PELLETS
TOTAL MONTH: T 5 = HAIL
GRTST 24HR T ON 22-22 6 = FREEZING RAIN OR DRIZZLE
GRTST DEPTH: 0 7 = DUSTSTORM OR SANDSTORM:
VSBY 1/2 MILE OR LESS
8 = SMOKE OR HAZE
[NO. OF DAYS WITH] [WEATHER - DAYS WITH] 9 = BLOWING SNOW
X = TORNADO
MAX 32 OR BELOW: 0 0.01 INCH OR MORE: 13
MAX 90 OR ABOVE: 0 0.10 INCH OR MORE: 6
MIN 32 OR BELOW: 18 0.50 INCH OR MORE: 2
MIN 0 OR BELOW: 0 1.00 INCH OR MORE: 1
[HDD (BASE 65) ]
TOTAL THIS MO. 769 CLEAR (SCALE 0-3) 8
DPTR FM NORMAL -152 PTCLDY (SCALE 4-7) 11
TOTAL FM JUL 1 5794 CLOUDY (SCALE 8-10) 12
DPTR FM NORMAL -501
[CDD (BASE 65) ]
TOTAL THIS MO. 0
DPTR FM NORMAL -1 [PRESSURE DATA]
TOTAL FM JAN 1 0 HIGHEST SLP 30.75 ON 15
DPTR FM NORMAL -1 LOWEST SLP 29.29 ON 29
[REMARKS]
#FINAL-03-20#