000
CXUS55 KRIW 011010
CF6P60
PRELIMINARY LOCAL CLIMATOLOGICAL DATA (WS FORM: F-6)
STATION: LAKE YELLOWSTONE WY
MONTH: JUNE
YEAR: 2023
LATITUDE: 44 32 N
LONGITUDE: 110 25 W
TEMPERATURE IN F: :PCPN: SNOW: WIND :SUNSHINE: SKY :PK WND
================================================================================
1 2 3 4 5 6A 6B 7 8 9 10 11 12 13 14 15 16 17 18
12Z AVG MX 2MIN
DY MAX MIN AVG DEP HDD CDD WTR SNW DPTH SPD SPD DIR MIN PSBL S-S WX SPD DR
================================================================================
1 61 29 45 2 20 0 0.00 M M 1.0 7 110 M M 0 19 140
2 53 40 47 4 18 0 0.05 M M 2.7 8 310 M M 0 15 320
3 55 40 48 4 17 0 0.07 0.0 0 1.3 8 280 M M 0 12 130
4 60 38 49 5 16 0 0.00 M M 1.0 8 100 M M 0 15 90
5 68 34 51 7 14 0 0.00 M M 1.6 9 260 M M 0 15 250
6 70 36 53 9 12 0 0.00 M M 1.8 8 230 M M 0 20 230
7 69 36 53 9 12 0 0.00 M M 1.1 9 260 M M 0 15 260
8 56 40 48 3 17 0 0.11 M M 1.4 9 260 M M 0 20 230
9 64 32 48 3 17 0 0.00 M M 1.9 8 300 M M 0 16 250
10 58 39 49 4 16 0 0.17 M M 0.9 6 130 M M 0 11 150
11 58 41 50 4 15 0 0.05 M M 1.4 8 110 M M 0 16 140
12 58 40 49 3 16 0 0.33 M M 1.1 8 280 M M 0 16 30
13 60 39 50 4 15 0 0.02 M M 1.3 9 280 M M 0 16 290
14 58 37 48 2 17 0 0.30 M M 2.2 12 230 M M 0 30 240
15 54 29 42 -5 23 0 0.00 M M 2.2 8 320 M M 0 15 310
16 55 35 45 -2 20 0 0.00 M M 1.9 12 260 M M 0 20 270
17 56 33 45 -2 20 0 0.02 M M 2.6 9 260 M M 0 19 290
18 48 39 44 -4 21 0 0.72 M M 2.0 10 230 M M 0 21 200
19 50 35 43 -5 22 0 0.50 M M 0.8 13 270 M M 0 28 190
20 49 28 39 -9 26 0 0.03 M M 1.6 8 270 M M 0 18 270
21 58 27 43 -6 22 0 0.00 M M 3.1 17 270 M M 0 33 270
22 65 26 46 -3 19 0 0.00 M M 1.2 8 260 M M 0 15 110
23 54 35 45 -4 20 0 0.11 M M 1.7 14 280 M M 0 3 26 260
24 52 34 43 -7 22 0 0.02 M M 2.3 10 290 M M 0 21 300
25 67 30 49 -1 16 0 0.00 M M 2.3 13 290 M M 0 22 300
26 65 35 50 0 15 0 0.02 M M 1.8 14 300 M M 0 3 27 320
27 58 34 46 -5 19 0 0.36 M M 1.7 13 300 M M 0 3 21 330
28 64 34 49 -2 16 0 0.00 M M 2.0 10 270 M M 0 17 280
29 64 33 49 -2 16 0 0.02 M M 1.2 10 320 M M 0 20 320
30 68 35 52 0 13 0 0.00 M M 1.8 7 300 M M 0 14 320
================================================================================
SM 1775 1043 532 0 2.90 0.0 50.9 M 0
================================================================================
AV 59.2 34.8 1.7 FASTST M M 0 MAX(MPH)
MISC ----> 17 270 33 270
================================================================================
NOTES:
# LAST OF SEVERAL OCCURRENCES
COLUMN 17 PEAK WIND IN M.P.H.
PRELIMINARY LOCAL CLIMATOLOGICAL DATA (WS FORM: F-6) , PAGE 2
STATION: LAKE YELLOWSTONE WY
MONTH: JUNE
YEAR: 2023
LATITUDE: 44 32 N
LONGITUDE: 110 25 W
[TEMPERATURE DATA] [PRECIPITATION DATA] SYMBOLS USED IN COLUMN 16
AVERAGE MONTHLY: 47.0 TOTAL FOR MONTH: 2.90 1 = FOG OR MIST
DPTR FM NORMAL: 0.0 DPTR FM NORMAL: 0.52 2 = FOG REDUCING VISIBILITY
HIGHEST: 70 ON 6 GRTST 24HR 0.73 ON 17-18 TO 1/4 MILE OR LESS
LOWEST: 26 ON 22 3 = THUNDER
SNOW, ICE PELLETS, HAIL 4 = ICE PELLETS
TOTAL MONTH: 0.0 INCH 5 = HAIL
GRTST 24HR 0.0 6 = FREEZING RAIN OR DRIZZLE
GRTST DEPTH: 0 7 = DUSTSTORM OR SANDSTORM:
VSBY 1/2 MILE OR LESS
8 = SMOKE OR HAZE
[NO. OF DAYS WITH] [WEATHER - DAYS WITH] 9 = BLOWING SNOW
X = TORNADO
MAX 32 OR BELOW: 0 0.01 INCH OR MORE: 17
MAX 90 OR ABOVE: 0 0.10 INCH OR MORE: 8
MIN 32 OR BELOW: 7 0.50 INCH OR MORE: 2
MIN 0 OR BELOW: 0 1.00 INCH OR MORE: 0
[HDD (BASE 65) ]
TOTAL THIS MO. 532 CLEAR (SCALE 0-3) 30
DPTR FM NORMAL -6 PTCLDY (SCALE 4-7) 0
TOTAL FM JUL 1 11995 CLOUDY (SCALE 8-10) 0
DPTR FM NORMAL -16
[CDD (BASE 65) ]
TOTAL THIS MO. 0
DPTR FM NORMAL 0 [PRESSURE DATA]
TOTAL FM JAN 1 0 HIGHEST SLP 30.28 ON 25
DPTR FM NORMAL 0 LOWEST SLP 29.64 ON 18
[REMARKS]
#FINAL-06-23#