000
CXUS53 KPAH 011535
CLAPAH
CLIMATE REPORT
NATIONAL WEATHER SERVICE PADUCAH KY
935 AM CST SUN JAN 01 2023
...................................
...THE PADUCAH KY CLIMATE SUMMARY FOR THE YEAR OF 2022...
CLIMATE NORMAL PERIOD 1991 TO 2020
CLIMATE RECORD PERIOD 1937 TO 2022
WEATHER OBSERVED NORMAL DEPART LAST YEAR`S
VALUE DATE(S) VALUE FROM VALUE DATE(S)
NORMAL
................................................................
TEMPERATURE (F)
RECORD
HIGH 108 06/29/2012
07/17/1942
LOW -15 01/20/1985
HIGHEST 101 09/21 96 06/12
08/26
LOWEST -4 12/23 -2 02/16
AVG. MAXIMUM 69.9 69.3 0.6 69.7
AVG. MINIMUM 47.4 48.2 -0.8 49.3
MEAN 58.7 58.8 -0.1 59.5
DAYS MAX >= 90 63 50.2 12.8 45
DAYS MAX <= 32 12 11.2 0.8 13
DAYS MIN <= 32 90 82.8 7.2 73
DAYS MIN <= 0 2 0.5 1.5 2
PRECIPITATION (INCHES)
RECORD
MAXIMUM 74.85 2011
MINIMUM 30.06 2012
TOTALS 45.10 50.32 -5.22 49.38
DAILY AVG. 0.12 0.14 -0.02 0.13
DAYS >= .01 103 113.8 -10.8 127
DAYS >= .10 65 75.6 -10.6 76
DAYS >= .50 31 33.7 -2.7 38
DAYS >= 1.00 18 14.1 3.9 13
GREATEST
24 HR. TOTAL 3.14
STORM TOTAL 3.14
SNOWFALL (INCHES)
RECORDS
TOTAL 25.6 2015
24 HR TOTAL 14.0 12/22/2004 TO 12/22/2004
TOTALS 12.4 8.9 3.5 14.0
LIQUID EQUIV 1.20
SINCE 7/1 6.1 2.1 4.0 MM
SNOWDEPTH AVG. 0 0
DAYS >= TRACE 21 7.0 14.0 24
DAYS >= 1.0 4 2.3 1.7 2
GREATEST
SNOW DEPTH 4 01/06 5 02/16
02/18
02/19
24 HR TOTAL 2.3 11/12 TO 11/12
STORM TOTAL 3.6
DEGREE DAYS
HEATING TOTAL 4010 3925 85 3619
SINCE 7/1 1579 1547 32
FREEZE DATES
RECORD
EARLIEST 10/01/1984
LATEST 04/28/1992
EARLIEST 10/18
LATEST 03/20
................................................................
WIND (MPH)
AVERAGE WIND SPEED 5.0
HIGHEST WIND SPEED/DIRECTION 35/140 DATE 04/11
HIGHEST GUST SPEED/DIRECTION 60/160 DATE 03/30
SKY COVER
POSSIBLE SUNSHINE (PERCENT) MM
AVERAGE SKY COVER 0.33
NUMBER OF DAYS FAIR 218
NUMBER OF DAYS PC 88
NUMBER OF DAYS CLOUDY 59
AVERAGE RH (PERCENT) 65
WEATHER CONDITIONS. NUMBER OF DAYS WITH
THUNDERSTORM 53 MIXED PRECIP 1
HEAVY RAIN 41 RAIN 57
LIGHT RAIN 103 FREEZING RAIN 4
LT FREEZING RAIN 5 HAIL 0
HEAVY SNOW 1 SNOW 2
LIGHT SNOW 18 SLEET 2
FOG 144 FOG W/VIS <= 1/4 MILE 19
HAZE 63
- INDICATES NEGATIVE NUMBERS.
R INDICATES RECORD WAS SET OR TIED.
MM INDICATES DATA IS MISSING.
T INDICATES TRACE AMOUNT.
$$