000
CXUS52 KFFC 011010
CF6PDK
PRELIMINARY LOCAL CLIMATOLOGICAL DATA (WS FORM: F-6)
STATION: DEKALB PEACHTREE AIRPORT
MONTH: APRIL
YEAR: 2022
LATITUDE: 33 52 N
LONGITUDE: 84 18 W
TEMPERATURE IN F: :PCPN: SNOW: WIND :SUNSHINE: SKY :PK WND
================================================================================
1 2 3 4 5 6A 6B 7 8 9 10 11 12 13 14 15 16 17 18
12Z AVG MX 2MIN
DY MAX MIN AVG DEP HDD CDD WTR SNW DPTH SPD SPD DIR MIN PSBL S-S WX SPD DR
================================================================================
1 65 42 54 -3 11 0 0.00 M M 6.9 17 270 M M 0 26 300
2 66 38 52 -6 13 0 0.00 M M 2.4 9 270 M M 1 17 50
3 68 41 55 -3 10 0 0.00 M M 7.7 20 290 M M 0 29 290
4 74 37 56 -2 9 0 0.00 M M 1.6 12 200 M M 0 17 100
5 66 46 56 -2 9 0 2.10 M M 5.9 17 220 M M 5 123 24 230
6 72 59 66 8 0 1 0.55 M M 3.7 15 280 M M 9 123 20 270
7 68 49 59 0 6 0 0.01 M M 12.3 22 310 M M 4 13 34 310
8 58 42 50 -9 15 0 0.00 M M 10.2 22 280 M M 6 31 290
9 54 35 45 -14 20 0 0.00 M M 8.2 22 270 M M 7 38 320
10 72 30 51 -9 14 0 0.00 M M 3.4 13 220 M M 0 17 300
11 69 45 57 -3 8 0 0.00 M M 4.5 15 200 M M 2 20 190
12 80 52 66 6 0 1 0.00 M M 4.9 16 180 M M 5 25 170
13 76 61 69 9 0 4 0.00 M M 6.5 18 170 M M 3 31 170
14 73 54 64 4 1 0 0.08 M M 8.1 20 320 M M 3 1 27 310
15 75 39 57 -4 8 0 0.00 M M 3.6 13 130 M M 0 22 150
16 68 56 62 1 3 0 0.94 M M 3.7 13 170 M M 6 13 20 150
17 74 53 64 3 1 0 0.00 M M 2.2 12 250 M M 6 128 16 240
18 68 47 58 -4 7 0 0.01 M M 9.2 22 330 M M 7 1 31 320
19 62 41 52 -10 13 0 0.00 M M 8.9 20 320 M M 0 31 340
20 70 37 54 -8 11 0 0.00 M M 3.8 15 150 M M 0 24 170
21 75 53 64 2 1 0 0.00 M M 3.2 12 180 M M 3 17 150
22 81 50 66 3 0 1 0.00 M M 1.7 10 150 M M 0 1 16 120
23 80 52 66 3 0 1 0.00 M M 4.6 14 170 M M 1 23 140
24 80 56 68 5 0 3 0.00 M M 3.5 13 180 M M 1 18 190
25 83 55 69 5 0 4 0.00 M M 3.9 14 210 M M 1 19 260
26 72 54 63 -1 2 0 0.04 M M 7.1 17 310 M M 3 1 25 330
27 76 42 59 -5 6 0 0.00 M M 4.2 14 310 M M 0 18 310
28 77 47 62 -2 3 0 0.00 M M 2.4 12 150 M M 0 15 150
29 78 49 64 -1 1 0 0.00 M M 3.0 14 200 M M 1 20 170
30 80 56 68 3 0 3 0.00 M M 5.0 14 170 M M 4 21 170
================================================================================
SM 2160 1418 172 18 3.73 M 156.3 M 78
================================================================================
AV 72.0 47.3 5.2 FASTST M M 3 MAX(MPH)
MISC ----> # 22 310 38 320
================================================================================
NOTES:
# LAST OF SEVERAL OCCURRENCES
COLUMN 17 PEAK WIND IN M.P.H.
PRELIMINARY LOCAL CLIMATOLOGICAL DATA (WS FORM: F-6) , PAGE 2
STATION: DEKALB PEACHTREE AIRPORT
MONTH: APRIL
YEAR: 2022
LATITUDE: 33 52 N
LONGITUDE: 84 18 W
[TEMPERATURE DATA] [PRECIPITATION DATA] SYMBOLS USED IN COLUMN 16
AVERAGE MONTHLY: 59.6 TOTAL FOR MONTH: 3.73 1 = FOG OR MIST
DPTR FM NORMAL: -1.3 DPTR FM NORMAL: -0.14 2 = FOG REDUCING VISIBILITY
HIGHEST: 83 ON 25 GRTST 24HR 2.10 ON 5- 5 TO 1/4 MILE OR LESS
LOWEST: 30 ON 10 3 = THUNDER
SNOW, ICE PELLETS, HAIL 4 = ICE PELLETS
TOTAL MONTH: M 5 = HAIL
GRTST 24HR M ON M 6 = FREEZING RAIN OR DRIZZLE
GRTST DEPTH: M ON M 7 = DUSTSTORM OR SANDSTORM:
VSBY 1/2 MILE OR LESS
8 = SMOKE OR HAZE
[NO. OF DAYS WITH] [WEATHER - DAYS WITH] 9 = BLOWING SNOW
X = TORNADO
MAX 32 OR BELOW: 0 0.01 INCH OR MORE: 7
MAX 90 OR ABOVE: 0 0.10 INCH OR MORE: 3
MIN 32 OR BELOW: 1 0.50 INCH OR MORE: 3
MIN 0 OR BELOW: 0 1.00 INCH OR MORE: 1
[HDD (BASE 65) ]
TOTAL THIS MO. 172 CLEAR (SCALE 0-3) 18
DPTR FM NORMAL 12 PTCLDY (SCALE 4-7) 11
TOTAL FM JUL 1 2422 CLOUDY (SCALE 8-10) 1
DPTR FM NORMAL -523
[CDD (BASE 65) ]
TOTAL THIS MO. 18
DPTR FM NORMAL -20 [PRESSURE DATA]
TOTAL FM JAN 1 33 HIGHEST SLP 30.44 ON 21
DPTR FM NORMAL -13 LOWEST SLP 29.60 ON 6
[REMARKS]
#FINAL-04-22#