000
CXUS52 KFFC 011110
CF6PDK
PRELIMINARY LOCAL CLIMATOLOGICAL DATA (WS FORM: F-6)
STATION: DEKALB PEACHTREE AIRPORT
MONTH: MARCH
YEAR: 2020
LATITUDE: 33 52 N
LONGITUDE: 84 18 W
TEMPERATURE IN F: :PCPN: SNOW: WIND :SUNSHINE: SKY :PK WND
================================================================================
1 2 3 4 5 6A 6B 7 8 9 10 11 12 13 14 15 16 17 18
12Z AVG MX 2MIN
DY MAX MIN AVG DEP HDD CDD WTR SNW DPTH SPD SPD DIR MIN PSBL S-S WX SPD DR
================================================================================
1 63 27 45 -4 20 0 0.00 0.0 0 3.5 13 210 M M 0 17 190
2 53 41 47 -3 18 0 0.81 M 0 3.4 9 210 M M 6 1 14 180
3 69 50 60 10 5 0 0.15 0.0 0 7.6 18 220 M M 8 123 27 220
4 61 51 56 6 9 0 0.78 0.0 0 3.7 10 320 M M 10 1 14 320
5 51 44 48 -2 17 0 1.49 0.0 0 5.5 13 100 M M 10 13 23 90
6 56 38 47 -4 18 0 0.00 0.0 0 14.0 29 310 M M 0 1 37 310
7 59 31 45 -6 20 0 0.00 0.0 0 4.5 14 330 M M 0 18 330
8 62 32 47 -4 18 0 0.00 0.0 0 3.4 12 130 M M 0 17 150
9 65 38 52 1 13 0 0.00 0.0 0 4.2 15 190 M M 3 21 190
10 65 52 59 7 6 0 0.07 0.0 0 6.7 21 230 M M 7 1 25 240
11 71 53 62 10 3 0 0.13 0.0 0 6.6 25 220 M M 6 1 38 230
12 72 56 64 12 1 0 0.02 0.0 0 5.4 17 220 M M 7 1 24 200
13 70 60 65 12 0 0 0.01 0.0 0 7.4 17 230 M M 9 23 230
14 75 51 63 10 2 0 0.00 0.0 0 3.8 14 20 M M 5 17 10
15 69 51 60 7 5 0 0.04 0.0 0 5.6 14 350 M M 9 1 18 280
16 56 50 53 0 12 0 T 0.0 0 5.4 12 70 M M 10 1 18 60
17 68 49 59 5 6 0 0.00 0.0 0 1.6 8 350 M M 6 18 11 80
18 73 50 62 8 3 0 T 0.0 0 3.2 9 140 M M 5 18 16 110
19 78 57 68 14 0 3 0.00 0.0 0 4.4 18 210 M M 8 12 22 210
20 81 60 71 16 0 6 T 0.0 0 9.9 30 310 M M 4 41 310
21 71 50 61 6 4 0 0.08 0.0 0 8.0 17 320 M M 5 1 22 330
22 61 45 53 -2 12 0 0.05 M 0 5.3 13 70 M M 6 1 20 50
23 57 49 53 -2 12 0 1.35 0.0 0 3.0 9 360 M M 10 1 14 80
24 71 54 63 7 2 0 0.44 0.0 0 3.1 17 330 M M 10 1238 21 330
25 70 54 62 6 3 0 0.56 0.0 0 7.7 17 320 M M 3 13 22 300
26 76 45 61 5 4 0 0.00 0.0 0 1.9 10 170 M M 2 17 190
27 84 52 68 11 0 3 0.00 0.0 0 5.0 16 210 M M 1 1 22 220
28 83 62 73 16 0 8 0.00 0.0 0 8.5 17 200 M M 3 23 200
29 76 65 71 14 0 6 T 0.0 0 10.0 21 300 M M 4 29 290
30 73 58 66 9 0 1 0.00 0.0 0 8.1 20 310 M M 0 25 320
31 61 47 54 -4 11 0 0.44 0.0 0 9.0 30 300 M M 10 18 44 290
================================================================================
SM 2100 1522 224 27 6.42 0.0 179.4 M 167
================================================================================
AV 67.7 49.1 5.8 FASTST M M 5 MAX(MPH)
MISC ----> # 30 310 # 44 290
================================================================================
NOTES:
# LAST OF SEVERAL OCCURRENCES
COLUMN 17 PEAK WIND IN M.P.H.
PRELIMINARY LOCAL CLIMATOLOGICAL DATA (WS FORM: F-6) , PAGE 2
STATION: DEKALB PEACHTREE AIRPORT
MONTH: MARCH
YEAR: 2020
LATITUDE: 33 52 N
LONGITUDE: 84 18 W
[TEMPERATURE DATA] [PRECIPITATION DATA] SYMBOLS USED IN COLUMN 16
AVERAGE MONTHLY: 58.4 TOTAL FOR MONTH: 6.42 1 = FOG OR MIST
DPTR FM NORMAL: 5.0 DPTR FM NORMAL: 1.44 2 = FOG REDUCING VISIBILITY
HIGHEST: 84 ON 27 GRTST 24HR 1.49 ON 5- 5 TO 1/4 MILE OR LESS
LOWEST: 27 ON 1 3 = THUNDER
SNOW, ICE PELLETS, HAIL 4 = ICE PELLETS
TOTAL MONTH: 0.0 INCH 5 = HAIL
GRTST 24HR 0.0 6 = FREEZING RAIN OR DRIZZLE
GRTST DEPTH: 0 7 = DUSTSTORM OR SANDSTORM:
VSBY 1/2 MILE OR LESS
8 = SMOKE OR HAZE
[NO. OF DAYS WITH] [WEATHER - DAYS WITH] 9 = BLOWING SNOW
X = TORNADO
MAX 32 OR BELOW: 0 0.01 INCH OR MORE: 15
MAX 90 OR ABOVE: 0 0.10 INCH OR MORE: 9
MIN 32 OR BELOW: 3 0.50 INCH OR MORE: 5
MIN 0 OR BELOW: 0 1.00 INCH OR MORE: 2
[HDD (BASE 65) ]
TOTAL THIS MO. 224 CLEAR (SCALE 0-3) 9
DPTR FM NORMAL -144 PTCLDY (SCALE 4-7) 13
TOTAL FM JUL 1 2349 CLOUDY (SCALE 8-10) 9
DPTR FM NORMAL -420
[CDD (BASE 65) ]
TOTAL THIS MO. 27
DPTR FM NORMAL 20 [PRESSURE DATA]
TOTAL FM JAN 1 27 HIGHEST SLP 30.62 ON 8
DPTR FM NORMAL 20 LOWEST SLP 29.61 ON 31
[REMARKS]
#FINAL-03-20#