000
CXUS54 KMAF 040137
CF6PEQ
PRELIMINARY LOCAL CLIMATOLOGICAL DATA (WS FORM: F-6)
STATION: PECOS MUNICIPAL AIRPORT
MONTH: JULY
YEAR: 2021
LATITUDE: 31 22 N
LONGITUDE: 103 31 W
TEMPERATURE IN F: :PCPN: SNOW: WIND :SUNSHINE: SKY :PK WND
================================================================================
1 2 3 4 5 6A 6B 7 8 9 10 11 12 13 14 15 16 17 18
12Z AVG MX 2MIN
DY MAX MIN AVG DEP HDD CDD WTR SNW DPTH SPD SPD DIR MIN PSBL S-S WX SPD DR
================================================================================
1 90 70 80 M 0 15 0.01 M M 8.0 18 190 M M 4 3 20 180
2 94 69 82 M 0 17 0.01 M M 6.2 15 310 M M 1 23 310
3 94 71 83 M 0 18 0.25 M M 7.1 22 300 M M 3 3 26 300
4 96 72 84 M 0 19 M M M 3.3 14 110 M M 0 18 110
5 89 73 81 M 0 16 M M M 6.5 15 360 M M 1 24 360
6 90 69 80 M 0 15 M M M 7.5 12 70 M M 3 18 40
7 92 72 82 M 0 17 M M M 8.5 16 70 M M 4 18 90
8 94 70 82 M 0 17 M M M 5.8 12 60 M M 1 22 20
9 95 70 83 M 0 18 M M M 6.5 14 60 M M 1 18 50
10 94 71 83 M 0 18 M M M 9.9 15 100 M M 1 23 110
11 93 72 83 M 0 18 M M M 10.6 14 80 M M 2 21 80
12 93 71 82 M 0 17 M M M 11.2 20 110 M M 2 26 110
13 93 70 82 M 0 17 M M M 11.5 17 120 M M 0 25 100
14 97 68 83 M 0 18 M M M 9.2 22 120 M M 1 28 120
15 101 70 86 M 0 21 M M M 9.6 24 130 M M 0 28 120
16 102 73 88 M 0 23 0.44 M M 7.4 37 220 M M 1 3 49 220
17 99 75 87 M 0 22 M M M 11.1 20 130 M M 0 24 130
18 93 75 84 M 0 19 M M M 11.1 16 310 M M 2 21 70
19 95 73 84 M 0 19 M M M 7.7 17 40 M M 1 22 40
20 93 73 83 M 0 18 M M M 7.2 14 70 M M 3 20 70
21 91 67 79 M 0 14 M M M 5.1 14 90 M M 2 18 60
22 95 70 83 M 0 18 M M M 9.3 22 130 M M 1 33 130
23 97 72 85 M 0 20 0.08 M M 9.4 18 120 M M 2 28 160
24 100 70 85 M 0 20 M M M 5.0 15 180 M M 1 22 190
25 96 70 83 M 0 18 M M M 5.4 18 250 M M 2 29 250
26 102 71 87 M 0 22 M M M 6.9 21 320 M M 0 25 140
27 101 69 85 M 0 20 M M M 6.0 13 150 M M 0 20 120
28 85 69 77 M 0 12 0.04 M M 7.5 24 90 M M 2 33 80
29 96 64 80 M 0 15 M M M 6.5 17 100 M M 1 3 26 100
30 97 71 84 M 0 19 M M M 6.8 12 100 M M 1 22 90
31 99 71 85 M 0 20 M M M 5.1 13 200 M M 0 20 100
================================================================================
SM 2946 2191 0 560 0.83 M 239.2 M 43
================================================================================
AV 95.0 70.7 7.7 FASTST M M 1 MAX(MPH)
MISC ----> 37 220 49 220
================================================================================
NOTES:
# LAST OF SEVERAL OCCURRENCES
COLUMN 17 PEAK WIND IN M.P.H.
PRELIMINARY LOCAL CLIMATOLOGICAL DATA (WS FORM: F-6) , PAGE 2
STATION: PECOS MUNICIPAL AIRPORT
MONTH: JULY
YEAR: 2021
LATITUDE: 31 22 N
LONGITUDE: 103 31 W
[TEMPERATURE DATA] [PRECIPITATION DATA] SYMBOLS USED IN COLUMN 16
AVERAGE MONTHLY: 82.9 TOTAL FOR MONTH: 0.83 1 = FOG OR MIST
DPTR FM NORMAL: 0.0 DPTR FM NORMAL: M 2 = FOG REDUCING VISIBILITY
HIGHEST: 102 ON 26,16 GRTST 24HR 0.44 ON 16-16 TO 1/4 MILE OR LESS
LOWEST: 64 ON 29 3 = THUNDER
SNOW, ICE PELLETS, HAIL 4 = ICE PELLETS
TOTAL MONTH: M 5 = HAIL
GRTST 24HR M ON M 6 = FREEZING RAIN OR DRIZZLE
GRTST DEPTH: M ON M 7 = DUSTSTORM OR SANDSTORM:
VSBY 1/2 MILE OR LESS
8 = SMOKE OR HAZE
[NO. OF DAYS WITH] [WEATHER - DAYS WITH] 9 = BLOWING SNOW
X = TORNADO
MAX 32 OR BELOW: 0 0.01 INCH OR MORE: 6
MAX 90 OR ABOVE: 29 0.10 INCH OR MORE: 2
MIN 32 OR BELOW: 0 0.50 INCH OR MORE: 0
MIN 0 OR BELOW: 0 1.00 INCH OR MORE: 0
[HDD (BASE 65) ]
TOTAL THIS MO. 0 CLEAR (SCALE 0-3) 29
DPTR FM NORMAL M PTCLDY (SCALE 4-7) 2
TOTAL FM JUL 1 0 CLOUDY (SCALE 8-10) 0
DPTR FM NORMAL M
[CDD (BASE 65) ]
TOTAL THIS MO. 560
DPTR FM NORMAL M [PRESSURE DATA]
TOTAL FM JAN 1 1569 HIGHEST SLP M ON M
DPTR FM NORMAL M LOWEST SLP M ON M
[REMARKS]
#FINAL-07-21#