153
CXUS54 KMAF 011110
CF6PEQ
PRELIMINARY LOCAL CLIMATOLOGICAL DATA (WS FORM: F-6)
STATION: PECOS MUNICIPAL AIRPORT
MONTH: AUGUST
YEAR: 2020
LATITUDE: 31 22 N
LONGITUDE: 103 31 W
TEMPERATURE IN F: :PCPN: SNOW: WIND :SUNSHINE: SKY :PK WND
================================================================================
1 2 3 4 5 6A 6B 7 8 9 10 11 12 13 14 15 16 17 18
12Z AVG MX 2MIN
DY MAX MIN AVG DEP HDD CDD WTR SNW DPTH SPD SPD DIR MIN PSBL S-S WX SPD DR
================================================================================
1 100 72 86 M 0 21 M M M 5.1 10 80 M M 1 18 60
2 103 71 87 M 0 22 M M M 4.3 10 60 M M 0 10 120
3 96 71 84 M 0 19 M M M 6.4 18 330 M M 1 33 300
4 105 73 89 M 0 24 M M M 6.2 15 130 M M 0 21 130
5 107 71 89 M 0 24 M M M 7.6 21 130 M M 0 26 130
6 106 73 90 M 0 25 0.20 M M 8.3 21 50 M M 1 3 35 300
7 104 71 88 M 0 23 M M M 8.0 14 110 M M 0 21 70
8 103 75 89 M 0 24 M M M 10.1 24 110 M M 0 28 110
9 104 74 89 M 0 24 M M M 10.3 21 120 M M 0 25 100
10 105 76 91 M 0 26 M M M 8.6 22 160 M M 0 37 0
11 105 72 89 M 0 24 M M M 9.6 16 110 M M 0 22 110
12 108 73 91 M 0 26 M M M 7.5 16 120 M M 0 24 110
13 108 72 90 M 0 25 M M M 7.9 17 120 M M 0 22 120
14 109 75 92 M 0 27 M M M 5.1 13 60 M M 0 17 90
15 104 83 94 M 0 29 M M M 4.2 12 100 M M 1 M M
16 96 81 89 M 0 24 M M M 9.4 18 70 M M 1 30 70
17 93 76 85 M 0 20 M M M 10.5 22 110 M M 0 31 90
18 98 69 84 M 0 19 M M M 4.4 12 50 M M 2 16 50
19 100 67 84 M 0 19 M M M 4.7 14 100 M M 0 22 100
20 104 69 87 M 0 22 M M M 5.3 18 120 M M 0 24 120
21 101 74 88 M 0 23 M M M 8.6 17 120 M M 0 21 80
22 102 76 89 M 0 24 M M M 8.2 16 110 M M 1 21 130
23 99 73 86 M 0 21 M M M 9.2 17 100 M M 0 22 100
24 96 71 84 M 0 19 M M M 9.4 16 110 M M 0 26 110
25 96 67 82 M 0 17 M M M 6.3 15 100 M M 1 20 70
26 77 69 73 M 0 8 M M M 2.1 5 150 M M 1 M M
27 100 78 89 M 0 24 M M M 6.1 12 40 M M 1 8 20 100
28 105 68 87 M 0 22 M M M 4.1 10 110 M M 0 16 180
29 106 74 90 M 0 25 M M M 10.4 18 110 M M 0 25 80
30 105 76 91 M 0 26 M M M 5.8 22 250 M M 0 26 250
31 99 76 88 M 0 23 M M M 9.1 21 290 M M 1 29 290
================================================================================
SM 3144 2266 0 699 0.20 M 222.8 M 12
================================================================================
AV101.4 73.1 7.2 FASTST M M 0 MAX(MPH)
MISC ----> 24 110 37 0
================================================================================
NOTES:
# LAST OF SEVERAL OCCURRENCES
COLUMN 17 PEAK WIND IN M.P.H.
PRELIMINARY LOCAL CLIMATOLOGICAL DATA (WS FORM: F-6) , PAGE 2
STATION: PECOS MUNICIPAL AIRPORT
MONTH: AUGUST
YEAR: 2020
LATITUDE: 31 22 N
LONGITUDE: 103 31 W
[TEMPERATURE DATA] [PRECIPITATION DATA] SYMBOLS USED IN COLUMN 16
AVERAGE MONTHLY: 87.3 TOTAL FOR MONTH: 0.20 1 = FOG OR MIST
DPTR FM NORMAL: 0.0 DPTR FM NORMAL: M 2 = FOG REDUCING VISIBILITY
HIGHEST: 109 ON 14 GRTST 24HR 0.20 ON 6- 6 TO 1/4 MILE OR LESS
LOWEST: 67 ON 25,19 3 = THUNDER
SNOW, ICE PELLETS, HAIL 4 = ICE PELLETS
TOTAL MONTH: M 5 = HAIL
GRTST 24HR M ON M 6 = FREEZING RAIN OR DRIZZLE
GRTST DEPTH: M ON M 7 = DUSTSTORM OR SANDSTORM:
VSBY 1/2 MILE OR LESS
8 = SMOKE OR HAZE
[NO. OF DAYS WITH] [WEATHER - DAYS WITH] 9 = BLOWING SNOW
X = TORNADO
MAX 32 OR BELOW: 0 0.01 INCH OR MORE: 1
MAX 90 OR ABOVE: 30 0.10 INCH OR MORE: 1
MIN 32 OR BELOW: 0 0.50 INCH OR MORE: 0
MIN 0 OR BELOW: 0 1.00 INCH OR MORE: 0
[HDD (BASE 65) ]
TOTAL THIS MO. 0 CLEAR (SCALE 0-3) 31
DPTR FM NORMAL M PTCLDY (SCALE 4-7) 0
TOTAL FM JUL 1 0 CLOUDY (SCALE 8-10) 0
DPTR FM NORMAL M
[CDD (BASE 65) ]
TOTAL THIS MO. 699
DPTR FM NORMAL M [PRESSURE DATA]
TOTAL FM JAN 1 2627 HIGHEST SLP M ON M
DPTR FM NORMAL M LOWEST SLP M ON M
[REMARKS]
#FINAL-08-20#