000
CXUS56 KFGZ 010910
CF6PGA
PRELIMINARY LOCAL CLIMATOLOGICAL DATA (WS FORM: F-6)
STATION: PAGE AZ AIRPORT
MONTH: JANUARY
YEAR: 2024
LATITUDE: 36 55 N
LONGITUDE: 111 27 W
TEMPERATURE IN F: :PCPN: SNOW: WIND :SUNSHINE: SKY :PK WND
================================================================================
1 2 3 4 5 6A 6B 7 8 9 10 11 12 13 14 15 16 17 18
12Z AVG MX 2MIN
DY MAX MIN AVG DEP HDD CDD WTR SNW DPTH SPD SPD DIR MIN PSBL S-S WX SPD DR
================================================================================
1 48 29 39 2 26 0 0.00 M M 1.6 6 210 M M 1 8 9 290
2 47 28 38 1 27 0 0.00 M M 2.3 8 350 M M 0 8 14 340
3 40 28 34 -3 31 0 0.14 M M 1.7 9 250 M M 4 1 18 220
4 48 33 41 4 24 0 0.13 M M 6.7 15 290 M M 8 12 26 250
5 45 31 38 1 27 0 0.00 M M 3.7 13 300 M M 2 22 300
6 41 30 36 -1 29 0 0.00 M M 4.0 12 290 M M 1 22 320
7 39 31 35 -2 30 0 0.10 M M 6.8 17 330 M M 9 12 28 260
8 42 29 36 -1 29 0 0.00 M M 9.0 15 310 M M 2 26 290
9 38 23 31 -6 34 0 0.00 M M 2.7 12 360 M M 0 15 340
10 46 27 37 0 28 0 0.00 M M 3.9 10 360 M M 0 15 10
11 40 26 33 -5 32 0 0.01 M M 8.1 20 310 M M 4 1 31 300
12 43 22 33 -5 32 0 0.00 M M 4.3 12 10 M M 0 14 10
13 48 29 39 1 26 0 0.00 M M 5.2 12 130 M M 2 16 50
14 54 35 45 7 20 0 0.00 M M 5.2 15 290 M M 3 25 300
15 55 34 45 7 20 0 0.00 M M 4.8 10 300 M M 0 18 310
16 50 32 41 3 24 0 0.00 M M 2.7 8 20 M M 0 11 10
17 52 32 42 4 23 0 0.00 M M 2.8 10 260 M M 1 20 290
18 55 37 46 8 19 0 0.00 M M 2.0 8 60 M M 0 8 11 60
19 49 34 42 4 23 0 0.00 M M 1.5 6 50 M M 0 11 20
20 47 34 41 2 24 0 0.01 M M 1.4 8 140 M M 4 8 11 150
21 46 40 43 4 22 0 0.09 M M 1.4 7 140 M M 10 1 8 150
22 48 43 46 7 19 0 0.13 M M 1.7 8 180 M M 10 12 10 190
23 48 42 45 6 20 0 0.04 M M 1.6 6 10 M M 9 1 8 10
24 54 37 46 7 19 0 0.00 M M 2.9 8 290 M M 2 12 11 280
25 47 37 42 3 23 0 0.33 M M 2.7 12 320 M M 9 1 16 320
26 54 34 44 5 21 0 0.00 M M 3.0 9 300 M M 0 15 290
27 52 34 43 3 22 0 0.00 M M 2.3 7 30 M M 0 10 360
28 54 33 44 4 21 0 0.00 M M 2.2 8 50 M M 0 8 11 50
29 56 36 46 6 19 0 0.00 M M 1.1 6 50 M M 0 8 60
30 58 36 47 7 18 0 0.00 M M 1.2 8 50 M M 0 11 20
31 58 37 48 8 17 0 0.00 M M 1.7 7 30 M M 0 8 11 20
================================================================================
SM 1502 1013 749 0 0.98 M 102.2 M 81
================================================================================
AV 48.5 32.7 3.3 FASTST M M 3 MAX(MPH)
MISC ----> 20 310 31 300
================================================================================
NOTES:
# LAST OF SEVERAL OCCURRENCES
COLUMN 17 PEAK WIND IN M.P.H.
PRELIMINARY LOCAL CLIMATOLOGICAL DATA (WS FORM: F-6) , PAGE 2
STATION: PAGE AZ AIRPORT
MONTH: JANUARY
YEAR: 2024
LATITUDE: 36 55 N
LONGITUDE: 111 27 W
[TEMPERATURE DATA] [PRECIPITATION DATA] SYMBOLS USED IN COLUMN 16
AVERAGE MONTHLY: 40.6 TOTAL FOR MONTH: 0.98 1 = FOG OR MIST
DPTR FM NORMAL: 2.4 DPTR FM NORMAL: 0.41 2 = FOG REDUCING VISIBILITY
HIGHEST: 58 ON 31,30 GRTST 24HR 0.33 ON 25-25 TO 1/4 MILE OR LESS
LOWEST: 22 ON 12 3 = THUNDER
SNOW, ICE PELLETS, HAIL 4 = ICE PELLETS
TOTAL MONTH: M 5 = HAIL
GRTST 24HR M ON M 6 = FREEZING RAIN OR DRIZZLE
GRTST DEPTH: M ON M 7 = DUSTSTORM OR SANDSTORM:
VSBY 1/2 MILE OR LESS
8 = SMOKE OR HAZE
[NO. OF DAYS WITH] [WEATHER - DAYS WITH] 9 = BLOWING SNOW
X = TORNADO
MAX 32 OR BELOW: 0 0.01 INCH OR MORE: 9
MAX 90 OR ABOVE: 0 0.10 INCH OR MORE: 5
MIN 32 OR BELOW: 14 0.50 INCH OR MORE: 0
MIN 0 OR BELOW: 0 1.00 INCH OR MORE: 0
[HDD (BASE 65) ]
TOTAL THIS MO. 749 CLEAR (SCALE 0-3) 21
DPTR FM NORMAL -82 PTCLDY (SCALE 4-7) 5
TOTAL FM JUL 1 2068 CLOUDY (SCALE 8-10) 5
DPTR FM NORMAL -335
[CDD (BASE 65) ]
TOTAL THIS MO. 0
DPTR FM NORMAL 0 [PRESSURE DATA]
TOTAL FM JAN 1 0 HIGHEST SLP M ON M
DPTR FM NORMAL 0 LOWEST SLP 29.49 ON 7
[REMARKS]
#FINAL-01-24#