000
CXUS56 KFGZ 010900
CF6PGA
PRELIMINARY LOCAL CLIMATOLOGICAL DATA (WS FORM: F-6)
STATION: PAGE AZ AIRPORT
MONTH: JUNE
YEAR: 2020
LATITUDE: 36 55 N
LONGITUDE: 111 27 W
TEMPERATURE IN F: :PCPN: SNOW: WIND :SUNSHINE: SKY :PK WND
================================================================================
1 2 3 4 5 6A 6B 7 8 9 10 11 12 13 14 15 16 17 18
12Z AVG MX 2MIN
DY MAX MIN AVG DEP HDD CDD WTR SNW DPTH SPD SPD DIR MIN PSBL S-S WX SPD DR
================================================================================
1 97 67 82 8 0 17 0.00 M M 5.9 16 190 M M 0 36 230
2 99 68 84 10 0 19 0.00 M M 5.0 8 300 M M 0 M M
3 98 71 85 11 0 20 0.00 M M 4.2 16 320 M M 0 21 320
4 101 69 85 11 0 20 0.00 M M 3.2 15 320 M M 0 19 310
5 98 70 84 9 0 19 T M M 11.4 46 140 M M 1 8 55 140
6 87 73 80 5 0 15 T M M 11.3 23 180 M M 1 32 190
7 85 64 75 0 0 10 0.00 M M 10.2 23 220 M M 0 35 220
8 69 53 61 -15 4 0 0.00 M M 11.8 28 310 M M 1 41 320
9 79 49 64 -12 1 0 0.00 M M 3.9 13 30 M M 0 21 360
10 87 55 71 -5 0 6 0.00 M M 4.3 13 20 M M 0 17 360
11 98 62 80 3 0 15 0.00 M M 4.6 14 20 M M 0 21 90
12 101 66 84 7 0 19 0.00 M M 9.3 29 160 M M 0 38 140
13 93 70 82 5 0 17 0.00 M M 10.6 23 210 M M 0 33 220
14 92 62 77 -1 0 12 0.00 M M 6.1 18 190 M M 0 8 26 200
15 95 64 80 2 0 15 0.00 M M 6.8 16 210 M M 0 8 24 240
16 95 68 82 4 0 17 0.00 M M 9.2 21 210 M M 0 30 190
17 93 70 82 4 0 17 0.00 M M 7.6 16 290 M M 1 8 28 280
18 88 62 75 -4 0 10 0.00 M M 6.1 14 10 M M 0 22 360
19 91 65 78 -1 0 13 0.00 M M 4.5 22 320 M M 0 35 360
20 96 65 81 2 0 16 0.00 M M 4.2 14 120 M M 0 19 120
21 99 72 86 6 0 21 0.00 M M 5.0 15 290 M M 0 24 290
22 103 71 87 7 0 22 0.00 M M 5.7 15 330 M M 0 22 310
23 101 74 88 8 0 23 0.00 M M 3.9 21 360 M M 0 26 360
24 104 74 89 9 0 24 0.00 M M 4.7 18 160 M M 0 28 250
25 101 74 88 7 0 23 0.00 M M 6.4 18 200 M M 0 29 200
26 98 75 87 6 0 22 0.00 M M 5.4 15 320 M M 0 19 320
27 100 72 86 5 0 21 0.00 M M 5.3 14 280 M M 0 22 300
28 96 77 87 6 0 22 0.00 M M 11.1 23 200 M M 0 35 200
29 87 69 78 -4 0 13 0.00 M M 11.2 23 200 M M 0 39 190
30 89 57 73 -9 0 8 0.00 M M 4.4 14 360 M M 0 22 300
================================================================================
SM 2820 2008 5 476 T M 203.3 M 4
================================================================================
AV 94.0 66.9 6.8 FASTST M M 0 MAX(MPH)
MISC ----> # 46 140 # 55 140
================================================================================
NOTES:
# LAST OF SEVERAL OCCURRENCES
COLUMN 17 PEAK WIND IN M.P.H.
PRELIMINARY LOCAL CLIMATOLOGICAL DATA (WS FORM: F-6) , PAGE 2
STATION: PAGE AZ AIRPORT
MONTH: JUNE
YEAR: 2020
LATITUDE: 36 55 N
LONGITUDE: 111 27 W
[TEMPERATURE DATA] [PRECIPITATION DATA] SYMBOLS USED IN COLUMN 16
AVERAGE MONTHLY: 80.5 TOTAL FOR MONTH: T 1 = FOG OR MIST
DPTR FM NORMAL: 2.6 DPTR FM NORMAL: -0.19 2 = FOG REDUCING VISIBILITY
HIGHEST: 104 ON 24 GRTST 24HR T ON 6- 6 TO 1/4 MILE OR LESS
LOWEST: 49 ON 9 3 = THUNDER
SNOW, ICE PELLETS, HAIL 4 = ICE PELLETS
TOTAL MONTH: M 5 = HAIL
GRTST 24HR M ON M 6 = FREEZING RAIN OR DRIZZLE
GRTST DEPTH: M ON M 7 = DUSTSTORM OR SANDSTORM:
VSBY 1/2 MILE OR LESS
8 = SMOKE OR HAZE
[NO. OF DAYS WITH] [WEATHER - DAYS WITH] 9 = BLOWING SNOW
X = TORNADO
MAX 32 OR BELOW: 0 0.01 INCH OR MORE: 0
MAX 90 OR ABOVE: 22 0.10 INCH OR MORE: 0
MIN 32 OR BELOW: 0 0.50 INCH OR MORE: 0
MIN 0 OR BELOW: 0 1.00 INCH OR MORE: 0
[HDD (BASE 65) ]
TOTAL THIS MO. 5 CLEAR (SCALE 0-3) 30
DPTR FM NORMAL 5 PTCLDY (SCALE 4-7) 0
TOTAL FM JUL 1 3687 CLOUDY (SCALE 8-10) 0
DPTR FM NORMAL -257
[CDD (BASE 65) ]
TOTAL THIS MO. 476
DPTR FM NORMAL 87 [PRESSURE DATA]
TOTAL FM JAN 1 805 HIGHEST SLP M ON M
DPTR FM NORMAL 251 LOWEST SLP 29.58 ON M
[REMARKS]
#FINAL-06-20#