000
CXUS53 KUNR 011030
CF6PHP
PRELIMINARY LOCAL CLIMATOLOGICAL DATA (WS FORM: F-6)
STATION: PHILIP SD
MONTH: DECEMBER
YEAR: 2020
LATITUDE: 44 3 N
LONGITUDE: 101 36 W
TEMPERATURE IN F: :PCPN: SNOW: WIND :SUNSHINE: SKY :PK WND
================================================================================
1 2 3 4 5 6A 6B 7 8 9 10 11 12 13 14 15 16 17 18
12Z AVG MX 2MIN
DY MAX MIN AVG DEP HDD CDD WTR SNW DPTH SPD SPD DIR MIN PSBL S-S WX SPD DR
================================================================================
1 48 13 31 4 34 0 0.00 M M 21.2 36 330 M M 3 49 320
2 42 15 29 3 36 0 T M M 11.5 22 330 M M 6 29 330
3 52 14 33 7 32 0 0.00 M M 12.4 21 290 M M 0 25 300
4 63 24 44 18 21 0 0.00 M M 14.6 26 320 M M 0 36 310
5 57 24 41 16 24 0 0.00 M M 8.8 15 290 M M 0 20 280
6 59 18 39 14 26 0 0.00 M M 7.8 14 280 M M 0 15 270
7 61 26 44 19 21 0 0.00 M M 13.7 29 310 M M 0 40 320
8 65 33 49 25 16 0 0.00 M M 11.8 18 240 M M 0 22 250
9 69 35 52 28 13 0 0.00 M M 8.8 23 310 M M 0 32 300
10 45 23 34 10 31 0 0.00 M M 12.8 31 320 M M 5 42 320
11 28 21 25 1 40 0 0.00 M M 3.8 10 70 M M 8 1 13 60
12 25 19 22 -1 43 0 0.01 M M 6.4 15 90 M M 10 1 19 80
13 33 5 19 -4 46 0 0.00 M M 8.5 22 310 M M 5 29 310
14 19 5 12 -11 53 0 0.00 M M 11.1 18 100 M M 5 24 80
15 30 7 19 -4 46 0 0.00 M M 4.0 12 340 M M 5 14 350
16 50 5 28 6 37 0 0.00 M M 10.4 28 300 M M 3 38 290
17 48 14 31 9 34 0 0.00 M M 6.9 18 160 M M 1 25 160
18 43 10 27 5 38 0 T M M 11.3 30 330 M M 2 38 330
19 50 6 28 6 37 0 0.00 M M 7.2 18 290 M M 2 23 290
20 57 25 41 19 24 0 0.00 M M 14.8 45 320 M M 4 8 65 330
21 50 26 38 16 27 0 0.00 M M 8.1 16 310 M M 5 21 290
22 68 29 49 27 16 0 T M M 18.0 49 340 M M 2 1 65 340
23 29 14 22 0 43 0 0.07 M M 24.9 48 330 M M 6 129 63 320
24 31 14 23 1 42 0 0.00 M M 5.4 15 360 M M 7 19 350
25 52 16 34 12 31 0 0.00 M M 8.6 16 290 M M 0 22 260
26 37 12 25 4 40 0 0.00 M M 2.7 8 280 M M 3 10 270
27 37 22 30 9 35 0 0.01 M M 9.3 24 330 M M 9 34 330
28 27 15 21 0 44 0 0.00 M M 5.3 13 320 M M 7 17 330
29 33 17 25 4 40 0 0.15 M M 12.5 25 330 M M 7 1 35 320
30 31 6 19 -2 46 0 0.00 M M 6.5 18 290 M M 0 25 290
31 38 8 23 2 42 0 0.00 M M 5.0 14 270 M M 3 18 260
================================================================================
SM 1377 521 1058 0 0.24 M 314.1 M 108
================================================================================
AV 44.4 16.8 10.1 FASTST M M 3 MAX(MPH)
MISC ----> 49 340 # 65 330
================================================================================
NOTES:
# LAST OF SEVERAL OCCURRENCES
COLUMN 17 PEAK WIND IN M.P.H.
PRELIMINARY LOCAL CLIMATOLOGICAL DATA (WS FORM: F-6) , PAGE 2
STATION: PHILIP SD
MONTH: DECEMBER
YEAR: 2020
LATITUDE: 44 3 N
LONGITUDE: 101 36 W
[TEMPERATURE DATA] [PRECIPITATION DATA] SYMBOLS USED IN COLUMN 16
AVERAGE MONTHLY: 30.6 TOTAL FOR MONTH: 0.24 1 = FOG OR MIST
DPTR FM NORMAL: 7.6 DPTR FM NORMAL: -0.19 2 = FOG REDUCING VISIBILITY
HIGHEST: 69 ON 9 GRTST 24HR 0.15 ON 29-29 TO 1/4 MILE OR LESS
LOWEST: 5 ON 16,14 3 = THUNDER
SNOW, ICE PELLETS, HAIL 4 = ICE PELLETS
TOTAL MONTH: M 5 = HAIL
GRTST 24HR M ON M 6 = FREEZING RAIN OR DRIZZLE
GRTST DEPTH: M ON M 7 = DUSTSTORM OR SANDSTORM:
VSBY 1/2 MILE OR LESS
8 = SMOKE OR HAZE
[NO. OF DAYS WITH] [WEATHER - DAYS WITH] 9 = BLOWING SNOW
X = TORNADO
MAX 32 OR BELOW: 8 0.01 INCH OR MORE: 4
MAX 90 OR ABOVE: 0 0.10 INCH OR MORE: 1
MIN 32 OR BELOW: 29 0.50 INCH OR MORE: 0
MIN 0 OR BELOW: 0 1.00 INCH OR MORE: 0
[HDD (BASE 65) ]
TOTAL THIS MO. 1058 CLEAR (SCALE 0-3) 16
DPTR FM NORMAL -242 PTCLDY (SCALE 4-7) 12
TOTAL FM JUL 1 2663 CLOUDY (SCALE 8-10) 3
DPTR FM NORMAL -274
[CDD (BASE 65) ]
TOTAL THIS MO. 0
DPTR FM NORMAL 0 [PRESSURE DATA]
TOTAL FM JAN 1 912 HIGHEST SLP 30.58 ON 2
DPTR FM NORMAL 94 LOWEST SLP 29.26 ON 22
[REMARKS]
#FINAL-12-20#