000
CXUS55 KPSR 221504
CF6PHX
PRELIMINARY LOCAL CLIMATOLOGICAL DATA (WS FORM: F-6)
STATION: PHOENIX AZ
MONTH: FEBRUARY
YEAR: 2021
LATITUDE: 33 25 N
LONGITUDE: 112 1 W
TEMPERATURE IN F: :PCPN: SNOW: WIND :SUNSHINE: SKY :PK WND
================================================================================
1 2 3 4 5 6A 6B 7 8 9 10 11 12 13 14 15 16 17 18
12Z AVG MX 2MIN
DY MAX MIN AVG DEP HDD CDD WTR SNW DPTH SPD SPD DIR MIN PSBL S-S WX SPD DR
================================================================================
1 73 52 63 5 2 0 0.00 0.0 0 5.7 21 70 M M 7 25 80
2 82 57 70 12 0 5 0.00 0.0 0 3.2 12 90 M M 8 14 100
3 82 64 73 15 0 8 0.00 0.0 0 5.6 17 270 M M 8 19 260
4 75 57 66 8 0 1 0.00 0.0 0 7.3 22 290 M M 2 26 270
5 70 47 59 0 6 0 0.00 0.0 0 3.5 13 280 M M 0 15 280
6 72 45 59 0 6 0 0.00 0.0 0 3.8 10 300 M M 0 16 320
7 73 45 59 0 6 0 0.00 0.0 0 5.4 10 80 M M 2 13 340
8 77 48 63 4 2 0 0.00 0.0 0 4.8 15 80 M M 3 16 80
9 75 48 62 3 3 0 0.00 0.0 0 4.9 10 100 M M 5 13 340
10 76 54 65 6 0 0 0.00 0.0 0 4.3 12 290 M M 6 14 280
11 76 49 63 4 2 0 0.00 0.0 0 4.6 10 90 M M 1 15 280
12 74 55 65 6 0 0 0.00 0.0 0 9.2 21 290 M M 5 26 270
13 71 49 60 0 5 0 T 0.0 0 10.8 31 280 M M 5 38 320
14 67 51 59 -1 6 0 0.00 0.0 0 9.8 21 280 M M 4 26 280
15 66 44 55 -5 10 0 0.00 0.0 0 4.3 14 230 M M 5 17 220
16 72 52 62 2 3 0 0.00 0.0 0 11.3 25 280 M M 5 32 270
17 67 45 56 -4 9 0 0.00 0.0 0 11.0 30 300 M M 2 35 280
18 66 44 55 -5 10 0 0.00 0.0 0 4.3 14 320 M M 0 18 310
19 71 44 58 -2 7 0 0.00 0.0 0 3.5 15 90 M M 0 17 70
20 79 46 63 2 2 0 0.00 0.0 0 12.9 31 300 M M 1 38 280
21 70 48 59 -2 6 0 0.00 0.0 0 5.2 14 340 M M 0 20 340
22 77 45 61 0 4 0 0.00 0.0 0 3.1 13 100 M M 0 16 110
23 79 48 64 3 1 0 0.00 0.0 0 4.1 13 280 M M 4 16 270
24 81 48 65 4 0 0 0.00 0.0 0 6.8 14 270 M M 1 17 270
25 69 49 59 -3 6 0 0.00 0.0 0 10.0 23 300 M M 0 29 270
26 70 45 58 -4 7 0 0.00 0.0 0 4.4 10 100 M M 3 16 270
27 72 44 58 -4 7 0 0.00 0.0 0 8.9 21 280 M M 1 25 270
28 63 46 55 -7 10 0 0.00 0.0 0 13.7 28 350 M M 1 45 20
================================================================================
SM 2045 1369 120 14 T 0.0 186.4 M 79
================================================================================
AV 73.0 48.9 6.7 FASTST M M 3 MAX(MPH)
MISC ----> # 31 280 45 20
================================================================================
NOTES:
# LAST OF SEVERAL OCCURRENCES
COLUMN 17 PEAK WIND IN M.P.H.
PRELIMINARY LOCAL CLIMATOLOGICAL DATA (WS FORM: F-6) , PAGE 2
STATION: PHOENIX AZ
MONTH: FEBRUARY
YEAR: 2021
LATITUDE: 33 25 N
LONGITUDE: 112 1 W
[TEMPERATURE DATA] [PRECIPITATION DATA] SYMBOLS USED IN COLUMN 16
AVERAGE MONTHLY: 61.0 TOTAL FOR MONTH: T 1 = FOG OR MIST
DPTR FM NORMAL: 1.1 DPTR FM NORMAL: -0.87 2 = FOG REDUCING VISIBILITY
HIGHEST: 82 ON 3, 2 GRTST 24HR T ON 13-13 TO 1/4 MILE OR LESS
LOWEST: 44 ON 27,19 3 = THUNDER
SNOW, ICE PELLETS, HAIL 4 = ICE PELLETS
TOTAL MONTH: 0.0 INCH 5 = HAIL
GRTST 24HR 0.0 6 = FREEZING RAIN OR DRIZZLE
GRTST DEPTH: 0 7 = DUSTSTORM OR SANDSTORM:
VSBY 1/2 MILE OR LESS
8 = SMOKE OR HAZE
[NO. OF DAYS WITH] [WEATHER - DAYS WITH] 9 = BLOWING SNOW
X = TORNADO
MAX 32 OR BELOW: 0 0.01 INCH OR MORE: 0
MAX 90 OR ABOVE: 0 0.10 INCH OR MORE: 0
MIN 32 OR BELOW: 0 0.50 INCH OR MORE: 0
MIN 0 OR BELOW: 0 1.00 INCH OR MORE: 0
[HDD (BASE 65) ]
TOTAL THIS MO. 120 CLEAR (SCALE 0-3) 17
DPTR FM NORMAL -39 PTCLDY (SCALE 4-7) 10
TOTAL FM JUL 1 753 CLOUDY (SCALE 8-10) 1
DPTR FM NORMAL -41
[CDD (BASE 65) ]
TOTAL THIS MO. 14
DPTR FM NORMAL -2 [PRESSURE DATA]
TOTAL FM JAN 1 18 HIGHEST SLP 30.28 ON 18
DPTR FM NORMAL 3 LOWEST SLP 29.54 ON 13
[REMARKS]
#FINAL-02-21#