000
CXUS53 KILX 011000
CF6PIA
PRELIMINARY LOCAL CLIMATOLOGICAL DATA (WS FORM: F-6)
STATION: PEORIA IL
MONTH: JANUARY
YEAR: 2021
LATITUDE: 40 40 N
LONGITUDE: 89 41 W
TEMPERATURE IN F: :PCPN: SNOW: WIND :SUNSHINE: SKY :PK WND
================================================================================
1 2 3 4 5 6A 6B 7 8 9 10 11 12 13 14 15 16 17 18
12Z AVG MX 2MIN
DY MAX MIN AVG DEP HDD CDD WTR SNW DPTH SPD SPD DIR MIN PSBL S-S WX SPD DR
================================================================================
1 33 25 29 4 36 0 0.63 2.2 T 11.5 22 70 M M 9 16 31 40
2 32 27 30 5 35 0 0.07 0.7 2 3.4 9 350 M M 10 12 14 340
3 29 23 26 1 39 0 0.08 0.8 4 5.1 10 180 M M 10 1 13 280
4 32 24 28 3 37 0 T T 3 6.5 14 210 M M 10 126 17 210
5 33 22 28 3 37 0 0.00 0.0 3 3.1 12 330 M M 8 12 20 300
6 32 24 28 3 37 0 0.00 0.0 2 5.8 10 120 M M 8 12 16 120
7 34 26 30 5 35 0 0.00 0.0 2 4.6 8 360 M M 7 18 14 10
8 31 29 30 5 35 0 0.00 0.0 2 6.0 12 350 M M 10 1 19 340
9 29 25 27 2 38 0 0.00 0.0 2 4.8 8 280 M M 10 13 320
10 26 22 24 -1 41 0 T T 2 5.8 12 270 M M 10 18 16 320
11 31 23 27 2 38 0 0.00 0.0 2 8.6 17 200 M M 8 23 220
12 41 21 31 6 34 0 0.00 0.0 2 6.4 12 240 M M 0 16 250
13 42 27 35 10 30 0 0.00 0.0 1 7.5 14 190 M M 0 18 180
14 41 31 36 11 29 0 0.07 T T 9.8 18 260 M M 6 1 27 250
15 34 29 32 7 33 0 0.04 0.3 T 6.3 16 230 M M 10 18 20 210
16 35 27 31 6 34 0 0.07 0.7 T 9.2 16 300 M M 9 1 25 300
17 29 24 27 2 38 0 0.03 0.3 T 8.5 14 280 M M 9 18 21 260
18 35 23 29 4 36 0 T T T 4.8 14 290 M M 6 18 19 280
19 37 17 27 2 38 0 T T T 10.0 25 300 M M 6 41 300
20 37 12 25 0 40 0 0.00 0.0 T 11.6 25 190 M M 0 34 190
21 48 30 39 14 26 0 0.00 0.0 0 10.3 22 310 M M 0 34 310
22 31 13 22 -3 43 0 0.00 0.0 0 7.4 16 330 M M 0 26 290
23 34 8 21 -4 44 0 0.00 0.0 0 5.8 15 140 M M 4 21 140
24 39 31 35 10 30 0 T T 0 5.7 14 160 M M 10 20 160
25 35 30 33 8 32 0 0.09 0.3 0 15.4 30 60 M M 10 168 45 60
26 31 20 26 1 39 0 0.08 0.6 T 6.6 14 360 M M 8 16 24 360
27 24 14 19 -6 46 0 T T T 6.3 13 60 M M 4 8 18 50
28 29 7 18 -7 47 0 0.00 0.0 1 3.3 8 170 M M 0 10 140
29 34 16 25 0 40 0 0.00 0.0 T 9.8 18 170 M M 0 24 160
30 36 30 33 7 32 0 1.12 0.2 T 11.9 20 130 M M 8 18 30 140
31 33 31 32 6 33 0 0.40 2.4 2 10.0 15 360 M M 10 1 26 350
================================================================================
SM 1047 711 1132 0 2.68 8.5 231.8 M 200
================================================================================
AV 33.8 22.9 7.5 FASTST M M 6 MAX(MPH)
MISC ----> 30 60 45 60
================================================================================
NOTES:
# LAST OF SEVERAL OCCURRENCES
COLUMN 17 PEAK WIND IN M.P.H.
PRELIMINARY LOCAL CLIMATOLOGICAL DATA (WS FORM: F-6) , PAGE 2
STATION: PEORIA IL
MONTH: JANUARY
YEAR: 2021
LATITUDE: 40 40 N
LONGITUDE: 89 41 W
[TEMPERATURE DATA] [PRECIPITATION DATA] SYMBOLS USED IN COLUMN 16
AVERAGE MONTHLY: 28.4 TOTAL FOR MONTH: 2.68 1 = FOG OR MIST
DPTR FM NORMAL: 3.5 DPTR FM NORMAL: 0.90 2 = FOG REDUCING VISIBILITY
HIGHEST: 48 ON 21 GRTST 24HR 1.12 ON 30-30 TO 1/4 MILE OR LESS
LOWEST: 7 ON 28 3 = THUNDER
SNOW, ICE PELLETS, HAIL 4 = ICE PELLETS
TOTAL MONTH: 8.5 INCHES 5 = HAIL
GRTST 24HR 2.4 ON 31-31 6 = FREEZING RAIN OR DRIZZLE
GRTST DEPTH: 4 ON 3 7 = DUSTSTORM OR SANDSTORM:
VSBY 1/2 MILE OR LESS
8 = SMOKE OR HAZE
[NO. OF DAYS WITH] [WEATHER - DAYS WITH] 9 = BLOWING SNOW
X = TORNADO
MAX 32 OR BELOW: 13 0.01 INCH OR MORE: 11
MAX 90 OR ABOVE: 0 0.10 INCH OR MORE: 3
MIN 32 OR BELOW: 31 0.50 INCH OR MORE: 2
MIN 0 OR BELOW: 0 1.00 INCH OR MORE: 1
[HDD (BASE 65) ]
TOTAL THIS MO. 1132 CLEAR (SCALE 0-3) 7
DPTR FM NORMAL -111 PTCLDY (SCALE 4-7) 11
TOTAL FM JUL 1 3172 CLOUDY (SCALE 8-10) 13
DPTR FM NORMAL -344
[CDD (BASE 65) ]
TOTAL THIS MO. 0
DPTR FM NORMAL 0 [PRESSURE DATA]
TOTAL FM JAN 1 0 HIGHEST SLP 30.76 ON 28
DPTR FM NORMAL 0 LOWEST SLP 29.39 ON 15
[REMARKS]
#FINAL-01-21#