000
CXUS55 KPIH 011932
CF6PIH
PRELIMINARY LOCAL CLIMATOLOGICAL DATA (WS FORM: F-6)
STATION: POCATELLO
MONTH: JANUARY
YEAR: 2024
LATITUDE: 42 55 N
LONGITUDE: 112 36 W
TEMPERATURE IN F: :PCPN: SNOW: WIND :SUNSHINE: SKY :PK WND
================================================================================
1 2 3 4 5 6A 6B 7 8 9 10 11 12 13 14 15 16 17 18
12Z AVG MX 2MIN
DY MAX MIN AVG DEP HDD CDD WTR SNW DPTH SPD SPD DIR MIN PSBL S-S WX SPD DR
================================================================================
1 37 15 26 1 39 0 0.00 0.0 T 1.7 7 30 M M 2 128 9 50
2 37 13 25 0 40 0 0.00 0.0 T 3.0 10 20 M M 2 128 12 30
3 33 16 25 0 40 0 0.00 0.0 T 6.0 15 210 M M 6 1 19 220
4 32 28 30 5 35 0 0.07 1.2 T 12.7 22 250 M M 10 1 26 250
5 32 27 30 5 35 0 0.11 1.6 1 13.7 24 230 M M 10 1 30 230
6 32 23 28 3 37 0 0.01 0.1 3 16.2 35 180 M M 7 46 180
7 30 21 26 1 39 0 0.05 0.9 3 13.8 22 230 M M 10 1 27 250
8 26 12 19 -6 46 0 T T 3 12.1 18 230 M M 8 24 210
9 33 24 29 4 36 0 0.07 0.8 3 24.2 36 240 M M 8 189 50 190
10 29 20 25 0 40 0 T 0.4 3 21.1 36 180 M M 5 189 49 190
11 26 18 22 -3 43 0 T T 2 21.1 37 230 M M 8 18 46 230
12 30 17 24 -1 41 0 0.07 1.5 2 29.2 44 260 M M 8 1289 56 260
13 17 3 10 -16 55 0 0.25 5.7 3 11.5 25 260 M M 9 18 36 270
14 19 10 15 -11 50 0 0.07 1.3 8 9.7 22 240 M M 10 168 28 260
15 18 -14 2 -24 63 0 T T 6 7.3 22 240 M M 4 1 27 250
16 12 -14 -1 -27 66 0 0.00 0.0 5 3.1 12 30 M M 1 18 14 40
17 38 8 23 -3 42 0 0.22 2.2 6 10.6 30 220 M M 9 18 44 200
18 37 31 34 8 31 0 0.00 0.0 5 15.6 36 240 M M 7 45 240
19 37 28 33 7 32 0 0.00 0.0 3 3.9 12 20 M M 8 14 10
20 41 23 32 6 33 0 0.09 0.0 3 4.4 15 210 M M 7 1 17 220
21 40 27 34 8 31 0 0.02 0.0 2 5.0 13 230 M M 6 18 17 150
22 44 27 36 10 29 0 T 0.0 2 5.2 13 320 M M 7 15 310
23 39 33 36 10 29 0 0.19 0.0 2 4.0 10 220 M M 10 12 13 220
24 43 33 38 12 27 0 T 0.0 1 6.2 17 180 M M 8 24 180
25 38 33 36 10 29 0 0.15 0.5 T 6.4 16 240 M M 10 12 22 250
26 39 28 34 8 31 0 0.00 0.0 T 6.1 16 240 M M 6 21 240
27 42 30 36 10 29 0 0.00 0.0 T 4.3 9 30 M M 10 12 20
28 50 29 40 14 25 0 0.00 0.0 T 4.9 9 20 M M 5 1 13 30
29 50 27 39 13 26 0 0.00 0.0 0 3.2 13 30 M M 4 12 15 20
30 51 25 38 11 27 0 0.00 0.0 0 4.7 10 340 M M 2 12 15 60
31 58 24 41 14 24 0 0.00 0.0 0 5.4 24 160 M M 0 35 150
================================================================================
SM 1090 625 1150 0 1.37 16.2 296.3 M 207
================================================================================
AV 35.2 20.2 9.6 FASTST M M 7 MAX(MPH)
MISC ----> 44 260 56 260
================================================================================
NOTES:
# LAST OF SEVERAL OCCURRENCES
COLUMN 17 PEAK WIND IN M.P.H.
PRELIMINARY LOCAL CLIMATOLOGICAL DATA (WS FORM: F-6) , PAGE 2
STATION: POCATELLO
MONTH: JANUARY
YEAR: 2024
LATITUDE: 42 55 N
LONGITUDE: 112 36 W
[TEMPERATURE DATA] [PRECIPITATION DATA] SYMBOLS USED IN COLUMN 16
AVERAGE MONTHLY: 27.7 TOTAL FOR MONTH: 1.37 1 = FOG OR MIST
DPTR FM NORMAL: 2.1 DPTR FM NORMAL: 0.26 2 = FOG REDUCING VISIBILITY
HIGHEST: 58 ON 31 GRTST 24HR 0.25 ON 13-13 TO 1/4 MILE OR LESS
LOWEST: -14 ON 16,15 3 = THUNDER
SNOW, ICE PELLETS, HAIL 4 = ICE PELLETS
TOTAL MONTH: 16.2 INCHES 5 = HAIL
GRTST 24HR 5.7 ON 13-13 6 = FREEZING RAIN OR DRIZZLE
GRTST DEPTH: 8 ON 14 7 = DUSTSTORM OR SANDSTORM:
VSBY 1/2 MILE OR LESS
8 = SMOKE OR HAZE
[NO. OF DAYS WITH] [WEATHER - DAYS WITH] 9 = BLOWING SNOW
X = TORNADO
MAX 32 OR BELOW: 12 0.01 INCH OR MORE: 13
MAX 90 OR ABOVE: 0 0.10 INCH OR MORE: 5
MIN 32 OR BELOW: 28 0.50 INCH OR MORE: 0
MIN 0 OR BELOW: 2 1.00 INCH OR MORE: 0
[HDD (BASE 65) ]
TOTAL THIS MO. 1150 CLEAR (SCALE 0-3) 5
DPTR FM NORMAL -70 PTCLDY (SCALE 4-7) 15
TOTAL FM JUL 1 3822 CLOUDY (SCALE 8-10) 11
DPTR FM NORMAL -296
[CDD (BASE 65) ]
TOTAL THIS MO. 0
DPTR FM NORMAL 0 [PRESSURE DATA]
TOTAL FM JAN 1 0 HIGHEST SLP 30.63 ON 16
DPTR FM NORMAL 0 LOWEST SLP 29.54 ON 10
[REMARKS]
15TH: LOW OF -14 BREAKS OLD RECORD OF -9 SET IN 1964
16TH: LOW OF -14 BREAKS OLD RECORD OF -13 SET IN 1947
#FINAL-01-24#