000
CXUS53 KABR 011200
CF6PIR
PRELIMINARY LOCAL CLIMATOLOGICAL DATA (WS FORM: F-6)
STATION: PIERRE SD
MONTH: DECEMBER
YEAR: 2023
LATITUDE: 44 22 N
LONGITUDE: 100 17 W
TEMPERATURE IN F: :PCPN: SNOW: WIND :SUNSHINE: SKY :PK WND
================================================================================
1 2 3 4 5 6A 6B 7 8 9 10 11 12 13 14 15 16 17 18
12Z AVG MX 2MIN
DY MAX MIN AVG DEP HDD CDD WTR SNW DPTH SPD SPD DIR MIN PSBL S-S WX SPD DR
================================================================================
1 37 14 26 -2 39 0 0.00 0.0 0 9.3 20 140 M M 6 1 28 150
2 39 14 27 0 38 0 0.00 0.0 0 3.8 15 150 M M 0 19 150
3 48 15 32 5 33 0 0.00 0.0 0 7.1 20 310 M M 3 12 25 300
4 53 23 38 12 27 0 0.00 0.0 0 16.4 40 320 M M 4 58 310
5 46 23 35 9 30 0 0.00 0.0 0 8.2 20 340 M M 3 27 340
6 62 26 44 18 21 0 0.00 0.0 0 4.2 15 250 M M 0 19 250
7 67 24 46 21 19 0 T 0.0 0 9.3 37 300 M M 2 54 310
8 47 32 40 15 25 0 0.03 T 0 25.8 41 300 M M 7 1 61 300
9 37 25 31 6 34 0 T T T 21.5 36 320 M M 2 1 49 320
10 36 21 29 5 36 0 0.00 0.0 T 5.3 13 140 M M 4 15 140
11 47 21 34 10 31 0 0.00 0.0 0 9.5 22 340 M M 2 27 330
12 37 11 24 0 41 0 0.00 0.0 0 7.6 15 360 M M 0 20 360
13 46 20 33 10 32 0 0.00 0.0 0 7.2 15 210 M M 0 18 210
14 50 25 38 15 27 0 0.00 0.0 0 12.7 29 190 M M 2 35 190
15 38 26 32 9 33 0 0.00 0.0 0 12.0 23 330 M M 5 1 30 330
16 33 23 28 6 37 0 T T T 9.3 18 330 M M 7 1 24 340
17 50 21 36 14 29 0 0.00 0.0 0 11.7 26 350 M M 3 37 360
18 36 12 24 2 41 0 0.00 0.0 0 10.2 21 140 M M 0 26 130
19 43 20 32 10 33 0 0.00 0.0 0 3.6 12 140 M M 0 8 13 140
20 42 17 30 9 35 0 0.00 0.0 0 8.8 16 120 M M 0 22 120
21 42 21 32 11 33 0 0.00 0.0 0 3.1 14 130 M M 1 12 18 130
22 55 21 38 17 27 0 0.00 0.0 0 4.3 10 120 M M 0 1 13 120
23 47 21 34 13 31 0 T 0.0 0 6.2 22 320 M M 3 1 29 310
24 39 25 32 12 33 0 0.15 2.3 0 22.4 33 330 M M 10 12 46 340
25 30 22 26 6 39 0 0.35 4.2 2 25.9 37 360 M M 10 1269 52 360
26 33 30 32 12 33 0 0.65 0.5 7 18.6 31 10 M M 10 16 43 10
27 34 25 30 10 35 0 0.05 0.5 7 12.6 17 330 M M 9 1 22 330
28 33 19 26 6 39 0 0.00 0.0 6 7.4 14 320 M M 7 12 16 310
29 40 17 29 9 36 0 0.00 0.0 5 11.6 20 290 M M 0 23 300
30 39 18 29 9 36 0 0.00 0.0 5 13.3 21 330 M M 1 1 26 330
31 25 8 17 -3 48 0 0.00 0.0 5 7.1 14 10 M M 7 12 19 350
================================================================================
SM 1311 640 1031 0 1.23 7.5 336.0 M 108
================================================================================
AV 42.3 20.6 10.8 FASTST M M 3 MAX(MPH)
MISC ----> 41 300 61 300
================================================================================
NOTES:
# LAST OF SEVERAL OCCURRENCES
COLUMN 17 PEAK WIND IN M.P.H.
PRELIMINARY LOCAL CLIMATOLOGICAL DATA (WS FORM: F-6) , PAGE 2
STATION: PIERRE SD
MONTH: DECEMBER
YEAR: 2023
LATITUDE: 44 22 N
LONGITUDE: 100 17 W
[TEMPERATURE DATA] [PRECIPITATION DATA] SYMBOLS USED IN COLUMN 16
AVERAGE MONTHLY: 31.5 TOTAL FOR MONTH: 1.23 1 = FOG OR MIST
DPTR FM NORMAL: 8.7 DPTR FM NORMAL: 0.59 2 = FOG REDUCING VISIBILITY
HIGHEST: 67 ON 7 GRTST 24HR 0.65 ON 26-26 TO 1/4 MILE OR LESS
LOWEST: 8 ON 31 3 = THUNDER
SNOW, ICE PELLETS, HAIL 4 = ICE PELLETS
TOTAL MONTH: 7.5 INCHES 5 = HAIL
GRTST 24HR 4.2 ON 25-25 6 = FREEZING RAIN OR DRIZZLE
GRTST DEPTH: 7 ON 27,26 7 = DUSTSTORM OR SANDSTORM:
VSBY 1/2 MILE OR LESS
8 = SMOKE OR HAZE
[NO. OF DAYS WITH] [WEATHER - DAYS WITH] 9 = BLOWING SNOW
X = TORNADO
MAX 32 OR BELOW: 2 0.01 INCH OR MORE: 5
MAX 90 OR ABOVE: 0 0.10 INCH OR MORE: 3
MIN 32 OR BELOW: 31 0.50 INCH OR MORE: 1
MIN 0 OR BELOW: 0 1.00 INCH OR MORE: 0
[HDD (BASE 65) ]
TOTAL THIS MO. 1031 CLEAR (SCALE 0-3) 18
DPTR FM NORMAL -277 PTCLDY (SCALE 4-7) 9
TOTAL FM JUL 1 2449 CLOUDY (SCALE 8-10) 4
DPTR FM NORMAL -461
[CDD (BASE 65) ]
TOTAL THIS MO. 0
DPTR FM NORMAL 0 [PRESSURE DATA]
TOTAL FM JAN 1 988 HIGHEST SLP 30.57 ON 13
DPTR FM NORMAL 152 LOWEST SLP 29.28 ON 7
[REMARKS]
#FINAL-12-23#